{"text_format":"1","workbook":"xlsx","n_sheets":11,"sheets":["Quick Guide","Start","Merit Order","Power Plant List","Sources","Imprint","Start Reset","Backend I","Backend II","Power Plant List Backend","Hilfssheet Abbildung"],"not_rendered":{"charts":4,"images":6,"macros":1,"external_links":0,"defined_names":3,"comments":0,"pivot_tables":0},"unopened":[],"bounds":{"document_bytes":16777216,"sheet_cells":100000,"rows_first":2000,"rows_last":500,"rows_between":2000,"halvings":0,"cell_chars":16384,"cell_head_chars":4096},"cells_cut":0,"cells_raw":0,"read":"whole","date_system":"1900"}

{"sheet":"Quick Guide","index":0,"n_rows":32,"n_cols":5,"rows_kept":32,"cut":false,"hidden":false,"merged":[]}
[]
[]
[null,null," EWI Merit Order Tool 2021"]
[]
[null,null," Quick Guide",null,{"$f":"Imprint!F5","v":"Version 2021.4_en "}]
[]
[]
[null,null,null,"To be able to use all functions of the EWI Merit Order Tool 2021, macros must be activated."]
[]
[null,null,null,"Merit Order"]
[null,null,null,"A merit order is the order in which power plants operate on the electricity market. This is determined based on the marginal costs of the power plants, which are sorted in ascending order. As such, the merit order is an approximation of the actual supply curves, e.g., the day-ahead auction on the electricity exchange. The annual average merit order of the German power plant fleet gives a good indication of the relationships between the marginal costs of different power plants, relative to current conditions. The merit order is primarily influenced by the types of power plants in the fleet as well as the underlying fuel and emission certificate prices."]
[null,null,null," "]
[null,null,null,"The EWI Merit Order Tool 2021"]
[null,null,null,"The EWI Merit Order Tool 2021 allows the calculation and graphical representation of the annual average merit order based on the conventional power plant fleet in Germany in the year 2020. Users can vary the assumptions underlying the merit order to investigate the effects of changing fuel prices or other assumptions on the merit order. In addition, power plants can be removed or added to the merit order. Users can also analyze and visualise the impact of power plant decommissioning or additional installations on the merit order. By default, only the merit order of conventional power plants is displayed. In order to adjust the merit order to account for specific feed-in situations of renewable energy sources (RES), an assumption can also be made regarding the available RES capacity."]
[]
[null,null,null,"How to Use:"]
[]
[null,null,null," Start:"]
[null,null,null,"In the Start worksheet, the assumptions underlying the merit order can be adjusted. The standard assumptions\ndepict the merit order of conventional power plants in the year 2020. As altering the assumptions may affect the marginal costs of the power plants, a distribution is displayed using a boxplot diagram. In addition, assumptions can be made regarding the amount of renewable energy generation capacities."]
[]
[null,null,null,"Use the Reset Assumptions button to reset the assumptions to the default values."]
[]
[null,null,null,"When the Update Merit Order button is clicked, the merit order in the Merit Order worksheet is updated based on the chosen assumptions."]
[]
[null,null,null," Merit Order:"]
[null,null,null,"In the Merit Order worksheet, the merit order is visualized. The merit order is displayed as a list of the generation units sorted by marginal costs. The respective power plant types are marked by different colors. The merit order is recalculated when the button Update Merit Order is activated."]
[]
[null,null,null," Power Plant List:"]
[null,null,null,"In the Power Plant List worksheet, all generation units and the corresponding assumptions are shown. Individual assumptions can be changed. Additionally, power plants can be removed or added from the merit order."]
[]
[null,null,null,"A detailed documentation is available on our website (only in German):"]
[null,null,null,"https://www.ewi.uni-koeln.de/en/publikationen/#misc-publications"]

{"sheet":"Start","index":1,"n_rows":40,"n_cols":16,"rows_kept":40,"cut":false,"hidden":false,"merged":[[6,2,6,5],[20,2,20,5],[30,7,30,10],[30,12,30,15],[16,2,16,5],[30,2,30,5],[6,7,6,15],[7,7,10,13]]}
[]
[]
[null,null," EWI Merit Order Tool 2021"]
[]
[null,null," Start",null,null,null,null,null,null,null,null,null,null,null,null,{"$f":"Imprint!F5","v":"Version 2021.4_en "}]
[]
[null,null,"Fuel Prices",null,null,null,null,"Overview Over the Marginal Costs of Power Plants"]
[null,null,"Fuel Type","Price","Unit","Source",null,"The boxplot diagram gives a first overview of the marginal cost distribution of power plants. In the illustration to the right of this text box, the individual elements of the diagram are explained. Changes in assumptions are reflected in the diagram immediately. In order to transfer the assumptions to the merit order in the Merit Order sheet, the button Update Merit Order must be clicked."]
[null,null,"Nuclear",5.5,"EUR/MWhth","refer to documentation"]
[null,null,"Lignite",3.1,"EUR/MWhth","EWI (2019)"]
[null,null,"Coal",6.25,"EUR/MWhth","VDKi (2020)"]
[null,null,"Gas",10.17,"EUR/MWhth","Spot TTF"]
[null,null,"Oil",22.9,"EUR/MWhth","SDKW (2019)"]
[null,null,"Waste",0,"EUR/MWhth","refer to documentation"]
[null,null,"Other",22.9,"EUR/MWhth","refer to documentation"]
[]
[null,null,"Emission Certificate Price"]
[null,null,null,"Price","Unit","Source"]
[null,null,"Emission certificate price",24.76,"EUR/tCO2","Sandbag (2020)"]
[]
[null,null,"Transport Costs"]
[null,null,"Power Plant Type","Price","Unit","Source"]
[null,null,"Nuclear",0,"EUR/MWhth","refer to documentation"]
[null,null,"Lignite",0,"EUR/MWhth","refer to documentation"]
[null,null,"Coal",1.25,"EUR/MWhth","R2B (2019)"]
[null,null,"Gas",0.5,"EUR/MWhth","R2B (2019)"]
[null,null,"Oil",0.3,"EUR/MWhth","R2B (2019)"]
[null,null,"Waste",0,"EUR/MWhth","refer to documentation"]
[null,null,"Other",0,"EUR/MWhth","refer to documentation",null,"Available RES generation capacity",0,"MW"]
[]
[null,null,"Other Variable Costs",null,null,null,null,"Outages",null,null,null,null,"Emission Levels"]
[null,null,"Power Plant Type","Price","Unit","Source",null,"Power Plant Type",null,"Unit","Source",null,"Fuel Type",null,"Unit","Source"]
[null,null,"Nuclear",1.2,"EUR/Mwhel","refer to documentation",null,"Nuclear",7,"%","ENTSO-E (2020)",null,"Nuclear",0,"tCO2/MWhth","refer to documentation"]
[null,null,"Lignite",1.7,"EUR/Mwhel","R2B (2019)",null,"Lignite",13,"%","ENTSO-E (2020)",null,"Lignite",0.40400000000000003,"tCO2/MWhth","ÜNB (2019)"]
[null,null,"Coal",1.3,"EUR/Mwhel","R2B (2019)",null,"Coal",25,"%","ENTSO-E (2020)",null,"Coal",0.33700000000000002,"tCO2/MWhth","ÜNB (2019)"]
[null,null,"CCGT",1.5,"EUR/Mwhel","R2B (2019)",null,"CCGT",13,"%","ENTSO-E (2020)",null,"Gas",0.20100000000000001,"tCO2/MWhth","ÜNB (2019)"]
[null,null,"OCGT",1,"EUR/Mwhel","R2B (2019)",null,"OCGT",13,"%","ENTSO-E (2020)",null,"Oil",0.28000000000000003,"tCO2/MWhth","ÜNB (2019)"]
[null,null,"Oil",1,"EUR/Mwhel","refer to documentation",null,"Oil",15,"%","refer to documentation",null,"Waste",0,"tCO2/MWhth","refer to documentation"]
[null,null,"Waste",1,"EUR/Mwhel","refer to documentation",null,"Waste",15,"%","refer to documentation",null,"Other",0.214,"tCO2/MWhth","ÜNB (2019)"]
[null,null,"Other",1,"EUR/Mwhel","refer to documentation",null,"Other",15,"%","refer to documentation"]

{"sheet":"Merit Order","index":2,"n_rows":546,"n_cols":11,"rows_kept":546,"cut":false,"hidden":false,"merged":[[9,2,9,10],[6,2,6,10]]}
[]
[]
[null,null," EWI Merit Order Tool 2021"]
[]
[null,null," Merit Order",null,null,null,null,null,null,null,{"$f":"Imprint!F5","v":"Version 2021.4_en "}]
[]
[null,null,"Visualization of the Merit Order"]
[]
[]
[null,null,"Merit Order in Tabular Form"]
[null,null,"Power Plant Identification Number of the Bundesnetzagentur","Company","Name of the Power Plant","Name of the Unit","Begin of Commercial Electricity Generation","Power Plant Type","Mean Available Net Nominal Capacity [MW]","Cumulated Available Net Nominal Capacity [MW]","Marginal Costs [EUR/MWhel]"]
[null,null,"BNA0084","Vattenfall Wärme Berlin AG","Reuter","Reuter M","30.10.1998","Waste",30.599999999999998,30.599999999999998,1]
[null,null,"BNA0088b","Solvay Chemicals GmbH","Dampfturbinenanlage der EBS-Kessel",null,"16.10.2009","Waste",29.75,60.349999999999994,1]
[null,null,"BNA0097","MVA Bielefeld-Herford GmbH","MVA Bielefeld","Linien 1 - 3","01.07.1981","Waste",28.9,89.25,1]
[null,null,"BNA0117a","Energie- und Wasserversorgung Bonn/Rhein-Sieg GmbH","Heizkraftwerk Karlstraße","Heizkraftwerk Karlstraße","01.07.1990","Waste",10.199999999999999,99.45,1]
[null,null,"BNA0139","swb Entsorgung GmbH & Co. KG","KW Hafen","MKK","1905-07-01","Waste",28.05,127.5,1]
[null,null,"BNA0223b","Stadtwerke Düsseldorf AG","DT","Flingern T1","17.04.2000","Waste",45.645000000000003,173.14500000000001,1]
[null,null,"BNA0237","Progroup Power 1 GmbH","EBS-Heizkraftwerk",null,"10.02.2011","Waste",19.974999999999998,193.12,1]
[null,null,"BNA0287a","Mainova AG","MHKW Frankfurt","T 3 (nur alleiniger Betrieb, kein gemeinsamer Betrieb mit T 7 möglich)","01.01.1969","Waste",22.099999999999998,215.22,1]
[null,null,"BNA0287b","Mainova AG","MHKW Frankfurt","T 7 (nur alleiniger Betrieb, kein gemeinsamer Betrieb mit T 3 möglich)","01.01.2006","Waste",39.524999999999999,254.745,1]
[null,null,"BNA0380","EEW Energy from Waste Großräschen GmbH","EEW Großräschen",null,"01.12.2007","Waste",19.805,274.55,1]
[null,null,"BNA0398","MVR Müllverwertung Rugenberger Damm GmbH & Co. KG","MVR Müllverwertung Rugenberger Damm GmbH & Co. KG",null,"12.08.1999","Waste",20.399999999999999,294.95,1]
[null,null,"BNA0407","Enertec Hameln GmbH","Enertec Hameln","Linien 1,3,4","07.10.1913","Waste",11.219999999999999,306.16999999999996,1]
[null,null,"BNA0417","EEW Energy from Waste Hannover GmbH","EEW Energy from Waste Hannover GmbH","Hannover","01.06.2005","Waste",19.125,325.29499999999996,1]
[null,null,"BNA0438","EEW Energy from Waste Helmstedt GmbH","TRV Buschhaus","Linie 1-3","31.03.1999","Waste",31.875,357.16999999999996,1]
[null,null,"BNA0519","RWE Generation SE","Karnap","B","16.03.1987","Waste",32.299999999999997,389.46999999999997,1]
[null,null,"BNA0590","MVV Energie AG","TREA Leuna","Linie 1","26.08.2005","Waste",13.8125,403.28249999999997,1]
[null,null,"BNA0591","MVV Energie AG","TREA Leuna","Linie 2","19.06.2007","Waste",13.8125,417.09499999999997,1]
[null,null,"BNA0599","AVEA Entsorgungsbetriebe GmbH & Co. KG",null,"entfällt","03.05.2011","Waste",9.86,426.95499999999998,1]
[null,null,"BNA0622","Müllheizkraftwerk Rothensee GmbH","MHKW Rothensee","Block 1","17.07.2005","Waste",24.82,451.77499999999998,1]
[null,null,"BNA0623","Müllheizkraftwerk Rothensee GmbH","MHKW Rothensee","Block 2","08.09.2006","Waste",24.82,476.59499999999997,1]
[null,null,"BNA0640","MVV Energie AG","HKW Mannheim","Turbine 3","13.10.2006","Waste",7.3525,483.94749999999999,1]
[null,null,"BNA0641a","MVV Energie AG","HKW Mannheim","Turbine 60","07.01.2010","Waste",18.785,502.73250000000002,1]
[null,null,"BNA0641b","MVV Energie AG","HKW Mannheim","Turbine D.0","13.08.2012","Waste",4.5644999999999998,507.29700000000003,1]
[null,null,"BNA0641c","MVV Energie AG","HKW Mannheim","Turbine E.0","14.06.2012","Waste",3.298,510.59500000000003,1]
[null,null,"BNA0693","SWN Stadtwerke Neumünster GmbH","Heizkraftwerk NMS",null,"03.05.1974","Waste",45.56,556.15499999999997,1]
[null,null,"BNA0746","N-ERGIE AG","HKW Sandreuth",null,"01.09.1996","Waste",15.299999999999999,571.45499999999993,1]
[null,null,"BNA0750","GMVA Gemeinschafts-Müll-Verbrennungsanlage Niederrhein GmbH","GMVA Niederrhein","Ausspeisung 10/110kV (Turbine 2)","17.10.1991","Waste",34.339999999999996,605.79499999999996,1]
[null,null,"BNA0751","GMVA Gemeinschafts-Müll-Verbrennungsanlage Niederrhein GmbH","GMVA Niederrhein","Ausspeisung 10/25kV (Turbine 1)","06.04.2006","Waste",17.935000000000002,623.73,1]
[null,null,"BNA0845","Stadtwerke Rosenheim GmbH & Co. KG","MHKW, WKW","T1a/b, T2","01.01.1988","Waste",7.6499999999999995,631.38,1]
[null,null,"BNA0855","Steag GmbH","IKW Rüdersdorf",null,"15.12.2009","Waste",25.5,656.88,1]
[null,null,"BNA0895","GKS Gemeinschaftskraftwerk Schweinfurt GmbH","GKS","entfällt","01.06.1990","Waste",20.74,677.62,1]
[null,null,"BNA0939a","EnBW Energie Baden-Württemberg AG","Restmüll-Heizkraftwerk Stuttgart-Münster","MÜN DT19 neu","01.01.2009","Waste",16.574999999999999,694.19500000000005,1]
[null,null,"BNA0969a","SWM Services GmbH","Nord 1",1,"15.09.1991","Waste",15.299999999999999,709.495,1]
[null,null,"BNA0969c","SWM Services GmbH","Nord 3",3,"17.05.1984","Waste",18.7,728.19500000000005,1]
[null,null,"BNA1020","RWE Power AG","MVA Weisweiler","MVA","22.10.1996","Waste",22.95,751.1450000000001,1]
[null,null,"BNA1108","PD energy GmbH","PD energy GmbH",null,"01.01.2010","Waste",8.4150000000000009,759.56000000000006,1]
[null,null,"BNA1110","Zweckverband Restmüllheizkraftwerk Böblingen","Restmüllheizkraftwerk Böblingen","Müllverbrennung","03.05.1999","Waste",8.0749999999999993,767.6350000000001,1]
[null,null,"BNA1114","swb Entsorgung GmbH & Co. KG","MHKW","MHKW","1969 / 2012","Waste",37.4,805.03500000000008,1]
[null,null,"BNA1116","Bremerhavener Entsorgungsgesellschaft mbH","BEG",null,"18.03.1977","Waste",11.9,816.93500000000006,1]
[null,null,"BNA1119","Zweckverband Abfallverwertung Südostbayern","MHKW Burgkirchen",null,"15.01.1994","Waste",10.625,827.56000000000006,1]
[null,null,"BNA1139","EEW Energy from Waste Saarbrücken GmbH","TREA Breisgau",null,"15.07.2005","Waste",11.559999999999999,839.12,1]
[null,null,"BNA1144","EEW Energy from Waste Göppingen GmbH","EEW Göppingen","Turb. Neu","01.07.1975","Waste",9.35,848.47,1]
[null,null,"BNA1148","MHB Hamm Betriebsführungsgesellschaft mbH","MVA Hamm",null,"13.02.1986","Waste",12.392999999999999,860.86300000000006,1]
[null,null,"BNA1154","AGR Abfallentsorgungsgesellschaft Ruhrgebiet mbH","RZR Herten I","RZR I","06.01.1982","Waste",13.174999999999999,874.03800000000001,1]
[null,null,"BNA1155","AGR Abfallentsorgungsgesellschaft Ruhrgebiet mbH","RZR Herten II","RZR II","07.01.2009","Waste",9.9449999999999985,883.98300000000006,1]
[null,null,"BNA1161","Zweckverband Müllverwertungsanlage Ingolstadt (MVA Ingolstadt)","MVA Ingolstadt","Müllheizkraftwerk (MHKW)","26.10.1984","Waste",21.675000000000001,905.65800000000002,1]
[null,null,"BNA1167","Kreis Weseler Abfallgesellschaft mbH & Co. KG (KWA)","Abfallentsorgungszentrum Asdonkshof","MVA","01.04.1997","Waste",13.6,919.25800000000004,1]
[null,null,"BNA1168","Müllheizkraftwerk Kassel GmbH","Müllheizkraftwerk",null,"17.12.1985","Waste",12.494999999999999,931.75300000000004,1]
[null,null,"BNA1184","AVG Köln mbH","RMVA Köln","RMVA Köln","01.02.1998","Waste",38.335000000000001,970.08800000000008,1]
[null,null,"BNA1186b","EGK Entsorgungsgesellschaft Krefeld GmbH & Co.KG","MKVA Krefeld","Turbine 4","01.01.2002","Waste",11.73,981.8180000000001,1]
[null,null,"BNA1186c","EGK Entsorgungsgesellschaft Krefeld GmbH & Co.KG","MKVA Krefeld","Turbine 2","01.01.1976","Waste",1.2749999999999999,983.09300000000007,1]
[null,null,"BNA1186d","EGK Entsorgungsgesellschaft Krefeld GmbH & Co.KG","MKVA Krefeld","Turbine 5","01.01.1997","Waste",2.38,985.47300000000007,1]
[null,null,"BNA1186e","EGK Entsorgungsgesellschaft Krefeld GmbH & Co.KG","MKVA Krefeld","Turbine 1","01.01.1976","Waste",1.2749999999999999,986.74800000000005,1]
[null,null,"BNA1190","Steag GmbH","Thermische Abfallbehandlung Lauta GmbH & Co. oHG",null,"21.07.2004","Waste",13.344999999999999,1000.0930000000001,1]
[null,null,"BNA1197","Technische Werke Ludwigshafen AG","FHKW Ludwigshafen","FHKW","01.08.1967","Waste",23.8,1023.893,1]
[null,null,"BNA1198","SUEZ Energie und Verwertung GmbH","SITA Abfallverwertung GmbH ",null,"22.06.2005","Waste",19.55,1043.443,1]
[null,null,"BNA1199","Entsorgungsgesellschaft Mainz mbH","MHKW Mainz",null,"01.12.2009","Waste",13.26,1056.703,1]
[null,null,"BNA1222","Energieversorgung Offenbach AG","Müllheizkraftwerk Offenbach",null,"01.01.1972","Waste",12.324999999999999,1069.028,1]
[null,null,"BNA1229","EEW Energy from Waste Saarbrücken GmbH","MHKW Pirmasens",null,"01.01.1999","Waste",12.75,1081.778,1]
[null,null,"BNA1232","EEW Energy from Waste Premnitz GmbH","ZWSF","ZWSF","08.01.2004","Waste",2.125,1083.903,1]
[null,null,"BNA1233","EEW Energy from Waste Premnitz GmbH","EVE","EVE","09.06.2009","Waste",12.324999999999999,1096.2280000000001,1]
[null,null,"BNA1243","Vattenfall Europe New Energy Ecopower GmbH","EBS-HKW Rostock",null,"1905-07-01","Waste",14.45,1110.6780000000001,1]
[null,null,"BNA1244","AVA Velsen GmbH","AVA Velsen",null,"07.08.1997","Waste",13.6,1124.278,1]
[null,null,"BNA1254","Zweckverband Müllverwertung Schwandorf","Müllkraftwerk Schwandorf",null,"31.08.1982","Waste",45.9,1170.1780000000001,1]
[null,null,"BNA1255","Kraftwerk Schwedt GmbH & Co. KG","Kraftwerk Schwedt GmbH & Co.KG",null,"01.04.2011","Waste",24.564999999999998,1194.7430000000002,1]
[null,null,"BNA1261","EEW Energy from Waste Stapelfeld GmbH",null,null,"01.10.1979","Waste",13.939999999999998,1208.6830000000002,1]
[null,null,"BNA1262","REMONDIS Thermische Abfallverwertung GmbH","REMONDIS Thermische Abfallverwertung GmbH",null,"21.04.2008","Waste",20.399999999999999,1229.0830000000003,1]
[null,null,"BNA1286","Zweckverband für Abfallwirtschaft Südwestthüringen (ZASt)","Restabfallbehandlungsanlage",1,"13.11.2007","Waste",10.285,1239.3680000000004,1]
[null,null,"BNA1289","AMK - Abfallentsorgungsgesellschaft des Märkischen Kreises mbH","AMK - Abfallentsorgungsgesellschaft des Märkischen Kreises mbH",null,"01.04.1981","Waste",10.718499999999999,1250.0865000000003,1]
[null,null,"BNA1291","IHKW Industrieheizkraftwerk Andernach GmbH","IHKW Andernach",null,"14.01.2008","Waste",10.625,1260.7115000000003,1]
[null,null,"BNA1295","AVA Abfallverwertung Augsburg GmbH","AVA GmbH","AHKW","16.09.1994","Waste",8.5,1269.2115000000003,1]
[null,null,"BNA1316","EKOCity GmbH","Müllheizkraftwerk",null,"01.01.1976","Waste",25.5,1294.7115000000003,1]
[null,null,"BNA1330","Steinbeis Energie GmbH","Steinbeis Energie",null,"27.09.2010","Waste",14.45,1309.1615000000004,1]
[null,null,"BNA1447a","Evonik Röhm GmbH",null,"G2","20.11.1990","Waste",10.115,1319.2765000000004,1]
[null,null,"BNA1447b","Evonik Röhm GmbH",null,"G3/Kontu","12.03.2012","Waste",5.8650000000000002,1325.1415000000004,1]
[null,null,"BNA1448","EEW Energy from Waste Saarbrücken GmbH","AHKW Neunkirchen","Linie 3 + 4","02.06.1977","Waste",9.86,1335.0015000000003,1]
[null,null,"BNA1449a","Zweckverband Abfallwirtschaft Raum Würzburg","Turbosatz 1",null,"04.06.1984","Waste",7.3949999999999996,1342.3965000000003,1]
[null,null,"BNA1449b","Zweckverband Abfallwirtschaft Raum Würzburg","Turbosatz 2",null,"09.11.1998","Waste",10.199999999999999,1352.5965000000003,1]
[null,null,"BNA1465a","B+T Energie GmbH","EBS-Kraftwerk Witzenhausen",null,"24.06.2009","Waste",23.8,1376.3965000000003,1]
[null,null,"BNA1490","EBS - Kraftwerk GmbH","EBKW Knapsack",null,"01.01.2009","Waste",28.389999999999997,1404.7865000000004,1]
[null,null,"BNA1510","Spreestromerzeugungs GmbH","Hamburger Rieger",null,"01.01.2013","Waste",15.895,1420.6815000000004,1]
[null,null,"BNA1520","ESWE BioEnergie GmbH","Biomasseheizkraftwerk Wiesbaden",null,"01.01.2014","Waste",8.9249999999999989,1429.6065000000003,1]
[null,null,"BNA1864","KÄMMERER Energie GmbH","Turbine 4",null,"1905-05-15","Waste",8.0749999999999993,1437.6815000000004,1]
[null,null,"BNA1865","KÄMMERER Energie GmbH","Turbine 5",null,"1905-05-25","Waste",8.33,1446.0115000000003,1]
[null,null,"BNA1867","AVG Köln mbH","AVG Köln","Turbosatz 2","01.05.2017","Waste",15.299999999999999,1461.3115000000003,1]
[null,null,null,"Nicht-EEG-Anlagen < 10 MW",null,null,null,"Waste",120.22442499999998,1581.5359250000001,1]
[null,null,"BNA0157","Preussen Elektra GmbH","Brokdorf","KBR","22.12.1986","Nuclear",1311.3,2892.8359250000003,17.866666666666664]
[null,null,"BNA0251","Preussen Elektra GmbH","Grohnde","KWG","01.02.1985","Nuclear",1264.8,4157.6359250000005,17.866666666666664]
[null,null,"BNA0263","Preussen Elektra GmbH","Isar 2","KKI 2","09.04.1988","Nuclear",1311.3,5468.9359250000007,17.866666666666664]
[null,null,"BNA0382","RWE Power AG","Kernkraft Gundremmingen ","C","02.11.1984","Nuclear",1197.8399999999999,6666.7759250000008,17.866666666666664]
[null,null,"BNA0607","RWE Power AG","Kernkraftwerk Emsland","KKE","19.04.1988","Nuclear",1242.48,7909.2559250000013,17.866666666666664]
[null,null,"BNA0686","EnBW Energie Baden-Württemberg AG","Gemeinschaftskernkraftwerk Neckarwestheim II","GKN II","15.04.1989","Nuclear",1218.3,9127.5559250000006,17.866666666666664]
[null,null,"BNA1817","Stadtwerke Düsseldorf AG","GuD","GuD F","22.01.2016","CCGT",517.65,9645.2059250000002,27.066601307189543]
[null,null,"BNA1819","Stadtwerke Flensburg GmbH","Heizkraftwerk FL","Block 12","01.10.2016","CCGT",67.86,9713.0659250000008,27.066601307189543]
[null,null,"BNA1820","Gemeinschaftskraftwerk Bremen GmbH und Co. KG","KW Mittelsbüren","GuD MiBÜ","01.10.2016","CCGT",386.71499999999997,10099.780925000001,27.066601307189543]
[null,null,"BNA0918b","Dow Deutschland Anlagengesellschaft mbH","Dow Stade","Cogen Dow Stade","01.01.2015","CCGT",136.59,10236.370925000001,27.25598353909465]
[null,null,"BNA0922","CIECH Energy Deutschland GmbH","GuD-Ikw Staßfurt",null,"01.10.2015","CCGT",87,10323.370925000001,27.25598353909465]
[null,null,"BNA0256b","SWE Energie GmbH","HKW Erfurt-Ost","GT2",2014,"CCGT",28.362000000000002,10351.732925,27.448192371475955]
[null,null,"BNA0261c","Erlanger Stadtwerke AG","HKW Erlangen","GuD 2","10.02.2014","CCGT",5.8289999999999997,10357.561925,27.448192371475955]
[null,null,"BNA0392b","Heizkraftwerk Halle-Trotha GmbH","HKW Halle Trotha","GuD","30.01.2013","CCGT",48.841799999999999,10406.403725,27.643291562238929]
[null,null,"BNA0418","enercity AG","GKL","GKL","05.11.1998","CCGT",200.1,10606.503725,27.643291562238929]
[null,null,"BNA0548b","Statkraft Markets GmbH","Knapsack Gas II",null,"01.07.2013","CCGT",374.1,10980.603725000001,27.643291562238929]
[null,null,"BNA1337e","DS Smith Paper Deutschland GmbH","GuD-Anlage","GuD-Anlage","28.01.2013","CCGT",40.89,11021.493725,27.643291562238929]
[null,null,"BNA1523b","Moritz J. Weig GmbH & Co KG","Gemeinschaftskraftwerk Weig","Block 2 (Kessel 6, GT 2, DT 3)","01.01.2013","CCGT",23.837999999999997,11045.331725,27.643291562238929]
[null,null,"BNA0059b","Volkswagen AG","GuD Baunatal, VW Werksgelände",null,"29.12.2011","CCGT",67.86,11113.191725000001,28.042425784563193]
[null,null,"BNA0136","Braunschweiger Versorgungs-AG & Co. KG","HKW-Mitte","GuD","30.12.2010","CCGT",64.38,11177.571725,28.246598290598293]
[null,null,"BNA0588","Stadtwerke Leipzig GmbH","Heizkraftwerk Leipzig-Nord",null,"15.02.1996","CCGT",145.29,11322.861725000001,28.246598290598293]
[null,null,"BNA0598b","InfraLeuna GmbH","ILK-GuD","KT1","30.04.2010","CCGT",17.399999999999999,11340.261725,28.246598290598293]
[null,null,"BNA0606","RWE Generation SE","Emsland","D","07.09.2010","CCGT",771.68999999999994,12111.951725000001,28.246598290598293]
[null,null,"BNA0805","Kraftwerk Platting GmbH","Kraftwerk Plattling",null,"20.04.2010","CCGT",103.095,12215.046725,28.246598290598293]
[null,null,"BNA0400","Wärme Hamburg GmbH","GuD Tiefstack","GuD Tiefstack","02.11.2009","CCGT",110.49,12325.536725,28.453936261843239]
[null,null,"BNA0444","K+S AG","Wintershall","Wintershall","20.05.2009","CCGT",60.03,12385.566725000001,28.453936261843239]
[null,null,"BNA1087","Heizkraftwerk Würzburg GmbH","Heizkraftwerke an der Friedensbrücke","GTII","01.01.2009","CCGT",25.664999999999999,12411.231725000001,28.453936261843239]
[null,null,"BNA0410","Trianel Gaskraftwerk Hamm GmbH & Co. KG ","Trianel Gaskraftwerk ","Block 10","01.03.2008","CCGT",354.09,12765.321725000002,28.664513888888891]
[null,null,"BNA0411","Trianel Gaskraftwerk Hamm GmbH & Co. KG ","Trianel Gaskraftwerk ","Block 20","01.03.2008","CCGT",356.7,13122.021725000002,28.664513888888891]
[null,null,"BNA0545","RheinEnergie AG","HKW Niehl 2","GuD","26.03.2005","CCGT",359.31,13481.331725000002,28.664513888888891]
[null,null,"BNA0442","Mark-E AG / Statkraft Markets","Cuno Heizkraftwerk Herdecke","H6","01.01.2007","CCGT",362.79,13844.121725000003,28.878407699037624]
[null,null,"BNA0548a","Knapsack Power GmbH & Co. KG","Knapsack Gas I",null,"01.01.2006","CCGT",696,14540.121725000003,29.095696649029986]
[null,null,"BNA0100","Stadtwerke Bielefeld GmbH","GuD Kraftwerk Hillegossen","GuD","02.01.2005","CCGT",32.581500000000005,14572.703225000003,29.316462222222221]
[null,null,"BNA0214","Stadtwerke Duisburg AG","HKW III/B","HKW III/B","24.10.2005","CCGT",203.58,14776.283225000003,29.316462222222221]
[null,null,"BNA0261a","Erlanger Stadtwerke AG","HKW Erlangen","GuD I","14.09.2005","CCGT",18.792000000000002,14795.075225000002,29.316462222222221]
[null,null,"BNA0614b","BASF SE","Kraftwerk Mitte","GUD A 800 \nGT 11, GT 12, DT 10","12.05.2005","CCGT",432.82499999999999,15227.900225000003,29.316462222222221]
[null,null,"BNA0685","Stadtwerke Münster GmbH","Heizkraftwerk Hafen","GuD","14.12.2005","CCGT",90.601799999999997,15318.502025000003,29.316462222222221]
[null,null,"BNA0742","N-ERGIE AG","HKW Sandreuth","GuD 1","05.01.2005","CCGT",65.25,15383.752025000003,29.316462222222221]
[null,null,"BNA0743","N-ERGIE AG","HKW Sandreuth","GuD 2","05.01.2005","CCGT",65.25,15449.002025000003,29.316462222222221]
[null,null,"BNA0861a","Energie SaarLorLux AG","HKW Römerbrücke","GuD-Anlage","01.06.2005","CCGT",65.25,15514.252025000003,29.316462222222221]
[null,null,"BNA1082","WSW Energie & Wasser AG","HKW Barmen","Block 1","2005-12-30","CCGT",76.576530000000005,15590.828555000004,29.316462222222221]
[null,null,"BNA1088","Heizkraftwerk Würzburg GmbH","Heizkraftwerke an der Friedensbrücke","GTI","01.01.2005","CCGT",38.714999999999996,15629.543555000004,29.316462222222221]
[null,null,"BNA0546","RheinEnergie AG","HKW Merkenich","GuD","27.01.2004","CCGT",93.96,15723.503555000003,29.540788530465946]
[null,null,"BNA0684a","SWM Services GmbH","Süd GT 61",2,"30.09.2004","CCGT",108.66300000000001,15832.166555000003,29.540788530465946]
[null,null,"BNA0684b","SWM Services GmbH","Süd GT 62",2,"30.09.2004","CCGT",107.79300000000001,15939.959555000003,29.540788530465946]
[null,null,"BNA0684c","SWM Services GmbH","Süd DT60",2,"30.09.2004","CCGT",111.012,16050.971555000004,29.540788530465946]
[null,null,"BNA0499","Infraserv GmbH & Co. Höchst KG","Heizkraftwerk","Block A","26.11.2003","CCGT",74.819999999999993,16125.791555000003,29.768762420957543]
[null,null,"BNA0658","Evonik Degussa GmbH","Kraftwerk III","Block 311","22.11.1973","CCGT",53.183100000000003,16178.974655000004,29.768762420957543]
[null,null,"BNA1196b","MVV Energie AG","Industriekraftwerk Ludwigshafen","GuD","01.03.2003","CCGT",10.405200000000001,16189.379855000003,29.768762420957543]
[null,null,"BNA1334","CR3-Kaffeeveredelung M. Hermsen GmbH","KWK-Anlage","GT 1-3, DT","1993 und 2002","CCGT",12.876000000000001,16202.255855000003,30.000473588342441]
[null,null,"BNA0172a","Wacker Chemie AG","Burghausen 01 - GT",null,"27.07.2001","CCGT",104.4,16306.655855000003,30.236014692378326]
[null,null,"BNA1183","RheinEnergie AG","HKW Merheim","GuD","08.03.2001","CCGT",13.746,16320.401855000002,30.236014692378326]
[null,null,"BNA0105","envia THERM GmbH","GuD Bitterfeld",null,"04.08.2000","CCGT",92.22,16412.621855000001,30.475481481481481]
[null,null,"BNA0199","RWE Generation SE","Dormagen","GuD","01.07.2000","CCGT",509.82,16922.441855000001,30.475481481481481]
[null,null,"BNA0220","Stadtwerke Düsseldorf AG","GuD","AGuD","28.07.2000","CCGT",87,17009.441855000001,30.475481481481481]
[null,null,"BNA0397","ThyssenKrupp Steel Europe AG","Duisburg Hamborn 5","Block 5","01.01.2003","CCGT",195.75,17205.191855000001,30.475481481481481]
[null,null,"BNA0626","Kraftwerke Mainz-Wiesbaden AG","Kraftwerk Mainz","KW3","23.05.2000","CCGT",377.75399999999996,17582.945855000002,30.475481481481481]
[null,null,"BNA1450","DREWSEN SPEZIALPAPIERE GmbH & Co. KG","GUD-Anlage DREWSEN",null,"01.09.2000","CCGT",11.31,17594.255855000003,30.475481481481481]
[null,null,"BNA0256a","SWE Energie GmbH","HKW Erfurt-Ost","GT1","17.12.1999","CCGT",66.554999999999993,17660.810855000003,30.718972922502338]
[null,null,"BNA0857","Opel Automobile GmbH ","GuD-Anlage Rüsselsheim","M120","10.09.1999","CCGT",97.527000000000001,17758.337855000002,30.718972922502338]
[null,null,"BNA0592","InfraLeuna GmbH","GuD Leuna",null,"01.10.1998","CCGT",33.93,17792.267855000002,30.96659133709981]
[null,null,"BNA0615","BASF SE","Kraftwerk Süd","GUD C 200\nGT 1, GT 2, DT 1","14.07.1997","CCGT",356.7,18148.967855000003,31.218442545109212]
[null,null,"BNA0688","Neubrandenburger Stadtwerke GmbH","GuD-HKW Neubrandenburg",null,"16.05.1997","CCGT",65.25,18214.217855000003,31.218442545109212]
[null,null,"BNA0073","Vattenfall Wärme Berlin AG","Mitte","GuD Mitte","30.12.1996","CCGT",386.28,18600.497855000001,31.474636015325672]
[null,null,"BNA0504","TEAG Thüringer Energie AG","HKW Jena","HKW Jena","26.09.1996","CCGT",158.34,18758.837855000002,31.474636015325672]
[null,null,"BNA0848","Stadtwerke Rostock AG","GuD Marienehe",null,"13.06.1996","CCGT",93.96,18852.797855000001,31.474636015325672]
[null,null,"BNA1279","Basell Polyolefine GmbH","Gasturbine","D290","03.07.1996","CCGT",45.152999999999999,18897.950854999999,31.474636015325672]
[null,null,"BNA0207","DREWAG Stadtwerke Dresden GmbH","HKW Dresden-Nossener Brücke","HKW Dresden-Nossener Brücke \n(3 GT + 1 DT, Sammelschiene)","28.09.1995","CCGT",226.2,19124.150855,31.735285024154592]
[null,null,"BNA0755b","Kraftwerk Obernburg GmbH","Obernburg",1,"01.01.1995","CCGT",52.2,19176.350855000001,31.735285024154592]
[null,null,"BNA1185","Pfeifer & Langen GmbH & Co. KG","P&L Werk Könnern","Kessel 1 und 2","31.03.2014","Lignite",17.661000000000001,19194.011855000001,31.919188191881918]
[null,null,"BNA0088a","Solvay Chemicals GmbH","Industriekraftwerk Bernburg (IKB)",null,"30.12.1994","CCGT",122.235,19316.246855000001,32.000506822612081]
[null,null,"BNA0130","Uniper Kraftwerke GmbH ","Kirchmöser",null,"01.01.1994","CCGT",139.19999999999999,19455.446855000002,32.000506822612081]
[null,null,"BNA0593","InfraLeuna GmbH","ILK-GuD","GT1","01.07.1994","CCGT",30.45,19485.896855000003,32.000506822612081]
[null,null,"BNA0594","TOTAL Raffinerie Mitteldeutschland GmbH","ILK-GuD","GT2","01.07.1994","CCGT",30.45,19516.346855000003,32.000506822612081]
[null,null,"BNA0595","InfraLeuna GmbH","ILK-GuD","GT3","01.07.1994","CCGT",32.19,19548.536855000002,32.000506822612081]
[null,null,"BNA0893","BASF Schwarzheide GmbH","GuD Schwarzheide",null,"01.10.1994","CCGT",106.14,19654.676855000002,32.000506822612081]
[null,null,"BNA1164","Pfeifer & Langen GmbH & Co. KG","P&L Werk Jülich","Kessel 5","15.09.2013","Lignite",20.2014,19674.878255000003,32.0873840445269]
[null,null,"BNA1401a","RWE Power AG","BoA 2","Neurath F","08.07.2012","Lignite",922.2,20597.078255000004,32.257462686567173]
[null,null,"BNA1401b","RWE Power AG","BoA 3","Neurath G","03.08.2012","Lignite",922.2,21519.278255000005,32.257462686567173]
[null,null,"BNA1404","Lausitz Energie Kraftwerke AG","Boxberg","R","06.11.2012","Lignite",556.79999999999995,22076.078255000004,32.257462686567173]
[null,null,"BNA1086","Heizkraftwerk Würzburg GmbH","Heizkraftwerke an der Friedensbrücke","TSII","01.01.1993","CCGT",21.75,22097.828255000004,32.270422812192727]
[null,null,"BNA1329","Kübler & Niethammer Papierfabrik Kriebstein AG","K&N PFK AG EV","GT / GDT","02.04.1993","CCGT",11.4057,22109.233955000003,32.270422812192727]
[null,null,"BNA1523a","Moritz J. Weig GmbH & Co KG","Gemeinschaftskraftwerk Weig","Block 1 (Kessel2, GT 1, DT 2)","01.01.1992","CCGT",9.918000000000001,22119.151955000005,32.545158730158732]
[null,null,"BNA0179","eins - energie in sachsen GmbH & Co. KG","HKW Chemnitz  Nord II","Block C","15.06.1990","Lignite",78.995999999999995,22198.147955000004,32.6033962264151]
[null,null,"BNA0543","RheinEnergie AG","HKW Merkenich","Block 6","16.12.2010","Lignite",65.510999999999996,22263.658955000003,32.6033962264151]
[null,null,"BNA0270","Stadtwerke Flensburg GmbH","Heizkraftwerk FL","Block 11","02.06.1992","Coal",23.25,22286.908955000003,32.73674603174603]
[null,null,"BNA0707","RWE Power AG","Niederaußem","H","16.09.1974","Lignite",563.76,22850.668955000001,32.77931688804555]
[null,null,"BNA0708","RWE Power AG","Niederaußem","G","23.10.1974","Lignite",546.36,23397.028955000002,32.957251908396948]
[null,null,"BNA0597","InfraLeuna GmbH","ILK-GuD","DT1","01.07.1994","CCGT",7.5689999999999991,23404.597955000001,33.109616161616167]
[null,null,"BNA0271","Stadtwerke Flensburg GmbH","Heizkraftwerk FL","Block 10","23.01.1989","Coal",24.75,23429.347955000001,33.601977573904179]
[null,null,"BNA0498","Infraserv GmbH & Co. Höchst KG","Heizkraftwerk","Block B","21.08.1989","Coal",49.5,23478.847955000001,33.601977573904179]
[null,null,"BNA0709","RWE Power AG","Niederaußem","K","30.08.2002","Lignite",821.28,24300.127955,34.069169960474319]
[null,null,"BNA0115","Lausitz Energie Kraftwerke AG","Lippendorf","R","20.06.2000","Lignite",761.25,25061.377955,34.457599999999999]
[null,null,"BNA0124","Lausitz Energie Kraftwerke AG","Boxberg","Q","01.10.2000","Lignite",745.59,25806.967955,34.457599999999999]
[null,null,"BNA1461","CropEnergies Bioethanol GmbH Zeitz",null,null,"15.01.2005","Lignite",15.225,25822.192954999999,34.457599999999999]
[null,null,"BNA0116","EnBW Energie Baden-Württemberg AG","Braunkohlekraftwerk Lippendorf","LIP S","01.12.1999","Lignite",761.25,26583.442954999999,34.655331991951719]
[null,null,"BNA0183","Stadtwerke Cottbus mbH","HKW Cottbus",1,"16.12.1999","Lignite",64.38,26647.822955,34.655331991951719]
[null,null,"BNA0284","Stadtwerke Frankfurt (Oder) GmbH","Heizkraftwerk FFO","Block1-GuD-EK","30.09.1997","CCGT",41.76,26689.582954999998,34.790978723404258]
[null,null,"BNA0272","Stadtwerke Flensburg GmbH","Heizkraftwerk FL","Block 9","01.10.1985","Coal",24.75,26714.332954999998,34.832529100529101]
[null,null,"BNA0915","Lausitz Energie Kraftwerke AG","Schwarze Pumpe","B","25.05.1998","Lignite",652.5,27366.832954999998,34.855465587044542]
[null,null,"BNA0914","Lausitz Energie Kraftwerke AG","Schwarze Pumpe","A","15.12.1997","Lignite",652.5,28019.332954999998,35.058044806517316]
[null,null,"BNA0138","Braunschweiger Versorgungs-AG & Co. KG","HKW-Mitte","Block 1 ","10.07.1984","Coal",32.474999999999994,28051.807954999997,35.154957264957261]
[null,null,"BNA0785","Lausitz Energie Kraftwerke AG","KW Jänschwalde","A","01.10.1981","Lignite",404.55,28456.357954999996,35.263114754098368]
[null,null,"BNA0786","Lausitz Energie Kraftwerke AG","KW Jänschwalde","B","29.11.1982","Lignite",404.55,28860.907954999995,35.263114754098368]
[null,null,"BNA0787","Lausitz Energie Kraftwerke AG","KW Jänschwalde","C","01.02.1984","Lignite",404.55,29265.457954999994,35.263114754098368]
[null,null,"BNA0788","Lausitz Energie Kraftwerke AG","KW Jänschwalde","D","06.10.1985","Lignite",404.55,29670.007954999994,35.263114754098368]
[null,null,"BNA0878","Uniper Kraftwerke GmbH ","Schkopau","A","01.01.1996","Lignite",391.5,30061.507954999994,35.263114754098368]
[null,null,"BNA0879","Uniper Kraftwerke GmbH ","Schkopau","B","01.01.1996","Lignite",391.5,30453.007954999994,35.263114754098368]
[null,null,"BNA1293a","Martinswerk GmbH","Kraftwerk","K1/TG1","01.02.1995","Lignite",8.6999999999999993,30461.707954999994,35.470721649484545]
[null,null,"BNA1293b","Martinswerk GmbH","Kraftwerk","K2/TG2","01.02.1995","Lignite",8.6999999999999993,30470.407954999995,35.470721649484545]
[null,null,"BNA0662a","Evonik Degussa GmbH","Kraftwerk I ","Block 5 ","15.10.1983","Coal",51.300000000000004,30521.707954999994,35.483646170442285]
[null,null,"BNA0842b","Stadtwerke Rosenheim GmbH & Co. KG","Gasmotor 4","Gasmotor 4","10.04.2013","CCGT",8.0039999999999996,30529.711954999995,35.499913081269014]
[null,null,"BNA0646b","Grosskraftwerk Mannheim AG","GKM ","Block 9","02.05.2015","Coal",632.25,31161.961954999995,35.557556756756753]
[null,null,"BNA1558","Vattenfall Heizkraftwerk Moorburg GmbH","Moorburg B","B","28.02.2015","Coal",600,31761.961954999995,35.557556756756753]
[null,null,"BNA1673","Vattenfall Heizkraftwerk Moorburg GmbH","Moorburg A","A","31.08.2015","Coal",600,32361.961954999995,35.557556756756753]
[null,null,"BNA1674","ENGIE Deutschland AG","Kraftwerk Wilhelmshaven","Kraftwerk Wilhelmshaven","30.10.2015","Coal",548.25,32910.211954999992,35.557556756756753]
[null,null,"BNA0843","Stadtwerke Rosenheim GmbH & Co. KG","Gasmotor 5","Gasmotor 5","20.12.2012","CCGT",3.7409999999999997,32913.952954999993,35.603661726242372]
[null,null,"BNA0123","Lausitz Energie Kraftwerke AG","Boxberg","P","01.07.1980","Lignite",404.55,33318.502954999996,35.680912863070546]
[null,null,"BNA1002","Mitteldeutsche Braunkohlengesellschaft mbH","Wählitz",null,"25.08.1994","Lignite",26.97,33345.472954999997,35.680912863070546]
[null,null,"BNA0832","FairEnergie GmbH","BHKW-Hauffstraße","Motorenanlage","21.02.2011","CCGT",8.5608000000000004,33354.033754999997,35.708045474420643]
[null,null,"BNA0842a","Stadtwerke Rosenheim GmbH & Co. KG","Gasmotore","Gasmotore 1-3","01.08.2011","CCGT",8.5347000000000008,33362.568454999993,35.708045474420643]
[null,null,"BNA0144","swb Erzeugung AG & Co. KG","KW Hastedt","Block 15","01.03.2014","Coal",89.25,33451.818454999993,35.743739130434783]
[null,null,"BNA0413c","RWE Generation SE","Westfalen","E","02.07.2014","Coal",572.77500000000009,34024.593454999995,35.743739130434783]
[null,null,"BNA0518b","EnBW Energie Baden-Württemberg AG","Rheinhafen-Dampfkraftwerk","RDK 8","01.07.2014","Coal",625.5,34650.093454999995,35.743739130434783]
[null,null,"BNA1553","Gunvor Raffinerie Ingolstadt GmbH",null,null,"24.08.2012","CCGT",20.271000000000001,34670.364454999995,35.813070175438597]
[null,null,"BNA1556","Sachsenmilch Leppersdorf GmbH",null,null,"09.05.2014","CCGT",31.32,34701.684454999995,35.813070175438597]
[null,null,"BNA1557","Volkswagen Sachsen GmbH ",null,null,"13.02.2014","CCGT",11.223000000000001,34712.907454999993,35.813070175438597]
[null,null,"BNA1671","Kronos Titan GmbH",null,null,"03.03.2014","CCGT",14.877000000000001,34727.784454999994,35.813070175438597]
[null,null,"BNA1810","Exxon Mobil Production Deutschland GmbH",null,null,"31.07.2014","CCGT",26.274000000000001,34754.058454999991,35.813070175438597]
[null,null,"BNA1911","DREWAG Stadtwerke Dresden GmbH","HKW Dresden-Nord","HKW Dresden-Nord","07.12.2018","CCGT",10.005000000000001,34764.063454999989,35.813070175438597]
[null,null,"BNA1925","ENGIE Deutschland GmbH","HKW Lusan",null,"18.12.2018","CCGT",15.051,34779.114454999988,35.813070175438597]
[null,null,"BNA1926","ENGIE Deutschland GmbH","HKW Tinz",null,"18.12.2018","CCGT",19.183500000000002,34798.297954999987,35.813070175438597]
[null,null,"BNA1927","TEAG Thüringer Energie AG","GM","GM","04.12.2018","CCGT",8.6999999999999993,34806.997954999984,35.813070175438597]
[null,null,"BNA1934","BMW AG","KWK Landshut","KWK Landshut","09.01.2019","CCGT",15.312000000000001,34822.309954999982,35.813070175438597]
[null,null,"BNA1944","BMW AG","Dingolfing BA2","BA2","2019-03-31","CCGT",11.744999999999999,34834.054954999985,35.813070175438597]
[null,null,"BNA1945","Stadtwerke Kiel AG","Küstenkraftwerk K.I.E.L.","BHKW Modul 1-20","2019-11-28","CCGT",163.56,34997.614954999983,35.813070175438597]
[null,null,"BNA1946","BMW AG","Werk 1.1","KWK 1-3","2019-10-01","CCGT",11.744999999999999,35009.359954999985,35.813070175438597]
[null,null,"BNA1947","BMW AG","Werk 1.5","KWK 1-4","2019-10-01","CCGT",11.831999999999999,35021.191954999988,35.813070175438597]
[null,null,"BNA0122","Lausitz Energie Kraftwerke AG","Boxberg","N","01.01.1979","Lignite",404.55,35425.74195499999,35.8937369519833]
[null,null,"BNA1400a","Südzucker AG, Werk Zeitz","EZ1","WSK","01.09.1993","Lignite",20.271000000000001,35446.012954999991,35.8937369519833]
[null,null,"BNA0531","Energieservice Westfalen Weser GmbH","KW Kirchlengern",null,"16.01.1981","CCGT",108.75,35554.762954999991,35.926314631463143]
[null,null,"BNA0216b","STEAG-EVN Walsum 10 Kraftwerksgesellsellschaft mbH","KW Walsum","Walsum 10","20.12.2013","Coal",543.75,36098.512954999991,35.931956284153003]
[null,null,"BNA0450","Steag GmbH","KW Herne","Herne 4","25.07.1989","Coal",336.75,36435.262954999991,35.931956284153003]
[null,null,"BNA1508","Trianel Kohlekraftwerk Lünen GmbH & Co. KG","Trianel Kohlekraftwerk Lünen",null,"01.01.2013","Coal",551.25,36986.512954999991,35.931956284153003]
[null,null,"BNA0485","Hüttenwerke Krupp Mannesmann GmbH","Huckingen","A","17.01.1976","CCGT",263.61,37250.122954999992,36.270577777777781]
[null,null,"BNA0486","Hüttenwerke Krupp Mannesmann GmbH","Huckingen","B","27.03.1977","CCGT",263.61,37513.732954999992,36.270577777777781]
[null,null,"BNA0616b","BASF SE","Kraftwerk Nord","S 300\nVT 1, VT 2, NT 7","11.05.1964","CCGT",76.125,37589.857954999992,36.270577777777781]
[null,null,"BNA0683a","SWM Services GmbH","Süd DT1",1,"08.10.1980","CCGT",69.338999999999999,37659.196954999992,36.270577777777781]
[null,null,"BNA0683b","SWM Services GmbH","Süd GT3",1,"20.08.1980","CCGT",85.173000000000002,37744.369954999995,36.270577777777781]
[null,null,"BNA0683c","SWM Services GmbH","Süd GT2",1,"22.07.1980","CCGT",85.173000000000002,37829.542954999997,36.270577777777781]
[null,null,"BNA0800","Heizkraftwerk Pforzheim GmbH","Heizkraftwerk Pforzheim GmbH","Kombiblock/GuD","14.11.1980","CCGT",35.844000000000001,37865.386954999994,36.270577777777781]
[null,null,"BNA1093","ENGIE Deutschland AG","Zolling","Zolling Block 5","01.01.1985","Coal",354,38219.386954999994,36.314629834254148]
[null,null,"BNA1141","Pfeifer & Langen GmbH & Co. KG","P&L Werk Euskirchen","Kessel 4 / 6","01.12.1991","Lignite",12.615,38232.001954999992,36.327484143763222]
[null,null,null,"Nicht-EEG-Anlagen < 10 MW",null,null,null,"Lignite",19.343580000000003,38251.345534999993,36.548510638297877]
[null,null,"BNA0434","EnBW Energie Baden-Württemberg AG","Heizkraftwerk Heilbronn","HLB 7","01.12.1985","Coal",583.5,38834.845534999993,36.70585474860335]
[null,null,"BNA0493","RWE Generation SE","Ibbenbüren","B","19.06.1985","Coal",595.5,39430.345534999993,36.70585474860335]
[null,null,"BNA0523","Städtische Werke Energie + Wärme GmbH","FKK",null,"21.12.1989","Lignite",29.145,39459.49053499999,36.772376873661678]
[null,null,"BNA1507","Michelin Reifenwerke AG & Co. KGaA \nStandort Bad Kreuznach",null,null,"1905-06-28","CCGT",9.3089999999999993,39468.799534999991,36.899909502262446]
[null,null,"BNA1866","Zweite Energieversorgungscenter Dresden-Wilschdorf GmbH & Co. KG",null,null,"01.04.2005","CCGT",29.492999999999999,39498.292534999993,36.899909502262446]
[null,null,"BNA0177","eins - energie in sachsen GmbH & Co. KG","HKW Chemnitz  Nord II","Block B","01.09.1988","Lignite",49.415999999999997,39547.708534999991,36.99913793103449]
[null,null,"BNA0292","RWE Power AG","Frechen/Wachtberg","Frechen/Wachtberg","01.01.1959","Lignite",153.12,39700.828534999993,36.99913793103449]
[null,null,"BNA0556b","Cargill Deutschland GmbH","KWK-Anlage Krefeld VM","Gasmotor (Dieselgenerator)","01.07.1999","CCGT",12.18,39713.008534999994,37.012392192464823]
[null,null,"BNA0147","ENGIE Deutschland AG","Farge","Farge","01.01.1969","Coal",262.5,39975.508534999994,37.105920903954804]
[null,null,"BNA0019","EnBW Energie Baden-Württemberg AG","Heizkraftwerk Altbach/Deizisau","ALT HKW 2 (DT Solobetrieb)","01.01.1997","Coal",252,40227.508534999994,37.309363636363642]
[null,null,"BNA0518a","EnBW Energie Baden-Württemberg AG","Rheinhafen-Dampfkraftwerk","RDK 7","21.06.1985","Coal",387.75,40615.258534999994,37.515131428571429]
[null,null,"BNA0644","Grosskraftwerk Mannheim AG","GKM ","Block 6","26.12.2005","Coal",191.25,40806.508534999994,37.515131428571429]
[null,null,"BNA0861b","Energie SaarLorLux AG","HKW Römerbrücke","Kohleanlage","01.07.1989","Coal",37.5,40844.008534999994,37.515131428571429]
[null,null,"BNA0745","Uniper Kraftwerke GmbH ","Franken 1",2,"01.01.1976","CCGT",382.8,41226.808534999996,37.719351851851854]
[null,null,"BNA0464","Kraftwerk Mehrum GmbH","KWM","Block3","01.06.1979","Coal",517.5,41744.308534999996,37.93380346820809]
[null,null,"BNA1528","Stadtwerke Kempen GmbH",null,null,"01.01.1990","CCGT",11.484,41755.792534999993,38.057850467289718]
[null,null,"BNA1511a","Papierfabrik Schoellershammer H. A. Schoeller Söhne GmbH & Co KG","Kessel 4",null,"25.03.1983","Lignite",8.0910000000000011,41763.883534999994,38.178396436525617]
[null,null,"BNA0602","RWE Generation SE","Emsland","C1","01.01.1974","CCGT",100.92,41864.803534999992,38.489976359338065]
[null,null,"BNA0605","RWE Generation SE","Emsland","C2","01.01.1974","CCGT",312.33,42177.133534999994,38.489976359338065]
[null,null,"BNA1863","Fresenius Medical Care Deutschland GmbH","Gasturbinen-HKW St. Wendel",null,"21.01.2014","OCGT",16.965,42194.09853499999,38.576272814601346]
[null,null,"BNA1075a","Volkswagen AG","HKW Nord","Generator A","01.05.2000","Coal",46.125,42240.22353499999,38.580282352941175]
[null,null,"BNA1075b","Volkswagen AG","HKW Nord","Generator B","01.05.2000","Coal",46.125,42286.34853499999,38.580282352941175]
[null,null,"BNA0603","RWE Generation SE","Emsland","B1","01.01.1973","CCGT",100.92,42387.268534999988,38.887718040621266]
[null,null,"BNA0604","RWE Generation SE","Emsland","B2","01.01.1973","CCGT",312.33,42699.59853499999,38.887718040621266]
[null,null,"BNA0744","Uniper Kraftwerke GmbH ","Franken 1",1,"01.01.1973","CCGT",333.21,43032.808534999989,38.887718040621266]
[null,null,"BNA1039","RWE Generation SE","Gersteinwerk","F1","01.01.1973","CCGT",47.85,43080.658534999988,38.887718040621266]
[null,null,"BNA1040","RWE Generation SE","Gersteinwerk","G1","01.01.1973","CCGT",47.85,43128.508534999986,38.887718040621266]
[null,null,"BNA1045","RWE Generation SE","Gersteinwerk","G2","01.01.1973","CCGT",308.85000000000002,43437.358534999985,38.887718040621266]
[null,null,"BNA0497","Infraserv GmbH & Co. Höchst KG","ADS-Anlage",null,"01.11.2012","OCGT",83.954999999999998,43521.313534999987,39.05145914396887]
[null,null,"BNA1437","Aluminium Oxid Stade GmbH","KWK AOS GmbH","GT 1/2","01.05.2012","OCGT",26.726399999999998,43548.039934999986,39.05145914396887]
[null,null,"BNA1486","ROMONTA GmbH","Grubenheizkraftwerk",null,"01.07.1979","Lignite",39.15,43587.189934999988,39.180091533180786]
[null,null,"BNA1488","KG Deutsche Gasrußwerke GmbH & Co.",null,null,"1984 / 1989","CCGT",13.92,43601.109934999986,39.29410628019324]
[null,null,"BNA0510b","SWK Stadtwerke Kaiserslautern, Versorgungs-AG","HKW Karcherstr.",20,"26.11.1996","Coal",10.050000000000001,43611.159934999989,39.478602409638555]
[null,null,"BNA1044","RWE Generation SE","Gersteinwerk","F2","1973-01-01","CCGT",308.85000000000002,43920.009934999987,39.66282926829269]
[null,null,"BNA0135","Braunschweiger Versorgungs-AG & Co. KG","HKW-Mitte","Block 12","15.07.1971","CCGT",17.399999999999999,43937.409934999989,39.709426129426134]
[null,null,"BNA1085","Heizkraftwerk Würzburg GmbH","Heizkraftwerke an der Friedensbrücke","TSIII","01.01.1971","CCGT",20.010000000000002,43957.419934999991,39.709426129426134]
[null,null,"BNA0849","EnBW Energie Baden-Württemberg AG","KNG Kraftwerk Rostock","Rostock","01.10.1994","Coal",385.5,44342.919934999991,39.944195121951225]
[null,null,"BNA0700","RWE Power AG","Neurath","E","22.02.1976","Lignite",525.48,44868.399934999994,39.968224299065426]
[null,null,"BNA0660","Evonik Degussa GmbH","Kraftwerk I  ","Block 4 ","01.06.1971","Coal",41.67,44910.069934999992,39.991379731379737]
[null,null,"BNA1868","Mainova AG","HKW West M5","M5","01.01.2018","CCGT",33.669000000000004,44943.738934999994,40.153063241106722]
[null,null,"BNA1909","EnBW Energie Baden-Württemberg AG","HKW 3 Stuttgart-Gaisburg","HKW3","29.08.2018","CCGT",25.361370000000001,44969.100304999993,40.153063241106722]
[null,null,"BNA0402","Wärme Hamburg GmbH","Tiefstack","Tiefstack","01.03.1993","Coal",145.5,45114.600304999993,40.181276073619628]
[null,null,"BNA0403","Wärme Hamburg GmbH","Wedel","Wedel 2","23.07.1962","Coal",92.25,45206.850304999993,40.181276073619628]
[null,null,"BNA0404","Wärme Hamburg GmbH","Wedel","Wedel 1","01.01.1961","Coal",102.75,45309.600304999993,40.181276073619628]
[null,null,"BNA0646a","Grosskraftwerk Mannheim AG","GKM ","Block 8","05.04.1993","Coal",326.25,45635.850304999993,40.181276073619628]
[null,null,"BNA0699","RWE Power AG","Neurath","D","24.06.1975","Lignite",528.09,46163.940304999989,40.238352941176473]
[null,null,"BNA1028","RWE Power AG","Weisweiler","H","18.01.1975","Lignite",570.72,46734.66030499999,40.238352941176473]
[null,null,"BNA0081","Vattenfall Wärme Berlin AG","Klingenberg","Klingenberg","13.08.1981","CCGT",142.68,46877.340304999991,40.25838493931137]
[null,null,"BNA0361","KGW - Kraftwerk Grenzach-Wyhlen GmbH","Kraftwerk Grenzach-Wyhlen",null,"20.12.2017","CCGT",26.1,46903.440304999989,40.25838493931137]
[null,null,"BNA1187","Pfeifer & Langen GmbH & Co. KG","P&L Werk Lage","Kessel 1/2/3","12.09.2017","CCGT",8.8739999999999988,46912.314304999993,40.25838493931137]
[null,null,"BNA1873","BMW AG","KWK Dingolfing BA 1","KWK Dingolfing BA1","15.11.2017","CCGT",13.92,46926.234304999991,40.25838493931137]
[null,null,"BNA1676","Evonik Degussa GmbH","Kraftwerk IV",1,"13.02.2016","CCGT",52.861199999999997,46979.09550499999,40.364282165921509]
[null,null,"BNA1818","RheinEnergie AG","Niehl 3","Niehl 31","29.04.2016","CCGT",400.113,47379.208504999988,40.364282165921509]
[null,null,"BNA1859","Ford-Werke GmbH","Ford Saarlouis",null,2016,"CCGT",19.14,47398.348504999987,40.364282165921509]
[null,null,"BNA1862","BMW AG","Regensburg",null,"20.08.2016","CCGT",2.3054999999999999,47400.654004999989,40.364282165921509]
[null,null,"BNA1904","Stadtwerke Flensburg GmbH","K5/T7",null,"01.10.2016","CCGT",25.23,47425.884004999993,40.364282165921509]
[null,null,"BNA0377","Uniper Kraftwerke GmbH ","Staudinger",5,"01.01.1992","Coal",382.5,47808.384004999993,40.42128395061728]
[null,null,"BNA1405a","Fernwärme Ulm GmbH","Heizkraftwerk Magirusstraße",null,"17.11.1992","Coal",15.524999999999999,47823.909004999994,40.42128395061728]
[null,null,"BNA1027","RWE Power AG","Weisweiler","G","14.02.1974","Lignite",576.80999999999995,48400.719004999992,40.512322274881519]
[null,null,"BNA0239","Uniper Kraftwerke GmbH ","Huntorf",null,"01.01.1978","OCGT",279.27,48679.989004999989,40.551971688574319]
[null,null,"BNA1023","RWE Power AG","Weisweiler","G_VGT","04.08.2006","OCGT",174,48853.989004999989,40.551971688574319]
[null,null,"BNA1024","RWE Power AG","Weisweiler","H_VGT","19.12.2006","OCGT",174,49027.989004999989,40.551971688574319]
[null,null,"BNA1248b","UPM GmbH","HKW3 UPM Schongau","HKW 3","20.12.2014","CCGT",66.12,49094.109004999991,40.577822177822185]
[null,null,"BNA1292b","Sales & Solutions GmbH","IHKW Heidenheim","BHKW-Anlage","06.11.2014","CCGT",16.442999999999998,49110.55200499999,40.577822177822185]
[null,null,"BNA1677","Volkswagen AG","BHKW Braunschweig",null,"27.07.2014","CCGT",9.048,49119.600004999993,40.577822177822185]
[null,null,"BNA1678","Flughafen München GmbH","Energiezentrale 2016",null,"09.12.2014","CCGT",14.616,49134.216004999995,40.577822177822185]
[null,null,"BNA0863","Salzgitter Flachstahl GmbH","Kraftwerk Salzgitter","AB","01.07.1939","CCGT",82.215000000000003,49216.431004999991,40.616899999999994]
[null,null,"BNA1458",null,null,null,"15.01.1976","CCGT",24.316499999999998,49240.747504999992,40.616899999999994]
[null,null,"BNA1463","Smurfit Kappa Herzberger Papierfabrik GmbH",null,null,"01.01.1978","CCGT",16.965,49257.712504999989,40.616899999999994]
[null,null,"BNA0969b","SWM Services GmbH","Nord 2",2,"15.12.1991","Coal",249.52499999999998,49507.23750499999,40.664273291925468]
[null,null,"BNA0111","Stadtwerke Bochum Holding GmbH","HKW Hiltrop",null,"01.12.2013","CCGT",38.28,49545.517504999989,40.685474580515901]
[null,null,"BNA0117b","Energie- und Wasserversorgung Bonn/Rhein-Sieg GmbH","Heizkraftwerk Karlstraße","Heizkraftwerk Karlstraße","01.11.2013","CCGT",82.65,49628.16750499999,40.685474580515901]
[null,null,"BNA0804","K+S AG","Hattorf","Hattorf","01.01.2013","CCGT",45.24,49673.407504999988,40.685474580515901]
[null,null,"BNA1260","Daimler AG","Heizkraftwerk Sindelfingen","Sammelschienen-HKW","21.11.2013","CCGT",82.65,49756.05750499999,40.685474580515901]
[null,null,"BNA1504","Daimler AG","BHKW",null,"20.02.2013","CCGT",11.344799999999999,49767.402304999989,40.685474580515901]
[null,null,"BNA1531","Industriekraftwerk Greifswald GmbH","Industriekraftwerk Greifswald",null,"01.12.2013","CCGT",33.06,49800.462304999986,40.685474580515901]
[null,null,"BNA1541","Freiberger Erdgas GmbH","HKW Freiberg",null,"25.09.2013","CCGT",11.64321,49812.105514999988,40.685474580515901]
[null,null,"BNA1464","ZF Friedrichshafen AG","Gas- u. Dampfturbinenanlage Südraum",null,"01.04.2012","CCGT",33.590699999999998,49845.696214999989,40.793721747865398]
[null,null,"BNA1492a","Papierfabrik Adolf Jass GmbH & Co. KG","Kraftwerk 3",null,"01.09.2012","CCGT",22.794,49868.490214999991,40.793721747865398]
[null,null,"BNA1503","Daimler AG","BHKW H.120",null,"31.10.2012","CCGT",18.357000000000003,49886.847214999994,40.793721747865398]
[null,null,"BNA1861","BMW AG","Regensburg",null,"29.10.2012","CCGT",9.2219999999999995,49896.069214999996,40.793721747865398]
[null,null,"BNA1502","SWK ENERGIE GmbH","Heizkraftwerk Krefeld",null,"01.03.2011","CCGT",10.962,49907.031214999995,40.902568622513222]
[null,null,"BNA0085a","Vattenfall Wärme Berlin AG","Moabit","Moabit A","24.11.1989","Coal",66.75,49973.781214999995,40.910299999999999]
[null,null,"BNA0758","Energieversorgung Offenbach AG","Heizkraftwerk Offenbach",null,"15.02.1990","Coal",40.5,50014.281214999995,40.910299999999999]
[null,null,"BNA0801","Heizkraftwerk Pforzheim GmbH","Heizkraftwerk Pforzheim GmbH","Wirbelschichtblock","18.01.1990","Coal",20.174999999999997,50034.456214999998,40.910299999999999]
[null,null,"BNA0194","Fernwärmeversorgungs-GmbH Dessau","Kraftwerk Dessau",null,"01.01.1996","CCGT",33.93,50068.386214999999,41.012020202020203]
[null,null,"BNA0238b","ArcelorMittal Eisenhüttenstadt GmbH","IKW","Block 7",2013,"CCGT",48.72,50117.106215,41.012020202020203]
[null,null,"BNA0864","Salzgitter Flachstahl GmbH","Kraftwerk Salzgitter","Block 1","15.06.2010","CCGT",84.39,50201.496214999999,41.012020202020203]
[null,null,"BNA0865b","Salzgitter Flachstahl GmbH","Kraftwerk Salzgitter","Block 2","15.08.2010","CCGT",84.39,50285.886214999999,41.012020202020203]
[null,null,"BNA1115","Aktien-Gesellschaft der Dillinger Hüttenwerke, ROGESA Roheisengesellschaft Saar mbH und Zentralkokerei Saar GmbH, als Bruchteilsgemeinschaft","Gichtgaskraftwerk Dillingen",null,"20.10.2010","CCGT",73.95,50359.836214999996,41.012020202020203]
[null,null,"BNA1182","RheinEnergie AG","HKW Merkenich","Block 4","12.10.2010","CCGT",13.484999999999999,50373.321214999996,41.012020202020203]
[null,null,"BNA1935","Vattenfall Wärme Berlin AG","Lichterfelde",null,"2019-04-11","CCGT",251.43,50624.751214999997,41.012020202020203]
[null,null,"BNA1937","Mainova AG","Dampfturbine 5","DT 5","01.01.2018","CCGT",33.669000000000004,50658.420214999998,41.012020202020203]
[null,null,"BNA0696","RWE Power AG","Neurath","A","14.10.1972","Lignite",255.78,50914.200214999997,41.072115384615401]
[null,null,"BNA0697","RWE Power AG","Neurath","B","30.06.1972","Lignite",255.78,51169.980214999996,41.072115384615401]
[null,null,"BNA0033","Stadtwerke Augsburg Energie GmbH","Gasturbine","GT","15.01.2004","OCGT",26.709,51196.689214999999,41.078790983606552]
[null,null,"BNA0290","Mainova AG","HKW West","Block 3","01.01.1989","Coal",46.125,51242.814214999999,41.159421383647796]
[null,null,"BNA0420","enercity AG","GKH","Block1","26.01.1989","Coal",102,51344.814214999999,41.159421383647796]
[null,null,"BNA0421","enercity AG","GKH","Block2","21.06.1989","Coal",102,51446.814214999999,41.159421383647796]
[null,null,"BNA0999","Steag GmbH","Heizkraftwerk","HKV","30.11.1989","Coal",158.25,51605.064214999999,41.159421383647796]
[null,null,"BNA1196a","MVV Energie AG","BHKW Ludwigshafen","BHKW ","12.06.2008","CCGT",10.875,51615.939214999999,41.232757745048254]
[null,null,"BNA0243","Palm Power GmbH & Co. KG","HKW Eltmann",null,"28.12.2007","CCGT",49.589999999999996,51665.529214999995,41.34405398523046]
[null,null,"BNA1078","Palm Power GmbH & Co. KG","HKW Wörth",null,"30.11.2007","CCGT",51.33,51716.859214999997,41.34405398523046]
[null,null,"BNA0087","Vattenfall Wärme Berlin AG","Reuter West","Reuter West E","04.08.1988","Coal",211.5,51928.359214999997,41.411696202531644]
[null,null,"BNA0216a","Steag GmbH","KW Walsum","Walsum 9","01.06.1988","Coal",277.5,52205.859214999997,41.411696202531644]
[null,null,"BNA0289b","Mainova AG","HKW West","Block 2","01.01.1988","Coal",46.125,52251.984214999997,41.411696202531644]
[null,null,"BNA1056","InfraServ GmbH & Co. Wiesbaden KG","Wi-Biebrich","Block 1","26.06.2006","CCGT",21.76305,52273.747264999998,41.455975485188972]
[null,null,"BNA0392a","EVH GmbH","HKW Halle Trotha","Block A und B","27.08.2005","CCGT",84.39,52358.137264999998,41.56852752880922]
[null,null,"BNA0527","Stadtwerke Kiel AG","HKW Humboldtstr.",null,"27.04.2005","CCGT",18.704999999999998,52376.842264999999,41.56852752880922]
[null,null,"BNA1121","RÜTGERS Germany GmbH","Energiezentrale","Energiecenter","09.01.2005","CCGT",0.76559999999999995,52377.607864999998,41.56852752880922]
[null,null,"BNA0086","Vattenfall Wärme Berlin AG","Reuter West","Reuter West D","14.12.1987","Coal",211.5,52589.107864999998,41.667184713375789]
[null,null,"BNA0793","Uniper Kraftwerke GmbH ","Heyden",4,"01.01.1987","Coal",656.25,53245.357864999998,41.667184713375789]
[null,null,"BNA0202","RWE Generation SE","Dortmund","KDO","22.03.2004","CCGT",22.62,53267.977865000001,41.681715459681563]
[null,null,"BNA0285","Mainova AG","HKW Niederrad","Block 1","01.01.2004","CCGT",60.9,53328.877865000002,41.681715459681563]
[null,null,"BNA1327b","Terminal 2 Gesellschaft mbH & Co oHG","Erweiterung Energiezentrale 2003","AGG8 - AGG9",2003,"CCGT",6.4728000000000003,53335.350665000005,41.79554468194695]
[null,null,"BNA0174","InfraServ GmbH & Co. Gendorf KG","Industriepark Werk Gendorf",null,"19.07.2002","CCGT",63.596999999999994,53398.947665000007,41.910020661157027]
[null,null,"BNA0213","Stadtwerke Duisburg AG","HKW III/A","HKW III/A","01.01.2002","CCGT",34.799999999999997,53433.74766500001,41.910020661157027]
[null,null,"BNA1165","Pfeifer & Langen GmbH & Co. KG","P&L Werk Appeldorn","Lentjes-Kessel","23.09.2002","CCGT",9.918000000000001,53443.665665000008,41.910020661157027]
[null,null,"BNA1151","innogy SE","KWKK Heidelberg",null,"21.12.2001","CCGT",11.744999999999999,53455.41066500001,42.025148925148926]
[null,null,"BNA1193","Stadtwerke Lemgo GmbH","HKW-West",null,"01.10.2001","CCGT",10.962,53466.37266500001,42.025148925148926]
[null,null,"BNA1315","Universitätsklinikum Freiburg AdöR","HKW","HKW","01.01.2001","CCGT",23.49,53489.862665000008,42.025148925148926]
[null,null,"BNA1328","HBB Heizkraftwerk Bauernfeind Betreibergesellschaft mbh","HBB","GUD","01.02.2001","CCGT",20.88,53510.742665000005,42.025148925148926]
[null,null,"BNA0598a","InfraLeuna GmbH","ILK-EKT","EKT","14.02.2000","CCGT",12.18,53522.922665000006,42.140935064935064]
[null,null,"BNA0957","Stadtwerke Tübingen GmbH","BHKW Obere Viehweide"," -","18.04.2000","CCGT",11.657999999999999,53534.580665000009,42.140935064935064]
[null,null,"BNA1138","Stadtwerke Erkrath GmbH","BHKW an Klinkerweg","Module 1, 2 und 3","01.04.2000","CCGT",8.8739999999999988,53543.454665000012,42.140935064935064]
[null,null,"BNA1238","Molkerei MEGGLE Wasserburg GmbH & Co. KG","Kraftwerk Meggle",null,"01.06.2000","CCGT",13.137,53556.591665000014,42.140935064935064]
[null,null,"BNA0074","Vattenfall Wärme Berlin AG","Charlottenburg","Charlottenburg","01.01.1975","OCGT",125.28,53681.871665000013,42.175684210526313]
[null,null,"BNA0336","Uniper Kraftwerke GmbH ","FWK Buer",null,"01.01.1985","Coal",52.5,53734.371665000013,42.188051612903223]
[null,null,"BNA1076a","Volkswagen AG","HKW West","Block 1","01.11.1985","Coal",103.875,53838.246665000013,42.188051612903223]
[null,null,"BNA1076b","Volkswagen AG","HKW West","Block 2","01.11.1985","Coal",103.875,53942.121665000013,42.188051612903223]
[null,null,"BNA0705","RWE Power AG","Niederaußem","D","31.05.1968","Lignite",258.39,54200.511665000013,42.241584158415847]
[null,null,"BNA0556a","Cargill Deutschland GmbH","KWK-Anlage Krefeld DT","Dampfturbine","01.07.1999","CCGT",22.446000000000002,54222.957665000016,42.257384735608234]
[null,null,"BNA1117","Pirelli Deutschland GmbH","Industriekraftwerk Breuberg",null,"01.08.1999","CCGT",9.918000000000001,54232.875665000014,42.257384735608234]
[null,null,"BNA1403","Neptune Energy Deutschland GmbH","Steinitz","GUD","01.01.1999","CCGT",9.918000000000001,54242.793665000012,42.257384735608234]
[null,null,"BNA0354","Georg-August-Universität Göttingen Stiftung Öffentlichen Rechts","HKW Göttingen",null,"01.01.1998","CCGT",16.356000000000002,54259.149665000012,42.374503657262281]
[null,null,"BNA1396","Energieversorgungscenter Dresden-Wilschdorf GmbH & Co. KG","EVC / GLOBALFOUNDRIES","EVC I","01.10.1998","CCGT",29.840999999999998,54288.990665000012,42.374503657262281]
[null,null,"BNA0936","EnBW Energie Baden-Württemberg AG","Restmüll-Heizkraftwerk Stuttgart-Münster","MÜN DT15","01.01.1984","Coal",33.75,54322.740665000012,42.453558441558442]
[null,null,"BNA1125","Merck KGaA","Heizkraftwerk","GT","20.12.1999","OCGT",8.6999999999999993,54331.440665000009,42.459353471118177]
[null,null,"BNA0129","StWB Stadtwerke Brandenburg an der Havel GmbH & Co. KG","HKW",null,1997,"CCGT",31.32,54362.760665000009,42.492297615928749]
[null,null,"BNA1074","envia THERM GmbH","Spitzenlastkraftwerk Wolfen",null,"25.03.1997","CCGT",34.799999999999997,54397.560665000012,42.492297615928749]
[null,null,"BNA1407","Schoeller Technocell GmbH & Co. KG","STW",null,"14.05.1997","CCGT",16.2864,54413.847065000009,42.492297615928749]
[null,null,"BNA1026","RWE Power AG","Weisweiler","F","04.09.1967","Lignite",279.27,54693.117065000006,42.544887780548642]
[null,null,"BNA0814","Energie und Wasser Potsdam GmbH","HKW Potsdam-Süd","Gesamtanlage","01.01.1996","CCGT",71.165999999999997,54764.283065000003,42.610772464529688]
[null,null,"BNA1089","K+S AG","Zielitz","Zielitz","01.01.1996","CCGT",23.49,54787.773065000001,42.610772464529688]
[null,null,"BNA1094","Smurfit Kappa Zülpich Papier GmbH","Gaskraftwerk","GKW","01.04.1996","CCGT",13.137,54800.910065000004,42.610772464529688]
[null,null,"BNA1402","Delkeskamp Verpackungswerke GmbH","Heizkraftwerk zur Papierfabrik",null,"24.01.1996","CCGT",15.747000000000002,54816.657065000007,42.610772464529688]
[null,null,"BNA1509","BP Europa SE","BP Werk Lingen",null,"01.01.1996","CCGT",57.42,54874.077065000005,42.610772464529688]
[null,null,"BNA1264","Stadtwerke Suhl/Zella-Mehlis GmbH","HKW Bohrhügel",null,"02.12.1995","CCGT",11.744999999999999,54885.822065000008,42.729934123847173]
[null,null,"BNA1271","K+S AG","Unterbreizbach","Unterbreizbach","01.01.1995","CCGT",17.399999999999999,54903.222065000009,42.729934123847173]
[null,null,"BNA1293c","Martinswerk GmbH","Kraftwerk","K3+4/TG4","01.02.1995","CCGT",2.61,54905.83206500001,42.729934123847173]
[null,null,"BNA1332","INEOS Solvents Germany GmbH","INEOS Kraftwerk","TG7/8",1995,"CCGT",20.88,54926.712065000007,42.729934123847173]
[null,null,"BNA0051","Cargill Deutschland GmbH","KWK-Anlage Barby","-","01.05.1994","CCGT",15.486000000000001,54942.198065000004,42.849788583509508]
[null,null,"BNA0286","Mainova AG","HKW West","Block 4","01.01.1994","CCGT",86.13,55028.328065000002,42.849788583509508]
[null,null,"BNA0386","Mohn Media Mohndruck GmbH","Energiezentrum Mohn Media",null,"28.03.1994","CCGT",21.75,55050.078065000002,42.849788583509508]
[null,null,"BNA0896","Energieversorgung Schwerin GmbH & Co. Erzeugung KG","HKW Schwerin Süd",null,"01.12.1994","CCGT",39.062999999999995,55089.141065000003,42.849788583509508]
[null,null,"BNA0897","Energieversorgung Schwerin GmbH & Co. Erzeugung KG","HKW Schwerin Lankow",null,"01.12.1994","CCGT",20.010000000000002,55109.151065000005,42.849788583509508]
[null,null,"BNA1105","TEAG Thüringer Energie AG","HKW Bad Salzungen","HKW Bad Salzungen","01.10.1994","CCGT",8.4390000000000001,55117.590065000004,42.849788583509508]
[null,null,"BNA1489","Stadtwerke - Altmärkische Gas-, Wasser- u. E-Werke Stendal GmbH","Heizkraftwerk Stendal",null,"04.10.1994","CCGT",11.484,55129.074065000001,42.849788583509508]
[null,null,"BNA0025","Suiker Unie GmbH & Co. KG","Kesselhaus Zuckerfabrik",null,"26.09.1993","CCGT",13.137,55142.211065000003,42.97034190299496]
[null,null,"BNA0233","Stora Enso Sachsen GmbH","Kombikraftwerk",null,"01.09.1993","CCGT",40.542000000000002,55182.753065000004,42.97034190299496]
[null,null,"BNA0401","ADM Hamburg Aktiengesellschaft","Heizkraftwerk","HKW","01.07.1993","CCGT",19.574999999999999,55202.328065000002,42.97034190299496]
[null,null,"BNA1400b","Südzucker AG, Werk Zeitz","EZ1","DTI","01.09.1993","CCGT",20.271000000000001,55222.599065000002,42.97034190299496]
[null,null,"BNA1505","Opel Automobile GmbH","HKW Wiesengrund",null,"12.10.1993","CCGT",19.227,55241.826065000001,42.97034190299496]
[null,null,"BNA0261b","Erlanger Stadtwerke AG","HKW Erlangen","K6 DT2","04.03.1982","Coal",13.049999999999999,55254.876065000004,42.995052631578943]
[null,null,"BNA0645","Grosskraftwerk Mannheim AG","GKM ","Block 7","01.11.1982","Coal",318.75,55573.626065000004,42.995052631578943]
[null,null,"BNA0935","EnBW Energie Baden-Württemberg AG","Restmüll-Heizkraftwerk Stuttgart-Münster","MÜN DT12","01.01.1982","Coal",33.75,55607.376065000004,42.995052631578943]
[null,null,"BNA0998","Steag GmbH","Modellkraftwerk","MKV","15.08.1982","Coal",134.25,55741.626065000004,42.995052631578943]
[null,null,"BNA0015","EnBW Energie Baden-Württemberg AG","Heizkraftwerk Altbach/Deizisau","ALT GT E (solo)","01.01.1997","OCGT",56.55,55798.176065000007,43.03858140784525]
[null,null,"BNA1406","FS-Karton GmbH","FS-Karton",null,1992,"CCGT",16.42473,55814.600795000006,43.09160021265285]
[null,null,"BNA0712","RWE Power AG","Niederaußem","C","27.06.1965","Lignite",256.64999999999998,56071.250795000007,43.165316455696214]
[null,null,"BNA1025","RWE Power AG","Weisweiler","E","02.12.1965","Lignite",279.27,56350.520795000004,43.165316455696214]
[null,null,"BNA1284","Grace GmbH","Co-Generation","-","27.08.1991","CCGT",10.005000000000001,56360.525795000001,43.213569714742739]
[null,null,"BNA0067","STEAG GmbH","Bergkamen","A","02.07.1981","Coal",537.75,56898.275795000001,43.271178807947024]
[null,null,"BNA0156b","Egger Holzwerkstoffe Brilon GmbH & Co. KG","Egger Kraftwerk Brilon","Gasturbinen - KWK - Anlage","01.05.1996","OCGT",11.744999999999999,56910.020795000004,43.33430735930736]
[null,null,"BNA0360","Stadtwerke Greifswald GmbH","HKW \"Helmshäger Berg\"","Gasturbine","01.01.1996","OCGT",12.789,56922.809795000001,43.33430735930736]
[null,null,"BNA1523c","Moritz J. Weig GmbH & Co KG","Gemeinschaftskraftwerk Weig","Block 3 (Kessel 3 und 4, DT 2 und 3 anteilig)","01.01.1992","CCGT",8.9610000000000003,56931.770795000004,43.336256684491978]
[null,null,"BNA0510a","SWK Stadtwerke Kaiserslautern, Versorgungs-AG","HKW Karcherstr.",10,"18.09.1989","CCGT",10.092000000000001,56941.862795000001,43.459667471171898]
[null,null,"BNA1335a","Papier- u. Kartonfabrik Varel GmbH & Co. KG","PKV Kraftwerk","KWK-Blöcke",1989,"CCGT",50.547000000000004,56992.409795,43.459667471171898]
[null,null,"BNA1097","Smurfit Kappa Zülpich Papier GmbH","Kohlekraftwerk","K06","30.06.1964","Lignite",16.965,57009.374794999996,43.482653061224497]
[null,null,"BNA1451","Venator Germany GmbH","HKW Sachtleben",null,"30.06.1964","Lignite",23.925000000000001,57033.299794999999,43.482653061224497]
[null,null,"BNA1467","Koehler SE",null,null,"01.12.1986","Coal",13.875,57047.174794999999,43.550986666666667]
[null,null,null,"Nicht-EEG-Anlagen < 10 MW",null,null,null,"Coal",14.8065,57061.981294999998,43.550986666666667]
[null,null,"BNA0521","Städtische Werke Energie + Wärme GmbH","Kombi-HKW",null,"18.07.1988","CCGT",42.029699999999998,57104.010994999997,43.583808499193111]
[null,null,"BNA1333a","Universität Stuttgart","HKW Pfaffenwald","Anlage 40","01.07.1988","CCGT",10.597470000000001,57114.608464999998,43.583808499193111]
[null,null,"BNA1444d","Prinovis GmbH & Co. KG","GT4 ",null,"01.01.1995","OCGT",4.4369999999999994,57119.045464999996,43.634223433242511]
[null,null,"BNA0146","swb Erzeugung AG & Co. KG","KW Hafen","Block 6","01.12.1979","Coal",227.25,57346.295464999996,43.834550335570469]
[null,null,"BNA1444c","Prinovis GmbH & Co. KG","GT3 ",null,"01.01.1994","OCGT",4.4369999999999994,57350.732464999994,43.938419319429201]
[null,null,"BNA0515","Stadtwerke Karlsruhe GmbH","Heizkraftwerk West","T3","01.01.1984","CCGT",32.19,57382.922464999996,44.087806205770278]
[null,null,"BNA1444a","Prinovis GmbH & Co. KG","GT1 ",null,"01.01.1993","OCGT",3.6539999999999999,57386.576464999998,44.246987285793253]
[null,null,"BNA1444b","Prinovis GmbH & Co. KG","GT2 ",null,"01.01.1993","OCGT",3.6539999999999999,57390.230465000001,44.246987285793253]
[null,null,"BNA1492b","Papierfabrik Adolf Jass GmbH & Co. KG","Kraftwerk 2",null,"30.03.1982","CCGT",6.5076000000000001,57396.738064999998,44.344359255202633]
[null,null,"BNA0600a","Currenta GmbH & Co. OHG","X-Kraftwerk",null,"01.01.1981","CCGT",21.75,57418.488064999998,44.47379840703104]
[null,null,"BNA0614a","BASF SE","KW Mitte","GT 1","29.02.1992","OCGT",40.89,57459.378064999997,44.560022271714928]
[null,null,"BNA1249","UPM GmbH","UPM Schongau","Heizkraftwerk 2","21.01.1989","CCGT",5.22,57464.598064999998,44.604022038567493]
[null,null,"BNA1658","Stadtwerke Lemgo GmbH","HKW-Mitte",null,"01.04.1980","CCGT",8.786999999999999,57473.385064999995,44.604022038567493]
[null,null,"BNA1061","Uniper Kraftwerke GmbH ","Wilhelmshaven",1,"01.01.1976","Coal",567.75,58041.135064999995,44.708547945205481]
[null,null,"BNA0172b","Wacker Chemie AG","Burghausen 01 - DT",null,"14.05.1979","CCGT",43.5,58084.635064999995,44.735037303122411]
[null,null,"BNA1408","Evonik Degussa GmbH","Heizkraftwerk Evonik Rheinfelden",null,"13.08.1979","CCGT",13.6416,58098.276664999998,44.735037303122411]
[null,null,"BNA1120","RÜTGERS Germany GmbH","Energiezentrale","Gasturbine","01.06.1991","OCGT",8.8739999999999988,58107.150665000001,44.877621985417839]
[null,null,"BNA0232c","Sappi Ehingen GmbH","Werkskraftwerk Sappi Ehingen",null,"07.07.1977","CCGT",3.48,58110.630665000004,44.999471782040587]
[null,null,"BNA0098","Stadtwerke Bielefeld GmbH","HKW Schildescher Straße",null,"1977-05-20","CCGT",20.010000000000002,58130.640665000006,44.999471782040587]
[null,null,"BNA1104","Stadtwerke Augsburg Energie GmbH","Heizkraftwerk","T2","15.12.1976","CCGT",17.747999999999998,58148.388665000006,45.132905744562194]
[null,null,null,"Nicht-EEG-Anlagen < 10 MW",null,null,null,"OCGT",3105.5751862433272,61253.96385124333,45.199887005649721]
[null,null,"BNA1285","K+S AG","Sigmundshall","Sigmundshall","01.01.1974","CCGT",9.57,61263.53385124333,45.402244668911337]
[null,null,"BNA0834","Solvay Chemicals GmbH","Solvay Kraftwerk Rheinberg",null,1975,"Coal",59.25,61322.78385124333,45.619216783216785]
[null,null,"BNA1821","Bayer AG","Energieversogung Wedding",null,"25.05.1972","CCGT",13.05,61335.833851243333,45.674929418407679]
[null,null,"BNA0752","Energieversorgung Oberhausen AG","HKW 1","HKW 1","20.01.1971","CCGT",20.097000000000001,61355.930851243334,45.812546020957235]
[null,null,"BNA0142","ArcelorMittal Bremen GmbH","KW Mittelsbüren","Block 4","1905-05-28","CCGT",139.19999999999999,61495.130851243332,45.951022727272729]
[null,null,"BNA0396","ThyssenKrupp Steel Europe AG","Duisburg Hamborn 4","Block 4","01.01.1976","CCGT",87.87,61583.000851243334,45.951022727272729]
[null,null,"BNA1333b","Universität Stuttgart","HKW Pfaffenwald","Block 50","01.07.1969","CCGT",9.8637990000000002,61592.864650243333,46.09036762610431]
[null,null,"BNA1524","Sales & Solutions GmbH","Heizkraftwerk Bomlitz",null,"01.06.1969","CCGT",11.092499999999999,61603.957150243332,46.09036762610431]
[null,null,"BNA1333c","Universität Stuttgart","HKW Pfaffenwald","Block 60","01.07.1968","CCGT",10.108356000000001,61614.065506243329,46.2305889079474]
[null,null,"BNA1335b","Papier- u. Kartonfabrik Varel GmbH & Co. KG","PKV Kraftwerk","Kondensationsturbine",1968,"CCGT",0.41759999999999997,61614.48310624333,46.2305889079474]
[null,null,"BNA0557b","Currenta GmbH & Co. OHG","Kraftwerk N 230",null,"01.01.1971","Coal",82.5,61696.98310624333,46.247858156028371]
[null,null,"BNA0926b","Sappi Stockstadt GmbH","Heizkraftwerk der Sappi Stockstadt GmbH","Konventionelles Sammelschienenkraftwerk Turbine 7","01.01.1970","Coal",18.592500000000001,61715.575606243328,46.568914285714285]
[null,null,"BNA0331","Uniper Kraftwerke GmbH ","Scholven","C","01.01.1969","Coal",258.75,61974.325606243328,46.894589928057556]
[null,null,"BNA0332","Uniper Kraftwerke GmbH ","Scholven","B","01.01.1968","Coal",258.75,62233.075606243328,47.22498550724638]
[null,null,"BNA1516","Südzucker AG Mannheim","HKW 1 Werk Offstein",null,"01.08.1961","CCGT",26.1,62259.175606243327,47.237386729026596]
[null,null,"BNA1046b","RWE Generation SE","Gersteinwerk","K1 ","01.06.1984","OCGT",97.44,62356.615606243329,47.237470449172584]
[null,null,"BNA0218","ThyssenKrupp Steel Europe AG","Duisburg Ruhrort 3","Block 3","01.01.1963","CCGT",82.65,62439.265606243331,47.384926686217007]
[null,null,"BNA0219","ThyssenKrupp Steel Europe AG","Duisburg Ruhrort 4","Block 4","01.01.1968","CCGT",147.9,62587.165606243332,47.384926686217007]
[null,null,"BNA1870","Orion Engineered Carbons GmbH","Werk Kalscheuren",null,"01.01.1967","CCGT",23.055,62610.220606243332,47.384926686217007]
[null,null,"BNA1938","Papierfabrik Palm GmbH & Co. KG","KWK-Anlage Neukochen","Neukochen 10","1960-01-01","CCGT",13.05,62623.270606243335,47.384926686217007]
[null,null,"BNA0217","ThyssenKrupp Steel Europe AG","Duisburg Ruhrort 2","Block 2","01.01.1955","CCGT",52.2,62675.470606243332,48.914424242424239]
[null,null,"BNA0238a","ArcelorMittal Eisenhüttenstadt GmbH","IKW",null,"01.01.1954","CCGT",39.15,62714.620606243334,48.914424242424239]
[null,null,"BNA0395","ThyssenKrupp Steel Europe AG","Duisburg Hamborn 3","Block 3","01.01.1958","CCGT",51.33,62765.950606243336,48.914424242424239]
[null,null,"BNA1399","OXEA Produktion GmbH & Co.KG","Oxea GmbH",null,"01.01.1929","CCGT",33.06,62799.010606243333,48.914424242424239]
[null,null,"BNA1336","Henkel AG & Co. KGaA","Holthausen",null,"01.01.1948","CCGT",73.08,62872.090606243335,49.232641854789506]
[null,null,"BNA0600b","Currenta GmbH & Co. OHG","G-Kraftwerk",null,"01.01.1962","Coal",77.25,62949.340606243335,49.312484848484843]
[null,null,"BNA0012b","Sappi Alfeld GmbH","Werkskraftwerk Sappi Alfeld","Gaskraftwerk",1947,"CCGT",9.57,62958.910606243335,49.393357820630548]
[null,null,"BNA1131","Metsä Tissue GmbH (Werk Düren)","MT, Düren",null,"01.01.1940","CCGT",12.18,62971.090606243335,50.549404388714741]
[null,null,"BNA0018","EnBW Energie Baden-Württemberg AG","Heizkraftwerk Altbach/Deizisau","ALT GT C","01.01.1975","OCGT",70.47,63041.560606243336,50.672253968253969]
[null,null,"BNA0221a","Stadtwerke Düsseldorf AG","GT","Block E GTE2","21.02.1975","OCGT",56.289000000000001,63097.849606243333,50.672253968253969]
[null,null,"BNA0221b","Stadtwerke Düsseldorf AG","GT","Block E GTE1","19.11.1974","OCGT",58.029000000000003,63155.878606243336,51.08565941101152]
[null,null,"BNA0557a","Currenta GmbH & Co. OHG","Kraftwerk L 57",null,"01.01.1957","Coal",19.5,63175.378606243336,51.202740157480321]
[null,null,"BNA0856","TWS Thüringer Wärme Service GmbH","HKW Schwarza",null,"01.08.1936","CCGT",23.055,63198.433606243336,51.235410044500959]
[null,null,"BNA0017","EnBW Energie Baden-Württemberg AG","Heizkraftwerk Altbach/Deizisau","ALT GT B","01.01.1973","OCGT",49.589999999999996,63248.023606243332,51.506003873466753]
[null,null,"BNA0574a","Statkraft Markets GmbH","Landesbergen Gas","Gasturbine","01.01.1973","OCGT",48.72,63296.743606243333,51.506003873466753]
[null,null,"BNA1042","RWE Generation SE","Gersteinwerk","I1","01.01.1973","OCGT",47.85,63344.593606243332,51.506003873466753]
[null,null,"BNA0016","EnBW Energie Baden-Württemberg AG","Heizkraftwerk Altbach/Deizisau","ALT GT A (Solo)","01.01.1971","OCGT",43.5,63388.093606243332,52.368220617202894]
[null,null,"BNA0714","RWE Power AG","Fortuna Nord","Fortuna Nord","01.01.1939","Lignite",13.05,63401.143606243335,53.368138801261843]
[null,null,"BNA0196","Mitteldeutsche Braunkohlengesellschaft mbH","Deuben",null,"09.10.1936","Lignite",58.29,63459.433606243336,54.877922077922086]
[null,null,"BNA0137","Braunschweiger Versorgungs-AG & Co. KG","HKW-Nord","GT","10.05.1965","OCGT",21.75,63481.183606243336,55.141038062283741]
[null,null,"BNA1397a","Ineos Manufacturing Deutschland GmbH","O10","T21","15.01.1964","OCGT",13.484999999999999,63494.668606243336,57.69115942028985]
[null,null,"BNA1397b","Ineos Manufacturing Deutschland GmbH","O10","T22","14.04.1964","OCGT",16.704000000000001,63511.372606243334,57.69115942028985]
[null,null,"BNA1397c","Ineos Manufacturing Deutschland GmbH","O10","T23","30.10.1963","OCGT",13.484999999999999,63524.857606243335,57.69115942028985]
[null,null,"BNA1397d","Ineos Manufacturing Deutschland GmbH","O10","T24","15.06.1966","OCGT",9.048,63533.905606243337,57.69115942028985]
[null,null,"BNA1397e","Ineos Manufacturing Deutschland GmbH","O10","T31","21.03.1967","OCGT",29.231999999999999,63563.137606243341,57.69115942028985]
[null,null,"BNA0491","RWE Power AG","Ville/Berrenrath","Ville/Berrenrath","01.01.1917","Lignite",85.26,63648.397606243343,66.954183266932276]
[null,null,"BNA1331","R.D.M. Arnsberg GmbH","Reno De Medici","HD - Kraftwerk","01.01.1923","Coal",14.2425,63662.640106243343,69.44675268817204]
[null,null,"BNA0318","RhönEnergie Fulda GmbH","Kraftwerk Fulda",null,"01.01.2011","Oil",21.0885,63683.728606243341,76.882145555275741]
[null,null,"BNA0894e","PCK Raffinerie GmbH","IKS PCK Schwedt","SE 4","04.09.2011","Oil",50.15,63733.878606243343,76.882145555275741]
[null,null,"BNA0894c","PCK Raffinerie GmbH","IKS PCK Schwedt","Block 1 SE 1","04.06.1998","Oil",90.1,63823.978606243341,79.716823406478582]
[null,null,"BNA0894d","PCK Raffinerie GmbH","IKS PCK Schwedt","Block 2 SE 2","23.07.1998","Oil",90.1,63914.07860624334,79.716823406478582]
[null,null,"BNA1166","Kreis Weseler Abfallgesellschaft mbH & Co. KG (KWA)","Abfallentsorgungszentrum Asdonkshof","Notstromdiesel","01.04.1997","Oil",4.08,63918.158606243342,79.943673041655757]
[null,null,"BNA0547","Shell Deutschland Oil GmbH","Shell Deutschland Oil GmbH",null,2004,"Oil",82.534999999999997,64000.693606243345,80.296842105263153]
[null,null,"BNA0596","TOTAL Raffinerie Mitteldeutschland GmbH","Raffineriekraftwerk",null,"01.01.1997","Oil",78.625,64079.318606243345,80.296842105263153]
[null,null,"BNA1083","WSW Energie & Wasser AG","Spitzenlastanlage Barmen","Block 2",2008,"Oil",51,64130.318606243345,80.296842105263153]
[null,null,"BNA1280","Basell Polyolefine GmbH","Kraftwerk","D210","03.07.1962","Oil",76.5,64206.818606243345,80.296842105263153]
[null,null,"BNA0369","envia THERM GmbH","Spitzenlastkraftwerk Sermuth",null,"16.10.1995","Oil",14.45,64221.268606243342,80.401317523056662]
[null,null,"BNA0516","MiRO Mineraloelraffinerie Oberrhein GmbH & Co. KG","MiRO","Kesselhaus Werk 1","17.06.1995","Oil",38.25,64259.518606243342,80.401317523056662]
[null,null,"BNA0517","MiRO Mineraloelraffinerie Oberrhein GmbH & Co. KG","MiRO","Kesselhaus Werk 2","17.06.1995","Oil",21.25,64280.768606243342,80.401317523056662]
[null,null,"BNA1293d","Martinswerk GmbH","Kraftwerk","Diesel/G5","01.02.1995","Oil",0.64600000000000002,64281.414606243343,80.401317523056662]
[null,null,"BNA0894b","PCK Raffinerie GmbH","IKS PCK Schwedt","Block 6 SE 6","10.01.1994","Oil",29.324999999999999,64310.73960624334,80.632135306553906]
[null,null,"BNA1337d","DS Smith Paper Deutschland GmbH","Notstromdiesel","Notstromdiesel",1991,"Oil",0.442,64311.181606243343,81.332711276992796]
[null,null,null,"Nicht-EEG-Anlagen < 10 MW",null,null,null,"Oil",426.97950307376175,64738.161109317101,81.56898395721926]
[null,null,"BNA1212","Vereinigte Wertach-Elektrizitätswerke GmbH","DKW Nord",null,"17.11.1988","Oil",9.69,64747.851109317104,82.045723507261968]
[null,null,"BNA0373","envia THERM GmbH","Spitzenlastkraftwerk Großkayna",null,"03.01.1994","Oil",102,64849.851109317104,83.691547749725572]
[null,null,"BNA1007b","Allgäuer Überlandwerk GmbH","SKW Diesel","SKW Diesel","01.09.1978","Oil",8.9249999999999989,64858.776109317107,84.516629711751662]
[null,null,"BNA1227","Vereinigte Wertach-Elektrizitätswerke GmbH","DKW Leinau",null,"05.12.1978","Oil",9.69,64868.466109317109,84.516629711751662]
[null,null,"BNA0083","Vattenfall Wärme Berlin AG","Wilmersdorf","Wilmersdorf GT2 und GT3","01.01.1977","Oil",156.4,65024.86610931711,84.772032249096469]
[null,null,"BNA0766","Uniper Kraftwerke GmbH ","Audorf",null,"01.01.1973","Oil",73.95,65098.816109317107,85.809456797072897]
[null,null,"BNA0759","Uniper Kraftwerke GmbH ","Itzehoe",null,"01.01.1972","Oil",74.8,65173.61610931711,86.072840203274978]
[null,null,"BNA0894a","PCK Raffinerie GmbH","IKS PCK Schwedt","Block 5 SE 5","27.01.1972","Oil",23.8,65197.416109317113,86.072840203274978]
[null,null,"BNA1894","Holcim (Süddeutschland) GmbH",null,null,"20.03.2007","Other",8.6019999999999985,65206.018109317112,86.450424242424248]
[null,null,null,"Nicht-EEG-Anlagen < 10 MW",null,null,null,"Other",477.09446849999995,65683.112577817112,86.450424242424248]
[null,null,"BNA1007a","Allgäuer Überlandwerk GmbH","SKW Gasturbine","SKW Gasturbine","17.07.1988","Oil",20.399999999999999,65703.512577817106,87.389908256880744]
[null,null,"BNA0755a","Kraftwerk Obernburg GmbH","Obernburg",2,"01.10.1920","CCGT",34.799999999999997,65738.312577817109,88.426444444444456]
[null,null,"BNA1526","Raffinerie Heide GmbH","Kraftwerk Raffinerie Heide",null,"23.09.1962","Oil",37.824999999999996,65776.137577817106,88.799533799533805]
[null,null,"BNA0427","Peissenberger Kraftwerksgesellschaft mbH","Kraftwerk Hausham","GT 1","01.11.1982","Oil",19.872999999999998,65796.010577817113,91.434573829531814]
[null,null,"BNA0428","Peissenberger Kraftwerksgesellschaft mbH","Kraftwerk Hausham","GT 2","01.11.1982","Oil",19.872999999999998,65815.88357781712,91.434573829531814]
[null,null,"BNA0429","Peissenberger Kraftwerksgesellschaft mbH","Kraftwerk Hausham","GT 3","01.11.1982","Oil",19.872999999999998,65835.756577817127,91.434573829531814]
[null,null,"BNA0430","Peissenberger Kraftwerksgesellschaft mbH","Kraftwerk Hausham","GT 4","01.11.1982","Oil",19.872999999999998,65855.629577817133,91.434573829531814]
[null,null,"BNA1004","EnBW Energie Baden-Württemberg AG","Kraftwerk Walheim","WAL GT D","01.01.1981","Oil",115.6,65971.229577817139,92.145795523290985]
[null,null,"BNA1092","ENGIE Deutschland AG","Zolling","GT1 & GT2","01.01.1976","Oil",42.5,66013.729577817139,95.876574307304793]
[null,null,"BNA0141","swb Erzeugung AG & Co. KG","KW Mittelsbüren","GT 3","01.01.1975","Oil",73.099999999999994,66086.829577817145,96.659682539682535]
[null,null,"BNA0937","EnBW Energie Baden-Württemberg AG","Restmüll-Heizkraftwerk Stuttgart-Münster","MÜN GT16","01.01.1974","Oil",19.805,66106.634577817138,97.455825864276562]
[null,null,"BNA0938","EnBW Energie Baden-Württemberg AG","Restmüll-Heizkraftwerk Stuttgart-Münster","MÜN GT17","01.01.1974","Oil",19.805,66126.439577817131,97.455825864276562]
[null,null,"BNA0939b","EnBW Energie Baden-Württemberg AG","Restmüll-Heizkraftwerk Stuttgart-Münster","MÜN GT18","01.01.1974","Oil",19.805,66146.244577817124,97.455825864276562]
[null,null,"BNA1060","Uniper Kraftwerke GmbH ","Wilhelmshaven","GT","01.01.1973","Oil",47.6,66193.84457781713,98.265332472562932]
[null,null,"BNA0222","Stadtwerke Düsseldorf AG","GT","GTKW","03.08.1972","Oil",73.27,66267.114577817134,99.088541666666686]
[null,null,"BNA1015","Vattenfall Hamburg Wärme GmbH","Wedel","GT A",1972,"Oil",42.924999999999997,66310.039577817137,99.088541666666686]
[null,null,"BNA1016","Vattenfall Hamburg Wärme GmbH","Wedel","GT B",1972,"Oil",42.924999999999997,66352.96457781714,99.088541666666686]
[null,null,"BNA0085b","Vattenfall Wärme Berlin AG","Moabit","Moabit GT 7","30.09.1971","Oil",28.9,66381.864577817134,99.925804333552207]
[null,null,"BNA0662b","Evonik Degussa GmbH","Kraftwerk I","Dampfwirtschaft (6 Einzelturbinen)","12.08.1940","Other",143.922,66525.78657781714,105.4394074074074]

{"sheet":"Power Plant List","index":3,"n_rows":555,"n_cols":23,"rows_kept":555,"cut":false,"hidden":false,"merged":[[6,2,6,8]]}
[]
[]
[null,null," EWI Merit Order Tool 2021"]
[]
[null,null," Power Plant List",null,null,null,null,null,null,null,null,null,null,null,null,null,null,null,null,null,null,null,{"$f":"Imprint!F5","v":"Version 2021.4_en "}]
[]
[null,null," The power plant list is based on the power plant list of the Bundesnetzagentur (BNetzA, 2020). The list includes all conventional power plants that were in operation on 01.04.2020.\n The dark yellow columns are taken from BNetzA (2020) unaltered. The light yellow columns contain additional information based on own assumptions, calculations and other sources.\n For example, the assumptions on power plant efficiency are largely taken from OPSD (2018).\n The fields with white backgrounds can be adjusted by the users. For example, power plants can be removed from the merit order and up to 10 new power plants can be added."]
[]
[]
[null,null,"Included in the Merit Order?","Power Plant Identification Number of the Federal Network Agency","Company","Name of the Power Plant","Postal Code of the Plant's Location","City of the Power Plant","Street Name and Number of the Power Plant","State","Unit Name",{"$f":"'Merit Order'!G11","v":"Begin of Commercial Electricity Generation"},"Source of Energy (BNetzA, 2019)","Assumed Primary Source of Energy","Power Plant Type Assignment","Power Plant Technology","Source Power Plant Technology","Efficiency","Source Efficiency","Net Nominal Capacity\n(Active Electrical Power) [MW]",{"$f":"'Merit Order'!I11","v":"Mean Available Net Nominal Capacity [MW]"},"Fuel Price (incl. Transport) [EUR/MWhth]","Marginal Costs [EUR/MWhel]"]
[null,null,"No","(optional)","(optional)","(optional)","(optional)","(optional)","(optional)","(optional)","(optional)","(optional)","(optional)","(required)","(required)","(optional)","(optional)","(required)","(optional)","(required)",{"$f":"IF(ISNUMBER((1-VLOOKUP(O11,Start!$H$33:$I$40,2,FALSE)/100)*T11),(1-VLOOKUP(O11,Start!$H$33:$I$40,2,FALSE)/100)*T11,0)","v":0},{"$f":"IF(ISNUMBER(VLOOKUP(N11,Start!$C$9:$D$15,2,FALSE)+VLOOKUP(N11,Start!$C$23:$D$29,2,FALSE)),VLOOKUP(N11,Start!$C$9:$D$15,2,FALSE)+VLOOKUP(N11,Start!$C$23:$D$29,2,FALSE),0)","v":0},{"$f":"IF(ISNUMBER((V11/R11)+Start!$D$19*(VLOOKUP(N11,Start!$M$33:$N$39,2,FALSE)/R11)+VLOOKUP(O11,Start!$C$33:$D$40,2,FALSE)),(V11/R11)+Start!$D$19*(VLOOKUP(N11,Start!$M$33:$N$39,2,FALSE)/R11)+VLOOKUP(O11,Start!$C$33:$D$40,2,FALSE),0)","v":0}]
[null,null,"No","(optional)","(optional)","(optional)","(optional)","(optional)","(optional)","(optional)","(optional)","(optional)","(optional)","(required)","(required)","(optional)","(optional)","(required)","(optional)","(required)",{"$f":"IF(ISNUMBER((1-VLOOKUP(O12,Start!$H$33:$I$40,2,FALSE)/100)*T12),(1-VLOOKUP(O12,Start!$H$33:$I$40,2,FALSE)/100)*T12,0)","v":0},{"$f":"IF(ISNUMBER(VLOOKUP(N12,Start!$C$9:$D$15,2,FALSE)+VLOOKUP(N12,Start!$C$23:$D$29,2,FALSE)),VLOOKUP(N12,Start!$C$9:$D$15,2,FALSE)+VLOOKUP(N12,Start!$C$23:$D$29,2,FALSE),0)","v":0},{"$f":"IF(ISNUMBER((V12/R12)+Start!$D$19*(VLOOKUP(N12,Start!$M$33:$N$39,2,FALSE)/R12)+VLOOKUP(O12,Start!$C$33:$D$40,2,FALSE)),(V12/R12)+Start!$D$19*(VLOOKUP(N12,Start!$M$33:$N$39,2,FALSE)/R12)+VLOOKUP(O12,Start!$C$33:$D$40,2,FALSE),0)","v":0}]
[null,null,"No","(optional)","(optional)","(optional)","(optional)","(optional)","(optional)","(optional)","(optional)","(optional)","(optional)","(required)","(required)","(optional)","(optional)","(required)","(optional)","(required)",{"$f":"IF(ISNUMBER((1-VLOOKUP(O13,Start!$H$33:$I$40,2,FALSE)/100)*T13),(1-VLOOKUP(O13,Start!$H$33:$I$40,2,FALSE)/100)*T13,0)","v":0},{"$f":"IF(ISNUMBER(VLOOKUP(N13,Start!$C$9:$D$15,2,FALSE)+VLOOKUP(N13,Start!$C$23:$D$29,2,FALSE)),VLOOKUP(N13,Start!$C$9:$D$15,2,FALSE)+VLOOKUP(N13,Start!$C$23:$D$29,2,FALSE),0)","v":0},{"$f":"IF(ISNUMBER((V13/R13)+Start!$D$19*(VLOOKUP(N13,Start!$M$33:$N$39,2,FALSE)/R13)+VLOOKUP(O13,Start!$C$33:$D$40,2,FALSE)),(V13/R13)+Start!$D$19*(VLOOKUP(N13,Start!$M$33:$N$39,2,FALSE)/R13)+VLOOKUP(O13,Start!$C$33:$D$40,2,FALSE),0)","v":0}]
[null,null,"No","(optional)","(optional)","(optional)","(optional)","(optional)","(optional)","(optional)","(optional)","(optional)","(optional)","(required)","(required)","(optional)","(optional)","(required)","(optional)","(required)",{"$f":"IF(ISNUMBER((1-VLOOKUP(O14,Start!$H$33:$I$40,2,FALSE)/100)*T14),(1-VLOOKUP(O14,Start!$H$33:$I$40,2,FALSE)/100)*T14,0)","v":0},{"$f":"IF(ISNUMBER(VLOOKUP(N14,Start!$C$9:$D$15,2,FALSE)+VLOOKUP(N14,Start!$C$23:$D$29,2,FALSE)),VLOOKUP(N14,Start!$C$9:$D$15,2,FALSE)+VLOOKUP(N14,Start!$C$23:$D$29,2,FALSE),0)","v":0},{"$f":"IF(ISNUMBER((V14/R14)+Start!$D$19*(VLOOKUP(N14,Start!$M$33:$N$39,2,FALSE)/R14)+VLOOKUP(O14,Start!$C$33:$D$40,2,FALSE)),(V14/R14)+Start!$D$19*(VLOOKUP(N14,Start!$M$33:$N$39,2,FALSE)/R14)+VLOOKUP(O14,Start!$C$33:$D$40,2,FALSE),0)","v":0}]
[null,null,"No","(optional)","(optional)","(optional)","(optional)","(optional)","(optional)","(optional)","(optional)","(optional)","(optional)","(required)","(required)","(optional)","(optional)","(required)","(optional)","(required)",{"$f":"IF(ISNUMBER((1-VLOOKUP(O15,Start!$H$33:$I$40,2,FALSE)/100)*T15),(1-VLOOKUP(O15,Start!$H$33:$I$40,2,FALSE)/100)*T15,0)","v":0},{"$f":"IF(ISNUMBER(VLOOKUP(N15,Start!$C$9:$D$15,2,FALSE)+VLOOKUP(N15,Start!$C$23:$D$29,2,FALSE)),VLOOKUP(N15,Start!$C$9:$D$15,2,FALSE)+VLOOKUP(N15,Start!$C$23:$D$29,2,FALSE),0)","v":0},{"$f":"IF(ISNUMBER((V15/R15)+Start!$D$19*(VLOOKUP(N15,Start!$M$33:$N$39,2,FALSE)/R15)+VLOOKUP(O15,Start!$C$33:$D$40,2,FALSE)),(V15/R15)+Start!$D$19*(VLOOKUP(N15,Start!$M$33:$N$39,2,FALSE)/R15)+VLOOKUP(O15,Start!$C$33:$D$40,2,FALSE),0)","v":0}]
[null,null,"No","(optional)","(optional)","(optional)","(optional)","(optional)","(optional)","(optional)","(optional)","(optional)","(optional)","(required)","(required)","(optional)","(optional)","(required)","(optional)","(required)",{"$f":"IF(ISNUMBER((1-VLOOKUP(O16,Start!$H$33:$I$40,2,FALSE)/100)*T16),(1-VLOOKUP(O16,Start!$H$33:$I$40,2,FALSE)/100)*T16,0)","v":0},{"$f":"IF(ISNUMBER(VLOOKUP(N16,Start!$C$9:$D$15,2,FALSE)+VLOOKUP(N16,Start!$C$23:$D$29,2,FALSE)),VLOOKUP(N16,Start!$C$9:$D$15,2,FALSE)+VLOOKUP(N16,Start!$C$23:$D$29,2,FALSE),0)","v":0},{"$f":"IF(ISNUMBER((V16/R16)+Start!$D$19*(VLOOKUP(N16,Start!$M$33:$N$39,2,FALSE)/R16)+VLOOKUP(O16,Start!$C$33:$D$40,2,FALSE)),(V16/R16)+Start!$D$19*(VLOOKUP(N16,Start!$M$33:$N$39,2,FALSE)/R16)+VLOOKUP(O16,Start!$C$33:$D$40,2,FALSE),0)","v":0}]
[null,null,"No","(optional)","(optional)","(optional)","(optional)","(optional)","(optional)","(optional)","(optional)","(optional)","(optional)","(required)","(required)","(optional)","(optional)","(required)","(optional)","(required)",{"$f":"IF(ISNUMBER((1-VLOOKUP(O17,Start!$H$33:$I$40,2,FALSE)/100)*T17),(1-VLOOKUP(O17,Start!$H$33:$I$40,2,FALSE)/100)*T17,0)","v":0},{"$f":"IF(ISNUMBER(VLOOKUP(N17,Start!$C$9:$D$15,2,FALSE)+VLOOKUP(N17,Start!$C$23:$D$29,2,FALSE)),VLOOKUP(N17,Start!$C$9:$D$15,2,FALSE)+VLOOKUP(N17,Start!$C$23:$D$29,2,FALSE),0)","v":0},{"$f":"IF(ISNUMBER((V17/R17)+Start!$D$19*(VLOOKUP(N17,Start!$M$33:$N$39,2,FALSE)/R17)+VLOOKUP(O17,Start!$C$33:$D$40,2,FALSE)),(V17/R17)+Start!$D$19*(VLOOKUP(N17,Start!$M$33:$N$39,2,FALSE)/R17)+VLOOKUP(O17,Start!$C$33:$D$40,2,FALSE),0)","v":0}]
[null,null,"No","(optional)","(optional)","(optional)","(optional)","(optional)","(optional)","(optional)","(optional)","(optional)","(optional)","(required)","(required)",null,"(optional)","(required)","(optional)","(required)",{"$f":"IF(ISNUMBER((1-VLOOKUP(O18,Start!$H$33:$I$40,2,FALSE)/100)*T18),(1-VLOOKUP(O18,Start!$H$33:$I$40,2,FALSE)/100)*T18,0)","v":0},{"$f":"IF(ISNUMBER(VLOOKUP(N18,Start!$C$9:$D$15,2,FALSE)+VLOOKUP(N18,Start!$C$23:$D$29,2,FALSE)),VLOOKUP(N18,Start!$C$9:$D$15,2,FALSE)+VLOOKUP(N18,Start!$C$23:$D$29,2,FALSE),0)","v":0},{"$f":"IF(ISNUMBER((V18/R18)+Start!$D$19*(VLOOKUP(N18,Start!$M$33:$N$39,2,FALSE)/R18)+VLOOKUP(O18,Start!$C$33:$D$40,2,FALSE)),(V18/R18)+Start!$D$19*(VLOOKUP(N18,Start!$M$33:$N$39,2,FALSE)/R18)+VLOOKUP(O18,Start!$C$33:$D$40,2,FALSE),0)","v":0}]
[null,null,"No","(optional)","(optional)","(optional)","(optional)","(optional)","(optional)","(optional)","(optional)","(optional)","(optional)","(required)","(required)","(optional)","(optional)","(required)","(optional)","(required)",{"$f":"IF(ISNUMBER((1-VLOOKUP(O19,Start!$H$33:$I$40,2,FALSE)/100)*T19),(1-VLOOKUP(O19,Start!$H$33:$I$40,2,FALSE)/100)*T19,0)","v":0},{"$f":"IF(ISNUMBER(VLOOKUP(N19,Start!$C$9:$D$15,2,FALSE)+VLOOKUP(N19,Start!$C$23:$D$29,2,FALSE)),VLOOKUP(N19,Start!$C$9:$D$15,2,FALSE)+VLOOKUP(N19,Start!$C$23:$D$29,2,FALSE),0)","v":0},{"$f":"IF(ISNUMBER((V19/R19)+Start!$D$19*(VLOOKUP(N19,Start!$M$33:$N$39,2,FALSE)/R19)+VLOOKUP(O19,Start!$C$33:$D$40,2,FALSE)),(V19/R19)+Start!$D$19*(VLOOKUP(N19,Start!$M$33:$N$39,2,FALSE)/R19)+VLOOKUP(O19,Start!$C$33:$D$40,2,FALSE),0)","v":0}]
[null,null,"No","(optional)","Uniper Kraftwerke GmbH","Datteln ",45711,"Datteln",null,null,"Datteln 4",2020,"Coal","Coal","Coal","Steam turbine","https://www.uniper.energy/de/datteln-4",0.45,"https://www.uniper.energy/de/datteln-4",1052,{"$f":"IF(ISNUMBER((1-VLOOKUP(O20,Start!$H$33:$I$40,2,FALSE)/100)*T20),(1-VLOOKUP(O20,Start!$H$33:$I$40,2,FALSE)/100)*T20,0)","v":789},{"$f":"IF(ISNUMBER(VLOOKUP(N20,Start!$C$9:$D$15,2,FALSE)+VLOOKUP(N20,Start!$C$23:$D$29,2,FALSE)),VLOOKUP(N20,Start!$C$9:$D$15,2,FALSE)+VLOOKUP(N20,Start!$C$23:$D$29,2,FALSE),0)","v":7.5},{"$f":"IF(ISNUMBER((V20/R20)+Start!$D$19*(VLOOKUP(N20,Start!$M$33:$N$39,2,FALSE)/R20)+VLOOKUP(O20,Start!$C$33:$D$40,2,FALSE)),(V20/R20)+Start!$D$19*(VLOOKUP(N20,Start!$M$33:$N$39,2,FALSE)/R20)+VLOOKUP(O20,Start!$C$33:$D$40,2,FALSE),0)","v":36.509155555555552}]
[null,null,"Yes","BNA0012b","Sappi Alfeld GmbH","Werkskraftwerk Sappi Alfeld",31061,"Alfeld","Mühlenmarsch 1","Niedersachsen","Gaskraftwerk","1947","Gas","Gas","CCGT","Steam turbine","OPSD (2018)",0.32669999999999999,"OPSD (2018)",11,{"$f":"(1-VLOOKUP(O21,Start!$H$33:$I$40,2,FALSE)/100)*T21","v":9.57},{"$f":"VLOOKUP(N21,Start!$C$9:$D$15,2,FALSE)+VLOOKUP(N21,Start!$C$23:$D$29,2,FALSE)","v":10.67},{"$f":"(V21/R21)+Start!$D$19*(VLOOKUP(N21,Start!$M$33:$N$39,2,FALSE)/R21)+VLOOKUP(O21,Start!$C$33:$D$40,2,FALSE)","v":49.393357820630548}]
[null,null,"Yes","BNA0015","EnBW Energie Baden-Württemberg AG","Heizkraftwerk Altbach/Deizisau",73776,"Altbach","Industriestraße 11","Baden-Württemberg","ALT GT E (solo)","01.01.1997","Gas","Gas","OCGT","Gas turbine","OPSD (2018)",0.37219999999999998,"OPSD (2018)",65,{"$f":"(1-VLOOKUP(O22,Start!$H$33:$I$40,2,FALSE)/100)*T22","v":56.55},{"$f":"VLOOKUP(N22,Start!$C$9:$D$15,2,FALSE)+VLOOKUP(N22,Start!$C$23:$D$29,2,FALSE)","v":10.67},{"$f":"(V22/R22)+Start!$D$19*(VLOOKUP(N22,Start!$M$33:$N$39,2,FALSE)/R22)+VLOOKUP(O22,Start!$C$33:$D$40,2,FALSE)","v":43.03858140784525}]
[null,null,"Yes","BNA0016","EnBW Energie Baden-Württemberg AG","Heizkraftwerk Altbach/Deizisau",73776,"Altbach","Industriestraße 11","Baden-Württemberg","ALT GT A (Solo)","01.01.1971","Multiple","Gas","OCGT","Gas turbine","OPSD (2018)",0.30459999999999998,"OPSD (2018)",50,{"$f":"(1-VLOOKUP(O23,Start!$H$33:$I$40,2,FALSE)/100)*T23","v":43.5},{"$f":"VLOOKUP(N23,Start!$C$9:$D$15,2,FALSE)+VLOOKUP(N23,Start!$C$23:$D$29,2,FALSE)","v":10.67},{"$f":"(V23/R23)+Start!$D$19*(VLOOKUP(N23,Start!$M$33:$N$39,2,FALSE)/R23)+VLOOKUP(O23,Start!$C$33:$D$40,2,FALSE)","v":52.368220617202894}]
[null,null,"Yes","BNA0017","EnBW Energie Baden-Württemberg AG","Heizkraftwerk Altbach/Deizisau",73776,"Altbach","Industriestraße 11","Baden-Württemberg","ALT GT B","01.01.1973","Multiple","Gas","OCGT","Gas turbine","OPSD (2018)",0.30980000000000002,"OPSD (2018)",57,{"$f":"(1-VLOOKUP(O24,Start!$H$33:$I$40,2,FALSE)/100)*T24","v":49.589999999999996},{"$f":"VLOOKUP(N24,Start!$C$9:$D$15,2,FALSE)+VLOOKUP(N24,Start!$C$23:$D$29,2,FALSE)","v":10.67},{"$f":"(V24/R24)+Start!$D$19*(VLOOKUP(N24,Start!$M$33:$N$39,2,FALSE)/R24)+VLOOKUP(O24,Start!$C$33:$D$40,2,FALSE)","v":51.506003873466753}]
[null,null,"Yes","BNA0018","EnBW Energie Baden-Württemberg AG","Heizkraftwerk Altbach/Deizisau",73776,"Altbach","Industriestraße 11","Baden-Württemberg","ALT GT C","01.01.1975","Multiple","Gas","OCGT","Gas turbine","OPSD (2018)",0.315,"OPSD (2018)",81,{"$f":"(1-VLOOKUP(O25,Start!$H$33:$I$40,2,FALSE)/100)*T25","v":70.47},{"$f":"VLOOKUP(N25,Start!$C$9:$D$15,2,FALSE)+VLOOKUP(N25,Start!$C$23:$D$29,2,FALSE)","v":10.67},{"$f":"(V25/R25)+Start!$D$19*(VLOOKUP(N25,Start!$M$33:$N$39,2,FALSE)/R25)+VLOOKUP(O25,Start!$C$33:$D$40,2,FALSE)","v":50.672253968253969}]
[null,null,"Yes","BNA0019","EnBW Energie Baden-Württemberg AG","Heizkraftwerk Altbach/Deizisau",73776,"Altbach","Industriestraße 11","Baden-Württemberg","ALT HKW 2 (DT Solobetrieb)","01.01.1997","Coal","Coal","Coal","Steam turbine","OPSD (2018)",0.44,"OPSD (2018)",336,{"$f":"(1-VLOOKUP(O26,Start!$H$33:$I$40,2,FALSE)/100)*T26","v":252},{"$f":"VLOOKUP(N26,Start!$C$9:$D$15,2,FALSE)+VLOOKUP(N26,Start!$C$23:$D$29,2,FALSE)","v":7.5},{"$f":"(V26/R26)+Start!$D$19*(VLOOKUP(N26,Start!$M$33:$N$39,2,FALSE)/R26)+VLOOKUP(O26,Start!$C$33:$D$40,2,FALSE)","v":37.309363636363642}]
[null,null,"Yes","BNA0025","Suiker Unie GmbH & Co. KG","Kesselhaus Zuckerfabrik",17389,"Anklam","Bluthsluster Str. 24","Mecklenburg-Vorpommern",null,"26.09.1993","Multiple","Gas","CCGT","Steam turbine","OPSD (2018)",0.37730000000000002,"OPSD (2018)",15.1,{"$f":"(1-VLOOKUP(O27,Start!$H$33:$I$40,2,FALSE)/100)*T27","v":13.137},{"$f":"VLOOKUP(N27,Start!$C$9:$D$15,2,FALSE)+VLOOKUP(N27,Start!$C$23:$D$29,2,FALSE)","v":10.67},{"$f":"(V27/R27)+Start!$D$19*(VLOOKUP(N27,Start!$M$33:$N$39,2,FALSE)/R27)+VLOOKUP(O27,Start!$C$33:$D$40,2,FALSE)","v":42.97034190299496}]
[null,null,"Yes","BNA0033","Stadtwerke Augsburg Energie GmbH","Gasturbine",86167,"Augsburg ","Beim Grenzgraben 10","Bayern","GT","15.01.2004","Gas","Gas","OCGT","Gas turbine","OPSD (2018)",0.39040000000000002,"OPSD (2018)",30.7,{"$f":"(1-VLOOKUP(O28,Start!$H$33:$I$40,2,FALSE)/100)*T28","v":26.709},{"$f":"VLOOKUP(N28,Start!$C$9:$D$15,2,FALSE)+VLOOKUP(N28,Start!$C$23:$D$29,2,FALSE)","v":10.67},{"$f":"(V28/R28)+Start!$D$19*(VLOOKUP(N28,Start!$M$33:$N$39,2,FALSE)/R28)+VLOOKUP(O28,Start!$C$33:$D$40,2,FALSE)","v":41.078790983606552}]
[null,null,"Yes","BNA0051","Cargill Deutschland GmbH","KWK-Anlage Barby",39249,"Barby","Monplaisirstr. 22","Sachsen-Anhalt","-","01.05.1994","Gas","Gas","CCGT","Steam turbine","OPSD (2018)",0.37840000000000001,"OPSD (2018)",17.8,{"$f":"(1-VLOOKUP(O29,Start!$H$33:$I$40,2,FALSE)/100)*T29","v":15.486000000000001},{"$f":"VLOOKUP(N29,Start!$C$9:$D$15,2,FALSE)+VLOOKUP(N29,Start!$C$23:$D$29,2,FALSE)","v":10.67},{"$f":"(V29/R29)+Start!$D$19*(VLOOKUP(N29,Start!$M$33:$N$39,2,FALSE)/R29)+VLOOKUP(O29,Start!$C$33:$D$40,2,FALSE)","v":42.849788583509508}]
[null,null,"Yes","BNA0059b","Volkswagen AG","GuD Baunatal, VW Werksgelände",34225,"Baunatal",null,"Hessen",null,"29.12.2011","Gas","Gas","CCGT","Combined cycle","OPSD (2018)",0.58950000000000002,"OPSD (2018)",78,{"$f":"(1-VLOOKUP(O30,Start!$H$33:$I$40,2,FALSE)/100)*T30","v":67.86},{"$f":"VLOOKUP(N30,Start!$C$9:$D$15,2,FALSE)+VLOOKUP(N30,Start!$C$23:$D$29,2,FALSE)","v":10.67},{"$f":"(V30/R30)+Start!$D$19*(VLOOKUP(N30,Start!$M$33:$N$39,2,FALSE)/R30)+VLOOKUP(O30,Start!$C$33:$D$40,2,FALSE)","v":28.042425784563193}]
[null,null,"Yes","BNA0067","STEAG GmbH","Bergkamen",59192,"Bergkamen",null,"Nordrhein-Westfalen","A","02.07.1981","Coal","Coal","Coal","Steam turbine","OPSD (2018)",0.3775,"OPSD (2018)",717,{"$f":"(1-VLOOKUP(O31,Start!$H$33:$I$40,2,FALSE)/100)*T31","v":537.75},{"$f":"VLOOKUP(N31,Start!$C$9:$D$15,2,FALSE)+VLOOKUP(N31,Start!$C$23:$D$29,2,FALSE)","v":7.5},{"$f":"(V31/R31)+Start!$D$19*(VLOOKUP(N31,Start!$M$33:$N$39,2,FALSE)/R31)+VLOOKUP(O31,Start!$C$33:$D$40,2,FALSE)","v":43.271178807947024}]
[null,null,"Yes","BNA0073","Vattenfall Wärme Berlin AG","Mitte",10179,"Berlin","Köpenicker Straße 60","Berlin","GuD Mitte","30.12.1996","Gas","Gas","CCGT","Combined cycle","OPSD (2018)",0.52200000000000002,"OPSD (2018)",444,{"$f":"(1-VLOOKUP(O32,Start!$H$33:$I$40,2,FALSE)/100)*T32","v":386.28},{"$f":"VLOOKUP(N32,Start!$C$9:$D$15,2,FALSE)+VLOOKUP(N32,Start!$C$23:$D$29,2,FALSE)","v":10.67},{"$f":"(V32/R32)+Start!$D$19*(VLOOKUP(N32,Start!$M$33:$N$39,2,FALSE)/R32)+VLOOKUP(O32,Start!$C$33:$D$40,2,FALSE)","v":31.474636015325672}]
[null,null,"Yes","BNA0074","Vattenfall Wärme Berlin AG","Charlottenburg",10589,"Berlin","Am Spreebord 5","Berlin","Charlottenburg","01.01.1975","Multiple","Gas","OCGT","Gas turbine","OPSD (2018)",0.38,"OPSD (2018)",144,{"$f":"(1-VLOOKUP(O33,Start!$H$33:$I$40,2,FALSE)/100)*T33","v":125.28},{"$f":"VLOOKUP(N33,Start!$C$9:$D$15,2,FALSE)+VLOOKUP(N33,Start!$C$23:$D$29,2,FALSE)","v":10.67},{"$f":"(V33/R33)+Start!$D$19*(VLOOKUP(N33,Start!$M$33:$N$39,2,FALSE)/R33)+VLOOKUP(O33,Start!$C$33:$D$40,2,FALSE)","v":42.175684210526313}]
[null,null,"Yes","BNA0081","Vattenfall Wärme Berlin AG","Klingenberg",10317,"Berlin","Köpenicker Chaussee 42 - 45 ","Berlin","Klingenberg","13.08.1981","Multiple","Gas","CCGT","Steam turbine","OPSD (2018)",0.4037,"OPSD (2018)",164,{"$f":"(1-VLOOKUP(O34,Start!$H$33:$I$40,2,FALSE)/100)*T34","v":142.68},{"$f":"VLOOKUP(N34,Start!$C$9:$D$15,2,FALSE)+VLOOKUP(N34,Start!$C$23:$D$29,2,FALSE)","v":10.67},{"$f":"(V34/R34)+Start!$D$19*(VLOOKUP(N34,Start!$M$33:$N$39,2,FALSE)/R34)+VLOOKUP(O34,Start!$C$33:$D$40,2,FALSE)","v":40.25838493931137}]
[null,null,"Yes","BNA0083","Vattenfall Wärme Berlin AG","Wilmersdorf",14199,"Berlin","Forckenbeckstr. 3 - 6","Berlin","Wilmersdorf GT2 und GT3","01.01.1977","Petroleum","Oil","Oil","Steam turbine","OPSD (2018)",0.35970000000000002,"OPSD (2018)",184,{"$f":"(1-VLOOKUP(O35,Start!$H$33:$I$40,2,FALSE)/100)*T35","v":156.4},{"$f":"VLOOKUP(N35,Start!$C$9:$D$15,2,FALSE)+VLOOKUP(N35,Start!$C$23:$D$29,2,FALSE)","v":23.2},{"$f":"(V35/R35)+Start!$D$19*(VLOOKUP(N35,Start!$M$33:$N$39,2,FALSE)/R35)+VLOOKUP(O35,Start!$C$33:$D$40,2,FALSE)","v":84.772032249096469}]
[null,null,"Yes","BNA0084","Vattenfall Wärme Berlin AG","Reuter",13599,"Berlin","Otternbuchtstr. 11","Berlin","Reuter M","30.10.1998","Waste","Waste","Waste","Steam turbine","OPSD (2018)",0.33,"OPSD (2018)",36,{"$f":"(1-VLOOKUP(O36,Start!$H$33:$I$40,2,FALSE)/100)*T36","v":30.599999999999998},{"$f":"VLOOKUP(N36,Start!$C$9:$D$15,2,FALSE)+VLOOKUP(N36,Start!$C$23:$D$29,2,FALSE)","v":0},{"$f":"(V36/R36)+Start!$D$19*(VLOOKUP(N36,Start!$M$33:$N$39,2,FALSE)/R36)+VLOOKUP(O36,Start!$C$33:$D$40,2,FALSE)","v":1}]
[null,null,"Yes","BNA0085a","Vattenfall Wärme Berlin AG","Moabit",13353,"Berlin","Friedrich-Krause-Ufer 10- 15","Berlin","Moabit A","24.11.1989","Multiple","Coal","Coal","Steam turbine","OPSD (2018)",0.4,"OPSD (2018)",89,{"$f":"(1-VLOOKUP(O37,Start!$H$33:$I$40,2,FALSE)/100)*T37","v":66.75},{"$f":"VLOOKUP(N37,Start!$C$9:$D$15,2,FALSE)+VLOOKUP(N37,Start!$C$23:$D$29,2,FALSE)","v":7.5},{"$f":"(V37/R37)+Start!$D$19*(VLOOKUP(N37,Start!$M$33:$N$39,2,FALSE)/R37)+VLOOKUP(O37,Start!$C$33:$D$40,2,FALSE)","v":40.910299999999999}]
[null,null,"Yes","BNA0085b","Vattenfall Wärme Berlin AG","Moabit",13353,"Berlin","Friedrich-Krause-Ufer 10- 15","Berlin","Moabit GT 7","30.09.1971","Petroleum","Oil","Oil","Gas turbine","OPSD (2018)",0.30459999999999998,"OPSD (2018)",34,{"$f":"(1-VLOOKUP(O38,Start!$H$33:$I$40,2,FALSE)/100)*T38","v":28.9},{"$f":"VLOOKUP(N38,Start!$C$9:$D$15,2,FALSE)+VLOOKUP(N38,Start!$C$23:$D$29,2,FALSE)","v":23.2},{"$f":"(V38/R38)+Start!$D$19*(VLOOKUP(N38,Start!$M$33:$N$39,2,FALSE)/R38)+VLOOKUP(O38,Start!$C$33:$D$40,2,FALSE)","v":99.925804333552207}]
[null,null,"Yes","BNA0086","Vattenfall Wärme Berlin AG","Reuter West",13599,"Berlin","Großer Spreering 5","Berlin","Reuter West D","14.12.1987","Coal","Coal","Coal","Steam turbine","OPSD (2018)",0.39250000000000002,"OPSD (2018)",282,{"$f":"(1-VLOOKUP(O39,Start!$H$33:$I$40,2,FALSE)/100)*T39","v":211.5},{"$f":"VLOOKUP(N39,Start!$C$9:$D$15,2,FALSE)+VLOOKUP(N39,Start!$C$23:$D$29,2,FALSE)","v":7.5},{"$f":"(V39/R39)+Start!$D$19*(VLOOKUP(N39,Start!$M$33:$N$39,2,FALSE)/R39)+VLOOKUP(O39,Start!$C$33:$D$40,2,FALSE)","v":41.667184713375789}]
[null,null,"Yes","BNA0087","Vattenfall Wärme Berlin AG","Reuter West",13599,"Berlin","Großer Spreering 5","Berlin","Reuter West E","04.08.1988","Coal","Coal","Coal","Steam turbine","OPSD (2018)",0.39500000000000002,"OPSD (2018)",282,{"$f":"(1-VLOOKUP(O40,Start!$H$33:$I$40,2,FALSE)/100)*T40","v":211.5},{"$f":"VLOOKUP(N40,Start!$C$9:$D$15,2,FALSE)+VLOOKUP(N40,Start!$C$23:$D$29,2,FALSE)","v":7.5},{"$f":"(V40/R40)+Start!$D$19*(VLOOKUP(N40,Start!$M$33:$N$39,2,FALSE)/R40)+VLOOKUP(O40,Start!$C$33:$D$40,2,FALSE)","v":41.411696202531644}]
[null,null,"Yes","BNA0088a","Solvay Chemicals GmbH","Industriekraftwerk Bernburg (IKB)",6406,"Bernburg",null,"Sachsen-Anhalt",null,"30.12.1994","Gas","Gas","CCGT","Combined cycle","OPSD (2018)",0.51300000000000001,"OPSD (2018)",140.5,{"$f":"(1-VLOOKUP(O41,Start!$H$33:$I$40,2,FALSE)/100)*T41","v":122.235},{"$f":"VLOOKUP(N41,Start!$C$9:$D$15,2,FALSE)+VLOOKUP(N41,Start!$C$23:$D$29,2,FALSE)","v":10.67},{"$f":"(V41/R41)+Start!$D$19*(VLOOKUP(N41,Start!$M$33:$N$39,2,FALSE)/R41)+VLOOKUP(O41,Start!$C$33:$D$40,2,FALSE)","v":32.000506822612081}]
[null,null,"Yes","BNA0088b","Solvay Chemicals GmbH","Dampfturbinenanlage der EBS-Kessel",6406,"Bernburg",null,"Sachsen-Anhalt",null,"16.10.2009","Waste","Waste","Waste","Combined cycle","OPSD (2018)",0.33,"OPSD (2018)",35,{"$f":"(1-VLOOKUP(O42,Start!$H$33:$I$40,2,FALSE)/100)*T42","v":29.75},{"$f":"VLOOKUP(N42,Start!$C$9:$D$15,2,FALSE)+VLOOKUP(N42,Start!$C$23:$D$29,2,FALSE)","v":0},{"$f":"(V42/R42)+Start!$D$19*(VLOOKUP(N42,Start!$M$33:$N$39,2,FALSE)/R42)+VLOOKUP(O42,Start!$C$33:$D$40,2,FALSE)","v":1}]
[null,null,"Yes","BNA0097","MVA Bielefeld-Herford GmbH","MVA Bielefeld",33609,"Bielefeld","Schelpmilser Weg 30","Nordrhein-Westfalen","Linien 1 - 3","01.07.1981","Waste","Waste","Waste","Steam turbine","OPSD (2018)",0.33,"OPSD (2018)",34,{"$f":"(1-VLOOKUP(O43,Start!$H$33:$I$40,2,FALSE)/100)*T43","v":28.9},{"$f":"VLOOKUP(N43,Start!$C$9:$D$15,2,FALSE)+VLOOKUP(N43,Start!$C$23:$D$29,2,FALSE)","v":0},{"$f":"(V43/R43)+Start!$D$19*(VLOOKUP(N43,Start!$M$33:$N$39,2,FALSE)/R43)+VLOOKUP(O43,Start!$C$33:$D$40,2,FALSE)","v":1}]
[null,null,"Yes","BNA0100","Stadtwerke Bielefeld GmbH","GuD Kraftwerk Hillegossen",33697,"Bielefeld",null,"Nordrhein-Westfalen","GuD","02.01.2005","Gas","Gas","CCGT","Combined cycle","OPSD (2018)",0.5625,"OPSD (2018)",37.450000000000003,{"$f":"(1-VLOOKUP(O44,Start!$H$33:$I$40,2,FALSE)/100)*T44","v":32.581500000000005},{"$f":"VLOOKUP(N44,Start!$C$9:$D$15,2,FALSE)+VLOOKUP(N44,Start!$C$23:$D$29,2,FALSE)","v":10.67},{"$f":"(V44/R44)+Start!$D$19*(VLOOKUP(N44,Start!$M$33:$N$39,2,FALSE)/R44)+VLOOKUP(O44,Start!$C$33:$D$40,2,FALSE)","v":29.316462222222221}]
[null,null,"Yes","BNA0105","envia THERM GmbH","GuD Bitterfeld",6749,"Bitterfeld",null,"Sachsen-Anhalt",null,"04.08.2000","Gas","Gas","CCGT","Combined cycle","OPSD (2018)",0.54,"OPSD (2018)",106,{"$f":"(1-VLOOKUP(O45,Start!$H$33:$I$40,2,FALSE)/100)*T45","v":92.22},{"$f":"VLOOKUP(N45,Start!$C$9:$D$15,2,FALSE)+VLOOKUP(N45,Start!$C$23:$D$29,2,FALSE)","v":10.67},{"$f":"(V45/R45)+Start!$D$19*(VLOOKUP(N45,Start!$M$33:$N$39,2,FALSE)/R45)+VLOOKUP(O45,Start!$C$33:$D$40,2,FALSE)","v":30.475481481481481}]
[null,null,"Yes","BNA0111","Stadtwerke Bochum Holding GmbH","HKW Hiltrop",44805,"Bochum",null,"Nordrhein-Westfalen",null,"01.12.2013","Gas","Gas","CCGT","Steam turbine","OPSD (2018)",0.39929999999999999,"OPSD (2018)",44,{"$f":"(1-VLOOKUP(O46,Start!$H$33:$I$40,2,FALSE)/100)*T46","v":38.28},{"$f":"VLOOKUP(N46,Start!$C$9:$D$15,2,FALSE)+VLOOKUP(N46,Start!$C$23:$D$29,2,FALSE)","v":10.67},{"$f":"(V46/R46)+Start!$D$19*(VLOOKUP(N46,Start!$M$33:$N$39,2,FALSE)/R46)+VLOOKUP(O46,Start!$C$33:$D$40,2,FALSE)","v":40.685474580515901}]
[null,null,"Yes","BNA0115","Lausitz Energie Kraftwerke AG","Lippendorf",4007,"Böhlen","Werkstraße","Sachsen","R","20.06.2000","Lignite","Lignite","Lignite","Steam turbine","OPSD (2018)",0.4,"OPSD (2018)",875,{"$f":"(1-VLOOKUP(O47,Start!$H$33:$I$40,2,FALSE)/100)*T47","v":761.25},{"$f":"VLOOKUP(N47,Start!$C$9:$D$15,2,FALSE)+VLOOKUP(N47,Start!$C$23:$D$29,2,FALSE)","v":3.1},{"$f":"(V47/R47)+Start!$D$19*(VLOOKUP(N47,Start!$M$33:$N$39,2,FALSE)/R47)+VLOOKUP(O47,Start!$C$33:$D$40,2,FALSE)","v":34.457599999999999}]
[null,null,"Yes","BNA0116","EnBW Energie Baden-Württemberg AG","Braunkohlekraftwerk Lippendorf",4564,"Böhlen","Werkstraße","Sachsen","LIP S","01.12.1999","Lignite","Lignite","Lignite","Steam turbine","OPSD (2018)",0.39760000000000001,"OPSD (2018)",875,{"$f":"(1-VLOOKUP(O48,Start!$H$33:$I$40,2,FALSE)/100)*T48","v":761.25},{"$f":"VLOOKUP(N48,Start!$C$9:$D$15,2,FALSE)+VLOOKUP(N48,Start!$C$23:$D$29,2,FALSE)","v":3.1},{"$f":"(V48/R48)+Start!$D$19*(VLOOKUP(N48,Start!$M$33:$N$39,2,FALSE)/R48)+VLOOKUP(O48,Start!$C$33:$D$40,2,FALSE)","v":34.655331991951719}]
[null,null,"Yes","BNA0117a","Energie- und Wasserversorgung Bonn/Rhein-Sieg GmbH","Heizkraftwerk Karlstraße",53115,"Bonn",null,"Nordrhein-Westfalen","Heizkraftwerk Karlstraße","01.07.1990","Multiple","Waste","Waste","Steam turbine","OPSD (2018)",0.33,"OPSD (2018)",12,{"$f":"(1-VLOOKUP(O49,Start!$H$33:$I$40,2,FALSE)/100)*T49","v":10.199999999999999},{"$f":"VLOOKUP(N49,Start!$C$9:$D$15,2,FALSE)+VLOOKUP(N49,Start!$C$23:$D$29,2,FALSE)","v":0},{"$f":"(V49/R49)+Start!$D$19*(VLOOKUP(N49,Start!$M$33:$N$39,2,FALSE)/R49)+VLOOKUP(O49,Start!$C$33:$D$40,2,FALSE)","v":1}]
[null,null,"Yes","BNA0117b","Energie- und Wasserversorgung Bonn/Rhein-Sieg GmbH","Heizkraftwerk Karlstraße",53115,"Bonn",null,"Nordrhein-Westfalen","Heizkraftwerk Karlstraße","01.11.2013","Multiple","Gas","CCGT","Steam turbine","OPSD (2018)",0.39929999999999999,"OPSD (2018)",95,{"$f":"(1-VLOOKUP(O50,Start!$H$33:$I$40,2,FALSE)/100)*T50","v":82.65},{"$f":"VLOOKUP(N50,Start!$C$9:$D$15,2,FALSE)+VLOOKUP(N50,Start!$C$23:$D$29,2,FALSE)","v":10.67},{"$f":"(V50/R50)+Start!$D$19*(VLOOKUP(N50,Start!$M$33:$N$39,2,FALSE)/R50)+VLOOKUP(O50,Start!$C$33:$D$40,2,FALSE)","v":40.685474580515901}]
[null,null,"Yes","BNA0122","Lausitz Energie Kraftwerke AG","Boxberg",2943,"Boxberg","Am Kraftwerk 1","Sachsen","N","01.01.1979","Lignite","Lignite","Lignite","Steam turbine","OPSD (2018)",0.38319999999999999,"OPSD (2018)",465,{"$f":"(1-VLOOKUP(O51,Start!$H$33:$I$40,2,FALSE)/100)*T51","v":404.55},{"$f":"VLOOKUP(N51,Start!$C$9:$D$15,2,FALSE)+VLOOKUP(N51,Start!$C$23:$D$29,2,FALSE)","v":3.1},{"$f":"(V51/R51)+Start!$D$19*(VLOOKUP(N51,Start!$M$33:$N$39,2,FALSE)/R51)+VLOOKUP(O51,Start!$C$33:$D$40,2,FALSE)","v":35.8937369519833}]
[null,null,"Yes","BNA0123","Lausitz Energie Kraftwerke AG","Boxberg",2943,"Boxberg","Am Kraftwerk 1","Sachsen","P","01.07.1980","Lignite","Lignite","Lignite","Steam turbine","OPSD (2018)",0.3856,"OPSD (2018)",465,{"$f":"(1-VLOOKUP(O52,Start!$H$33:$I$40,2,FALSE)/100)*T52","v":404.55},{"$f":"VLOOKUP(N52,Start!$C$9:$D$15,2,FALSE)+VLOOKUP(N52,Start!$C$23:$D$29,2,FALSE)","v":3.1},{"$f":"(V52/R52)+Start!$D$19*(VLOOKUP(N52,Start!$M$33:$N$39,2,FALSE)/R52)+VLOOKUP(O52,Start!$C$33:$D$40,2,FALSE)","v":35.680912863070546}]
[null,null,"Yes","BNA0124","Lausitz Energie Kraftwerke AG","Boxberg",2943,"Boxberg","Am Kraftwerk 1","Sachsen","Q","01.10.2000","Lignite","Lignite","Lignite","Steam turbine","OPSD (2018)",0.4,"OPSD (2018)",857,{"$f":"(1-VLOOKUP(O53,Start!$H$33:$I$40,2,FALSE)/100)*T53","v":745.59},{"$f":"VLOOKUP(N53,Start!$C$9:$D$15,2,FALSE)+VLOOKUP(N53,Start!$C$23:$D$29,2,FALSE)","v":3.1},{"$f":"(V53/R53)+Start!$D$19*(VLOOKUP(N53,Start!$M$33:$N$39,2,FALSE)/R53)+VLOOKUP(O53,Start!$C$33:$D$40,2,FALSE)","v":34.457599999999999}]
[null,null,"Yes","BNA0129","StWB Stadtwerke Brandenburg an der Havel GmbH & Co. KG","HKW",14772,"Brandenburg",null,"Brandenburg",null,"1997","Gas","Gas","CCGT","Steam turbine","OPSD (2018)",0.38169999999999998,"OPSD (2018)",36,{"$f":"(1-VLOOKUP(O54,Start!$H$33:$I$40,2,FALSE)/100)*T54","v":31.32},{"$f":"VLOOKUP(N54,Start!$C$9:$D$15,2,FALSE)+VLOOKUP(N54,Start!$C$23:$D$29,2,FALSE)","v":10.67},{"$f":"(V54/R54)+Start!$D$19*(VLOOKUP(N54,Start!$M$33:$N$39,2,FALSE)/R54)+VLOOKUP(O54,Start!$C$33:$D$40,2,FALSE)","v":42.492297615928749}]
[null,null,"Yes","BNA0130","Uniper Kraftwerke GmbH ","Kirchmöser",14774,"Brandenburg",null,"Brandenburg",null,"01.01.1994","Gas","Gas","CCGT","Combined cycle","OPSD (2018)",0.51300000000000001,"OPSD (2018)",160,{"$f":"(1-VLOOKUP(O55,Start!$H$33:$I$40,2,FALSE)/100)*T55","v":139.19999999999999},{"$f":"VLOOKUP(N55,Start!$C$9:$D$15,2,FALSE)+VLOOKUP(N55,Start!$C$23:$D$29,2,FALSE)","v":10.67},{"$f":"(V55/R55)+Start!$D$19*(VLOOKUP(N55,Start!$M$33:$N$39,2,FALSE)/R55)+VLOOKUP(O55,Start!$C$33:$D$40,2,FALSE)","v":32.000506822612081}]
[null,null,"Yes","BNA0135","Braunschweiger Versorgungs-AG & Co. KG","HKW-Mitte",38106,"Braunschweig",null,"Niedersachsen","Block 12","15.07.1971","Multiple","Gas","CCGT","Combined cycle","OPSD (2018)",0.40949999999999998,"OPSD (2018)",20,{"$f":"(1-VLOOKUP(O56,Start!$H$33:$I$40,2,FALSE)/100)*T56","v":17.399999999999999},{"$f":"VLOOKUP(N56,Start!$C$9:$D$15,2,FALSE)+VLOOKUP(N56,Start!$C$23:$D$29,2,FALSE)","v":10.67},{"$f":"(V56/R56)+Start!$D$19*(VLOOKUP(N56,Start!$M$33:$N$39,2,FALSE)/R56)+VLOOKUP(O56,Start!$C$33:$D$40,2,FALSE)","v":39.709426129426134}]
[null,null,"Yes","BNA0136","Braunschweiger Versorgungs-AG & Co. KG","HKW-Mitte",38106,"Braunschweig",null,"Niedersachsen","GuD","30.12.2010","Multiple","Gas","CCGT","Combined cycle","OPSD (2018)",0.58499999999999996,"OPSD (2018)",74,{"$f":"(1-VLOOKUP(O57,Start!$H$33:$I$40,2,FALSE)/100)*T57","v":64.38},{"$f":"VLOOKUP(N57,Start!$C$9:$D$15,2,FALSE)+VLOOKUP(N57,Start!$C$23:$D$29,2,FALSE)","v":10.67},{"$f":"(V57/R57)+Start!$D$19*(VLOOKUP(N57,Start!$M$33:$N$39,2,FALSE)/R57)+VLOOKUP(O57,Start!$C$33:$D$40,2,FALSE)","v":28.246598290598293}]
[null,null,"Yes","BNA0137","Braunschweiger Versorgungs-AG & Co. KG","HKW-Nord",38112,"Braunschweig",null,"Niedersachsen","GT","10.05.1965","Multiple","Gas","OCGT","Gas turbine","OPSD (2018)",0.28899999999999998,"OPSD (2018)",25,{"$f":"(1-VLOOKUP(O58,Start!$H$33:$I$40,2,FALSE)/100)*T58","v":21.75},{"$f":"VLOOKUP(N58,Start!$C$9:$D$15,2,FALSE)+VLOOKUP(N58,Start!$C$23:$D$29,2,FALSE)","v":10.67},{"$f":"(V58/R58)+Start!$D$19*(VLOOKUP(N58,Start!$M$33:$N$39,2,FALSE)/R58)+VLOOKUP(O58,Start!$C$33:$D$40,2,FALSE)","v":55.141038062283741}]
[null,null,"Yes","BNA0138","Braunschweiger Versorgungs-AG & Co. KG","HKW-Mitte",38106,"Braunschweig",null,"Niedersachsen","Block 1 ","10.07.1984","Multiple","Coal","Coal","Combined cycle","OPSD (2018)",0.46800000000000003,"OPSD (2018)",43.3,{"$f":"(1-VLOOKUP(O59,Start!$H$33:$I$40,2,FALSE)/100)*T59","v":32.474999999999994},{"$f":"VLOOKUP(N59,Start!$C$9:$D$15,2,FALSE)+VLOOKUP(N59,Start!$C$23:$D$29,2,FALSE)","v":7.5},{"$f":"(V59/R59)+Start!$D$19*(VLOOKUP(N59,Start!$M$33:$N$39,2,FALSE)/R59)+VLOOKUP(O59,Start!$C$33:$D$40,2,FALSE)","v":35.154957264957261}]
[null,null,"Yes","BNA0139","swb Entsorgung GmbH & Co. KG","KW Hafen",28237,"Bremen","Otavistr. 7-9","Bremen","MKK","1905-07-01","Waste","Waste","Waste","Steam turbine","OPSD (2018)",0.33,"OPSD (2018)",33,{"$f":"(1-VLOOKUP(O60,Start!$H$33:$I$40,2,FALSE)/100)*T60","v":28.05},{"$f":"VLOOKUP(N60,Start!$C$9:$D$15,2,FALSE)+VLOOKUP(N60,Start!$C$23:$D$29,2,FALSE)","v":0},{"$f":"(V60/R60)+Start!$D$19*(VLOOKUP(N60,Start!$M$33:$N$39,2,FALSE)/R60)+VLOOKUP(O60,Start!$C$33:$D$40,2,FALSE)","v":1}]
[null,null,"Yes","BNA0141","swb Erzeugung AG & Co. KG","KW Mittelsbüren",28237,"Bremen","Auf den Delben 35","Bremen","GT 3","01.01.1975","Petroleum","Oil","Oil","Gas turbine","OPSD (2018)",0.315,"OPSD (2018)",86,{"$f":"(1-VLOOKUP(O61,Start!$H$33:$I$40,2,FALSE)/100)*T61","v":73.099999999999994},{"$f":"VLOOKUP(N61,Start!$C$9:$D$15,2,FALSE)+VLOOKUP(N61,Start!$C$23:$D$29,2,FALSE)","v":23.2},{"$f":"(V61/R61)+Start!$D$19*(VLOOKUP(N61,Start!$M$33:$N$39,2,FALSE)/R61)+VLOOKUP(O61,Start!$C$33:$D$40,2,FALSE)","v":96.659682539682535}]
[null,null,"Yes","BNA0142","ArcelorMittal Bremen GmbH","KW Mittelsbüren",28237,"Bremen","Auf den Delben 35","Bremen","Block 4","1975","other Gases","Gas","CCGT","Steam turbine","OPSD (2018)",0.35199999999999998,"Assumption based on DIW (2014)",160,{"$f":"(1-VLOOKUP(O62,Start!$H$33:$I$40,2,FALSE)/100)*T62","v":139.19999999999999},{"$f":"VLOOKUP(N62,Start!$C$9:$D$15,2,FALSE)+VLOOKUP(N62,Start!$C$23:$D$29,2,FALSE)","v":10.67},{"$f":"(V62/R62)+Start!$D$19*(VLOOKUP(N62,Start!$M$33:$N$39,2,FALSE)/R62)+VLOOKUP(O62,Start!$C$33:$D$40,2,FALSE)","v":45.951022727272729}]
[null,null,"Yes","BNA0144","swb Erzeugung AG & Co. KG","KW Hastedt",28207,"Bremen","Hastedter Osterdeich 255","Bremen","Block 15","01.03.2014","Coal","Coal","Coal","Steam turbine","OPSD (2018)",0.46,"OPSD (2018)",119,{"$f":"(1-VLOOKUP(O63,Start!$H$33:$I$40,2,FALSE)/100)*T63","v":89.25},{"$f":"VLOOKUP(N63,Start!$C$9:$D$15,2,FALSE)+VLOOKUP(N63,Start!$C$23:$D$29,2,FALSE)","v":7.5},{"$f":"(V63/R63)+Start!$D$19*(VLOOKUP(N63,Start!$M$33:$N$39,2,FALSE)/R63)+VLOOKUP(O63,Start!$C$33:$D$40,2,FALSE)","v":35.743739130434783}]
[null,null,"Yes","BNA0146","swb Erzeugung AG & Co. KG","KW Hafen",28237,"Bremen","Otavistr. 7-9","Bremen","Block 6","01.12.1979","Coal","Coal","Coal","Steam turbine","OPSD (2018)",0.3725,"OPSD (2018)",303,{"$f":"(1-VLOOKUP(O64,Start!$H$33:$I$40,2,FALSE)/100)*T64","v":227.25},{"$f":"VLOOKUP(N64,Start!$C$9:$D$15,2,FALSE)+VLOOKUP(N64,Start!$C$23:$D$29,2,FALSE)","v":7.5},{"$f":"(V64/R64)+Start!$D$19*(VLOOKUP(N64,Start!$M$33:$N$39,2,FALSE)/R64)+VLOOKUP(O64,Start!$C$33:$D$40,2,FALSE)","v":43.834550335570469}]
[null,null,"Yes","BNA0147","ENGIE Deutschland AG","Farge",28777,"Bremen","Wilhelmshavener Str. 6","Bremen","Farge","01.01.1969","Multiple","Coal","Coal","Steam turbine","OPSD (2018)",0.4425,"OPSD (2018)",350,{"$f":"(1-VLOOKUP(O65,Start!$H$33:$I$40,2,FALSE)/100)*T65","v":262.5},{"$f":"VLOOKUP(N65,Start!$C$9:$D$15,2,FALSE)+VLOOKUP(N65,Start!$C$23:$D$29,2,FALSE)","v":7.5},{"$f":"(V65/R65)+Start!$D$19*(VLOOKUP(N65,Start!$M$33:$N$39,2,FALSE)/R65)+VLOOKUP(O65,Start!$C$33:$D$40,2,FALSE)","v":37.105920903954804}]
[null,null,"Yes","BNA0156b","Egger Holzwerkstoffe Brilon GmbH & Co. KG","Egger Kraftwerk Brilon",59929,"Brilon ","Im Kissen 19","Nordrhein-Westfalen","Gasturbinen - KWK - Anlage","01.05.1996","Gas","Gas","OCGT","Gas turbine","OPSD (2018)",0.36959999999999998,"OPSD (2018)",13.5,{"$f":"(1-VLOOKUP(O66,Start!$H$33:$I$40,2,FALSE)/100)*T66","v":11.744999999999999},{"$f":"VLOOKUP(N66,Start!$C$9:$D$15,2,FALSE)+VLOOKUP(N66,Start!$C$23:$D$29,2,FALSE)","v":10.67},{"$f":"(V66/R66)+Start!$D$19*(VLOOKUP(N66,Start!$M$33:$N$39,2,FALSE)/R66)+VLOOKUP(O66,Start!$C$33:$D$40,2,FALSE)","v":43.33430735930736}]
[null,null,"Yes","BNA0157","Preussen Elektra GmbH","Brokdorf",25576,"Brokdorf",null,"Schleswig-Holstein","KBR","22.12.1986","Nuclear","Nuclear","Nuclear","Steam turbine","OPSD (2018)",0.33,"OPSD (2018)",1410,{"$f":"(1-VLOOKUP(O67,Start!$H$33:$I$40,2,FALSE)/100)*T67","v":1311.3},{"$f":"VLOOKUP(N67,Start!$C$9:$D$15,2,FALSE)+VLOOKUP(N67,Start!$C$23:$D$29,2,FALSE)","v":5.5},{"$f":"(V67/R67)+Start!$D$19*(VLOOKUP(N67,Start!$M$33:$N$39,2,FALSE)/R67)+VLOOKUP(O67,Start!$C$33:$D$40,2,FALSE)","v":17.866666666666664}]
[null,null,"Yes","BNA0172a","Wacker Chemie AG","Burghausen 01 - GT",84489,"Burghausen","Johannes-Hess Straße 24","Bayern",null,"27.07.2001","Gas","Gas","CCGT","Combined cycle","OPSD (2018)",0.54449999999999998,"OPSD (2018)",120,{"$f":"(1-VLOOKUP(O68,Start!$H$33:$I$40,2,FALSE)/100)*T68","v":104.4},{"$f":"VLOOKUP(N68,Start!$C$9:$D$15,2,FALSE)+VLOOKUP(N68,Start!$C$23:$D$29,2,FALSE)","v":10.67},{"$f":"(V68/R68)+Start!$D$19*(VLOOKUP(N68,Start!$M$33:$N$39,2,FALSE)/R68)+VLOOKUP(O68,Start!$C$33:$D$40,2,FALSE)","v":30.236014692378326}]
[null,null,"Yes","BNA0172b","Wacker Chemie AG","Burghausen 01 - DT",84489,"Burghausen","Johannes-Hess Straße 24","Bayern",null,"14.05.1979","Gas","Gas","CCGT","Steam turbine","OPSD (2018)",0.3619,"OPSD (2018)",50,{"$f":"(1-VLOOKUP(O69,Start!$H$33:$I$40,2,FALSE)/100)*T69","v":43.5},{"$f":"VLOOKUP(N69,Start!$C$9:$D$15,2,FALSE)+VLOOKUP(N69,Start!$C$23:$D$29,2,FALSE)","v":10.67},{"$f":"(V69/R69)+Start!$D$19*(VLOOKUP(N69,Start!$M$33:$N$39,2,FALSE)/R69)+VLOOKUP(O69,Start!$C$33:$D$40,2,FALSE)","v":44.735037303122411}]
[null,null,"Yes","BNA0174","InfraServ GmbH & Co. Gendorf KG","Industriepark Werk Gendorf",84508,"Burgkirchen",null,"Bayern",null,"19.07.2002","Gas","Gas","CCGT","Steam turbine","OPSD (2018)",0.38719999999999999,"OPSD (2018)",73.099999999999994,{"$f":"(1-VLOOKUP(O70,Start!$H$33:$I$40,2,FALSE)/100)*T70","v":63.596999999999994},{"$f":"VLOOKUP(N70,Start!$C$9:$D$15,2,FALSE)+VLOOKUP(N70,Start!$C$23:$D$29,2,FALSE)","v":10.67},{"$f":"(V70/R70)+Start!$D$19*(VLOOKUP(N70,Start!$M$33:$N$39,2,FALSE)/R70)+VLOOKUP(O70,Start!$C$33:$D$40,2,FALSE)","v":41.910020661157027}]
[null,null,"Yes","BNA0177","eins - energie in sachsen GmbH & Co. KG","HKW Chemnitz  Nord II",9115,"Chemnitz",null,"Sachsen","Block B","01.09.1988","Multiple","Lignite","Lignite","Steam turbine","OPSD (2018)",0.37119999999999997,"OPSD (2018)",56.8,{"$f":"(1-VLOOKUP(O71,Start!$H$33:$I$40,2,FALSE)/100)*T71","v":49.415999999999997},{"$f":"VLOOKUP(N71,Start!$C$9:$D$15,2,FALSE)+VLOOKUP(N71,Start!$C$23:$D$29,2,FALSE)","v":3.1},{"$f":"(V71/R71)+Start!$D$19*(VLOOKUP(N71,Start!$M$33:$N$39,2,FALSE)/R71)+VLOOKUP(O71,Start!$C$33:$D$40,2,FALSE)","v":36.99913793103449}]
[null,null,"Yes","BNA0179","eins - energie in sachsen GmbH & Co. KG","HKW Chemnitz  Nord II",9116,"Chemnitz",null,"Sachsen","Block C","15.06.1990","Multiple","Lignite","Lignite","Steam turbine","OPSD (2018)",0.42399999999999999,"OPSD (2018)",90.8,{"$f":"(1-VLOOKUP(O72,Start!$H$33:$I$40,2,FALSE)/100)*T72","v":78.995999999999995},{"$f":"VLOOKUP(N72,Start!$C$9:$D$15,2,FALSE)+VLOOKUP(N72,Start!$C$23:$D$29,2,FALSE)","v":3.1},{"$f":"(V72/R72)+Start!$D$19*(VLOOKUP(N72,Start!$M$33:$N$39,2,FALSE)/R72)+VLOOKUP(O72,Start!$C$33:$D$40,2,FALSE)","v":32.6033962264151}]
[null,null,"Yes","BNA0183","Stadtwerke Cottbus mbH","HKW Cottbus",3052,"Cottbus",null,"Brandenburg",1,"16.12.1999","Multiple","Lignite","Lignite","Steam turbine","OPSD (2018)",0.39760000000000001,"OPSD (2018)",74,{"$f":"(1-VLOOKUP(O73,Start!$H$33:$I$40,2,FALSE)/100)*T73","v":64.38},{"$f":"VLOOKUP(N73,Start!$C$9:$D$15,2,FALSE)+VLOOKUP(N73,Start!$C$23:$D$29,2,FALSE)","v":3.1},{"$f":"(V73/R73)+Start!$D$19*(VLOOKUP(N73,Start!$M$33:$N$39,2,FALSE)/R73)+VLOOKUP(O73,Start!$C$33:$D$40,2,FALSE)","v":34.655331991951719}]
[null,null,"Yes","BNA0194","Fernwärmeversorgungs-GmbH Dessau","Kraftwerk Dessau",6842,"Dessau-Roßlau",null,"Sachsen-Anhalt",null,"01.01.1996","Gas","Gas","CCGT","Steam turbine","own assumption",0.39600000000000002,"Assumption based on DIW (2014)",39,{"$f":"(1-VLOOKUP(O74,Start!$H$33:$I$40,2,FALSE)/100)*T74","v":33.93},{"$f":"VLOOKUP(N74,Start!$C$9:$D$15,2,FALSE)+VLOOKUP(N74,Start!$C$23:$D$29,2,FALSE)","v":10.67},{"$f":"(V74/R74)+Start!$D$19*(VLOOKUP(N74,Start!$M$33:$N$39,2,FALSE)/R74)+VLOOKUP(O74,Start!$C$33:$D$40,2,FALSE)","v":41.012020202020203}]
[null,null,"Yes","BNA0196","Mitteldeutsche Braunkohlengesellschaft mbH","Deuben",6682,"Teuchern",null,"Sachsen-Anhalt",null,"09.10.1936","Lignite","Lignite","Lignite","Steam turbine","OPSD (2018)",0.24640000000000001,"OPSD (2018)",67,{"$f":"(1-VLOOKUP(O75,Start!$H$33:$I$40,2,FALSE)/100)*T75","v":58.29},{"$f":"VLOOKUP(N75,Start!$C$9:$D$15,2,FALSE)+VLOOKUP(N75,Start!$C$23:$D$29,2,FALSE)","v":3.1},{"$f":"(V75/R75)+Start!$D$19*(VLOOKUP(N75,Start!$M$33:$N$39,2,FALSE)/R75)+VLOOKUP(O75,Start!$C$33:$D$40,2,FALSE)","v":54.877922077922086}]
[null,null,"Yes","BNA0199","RWE Generation SE","Dormagen",41539,"Dormagen",null,"Nordrhein-Westfalen","GuD","01.07.2000","Gas","Gas","CCGT","Combined cycle","OPSD (2018)",0.54,"OPSD (2018)",586,{"$f":"(1-VLOOKUP(O76,Start!$H$33:$I$40,2,FALSE)/100)*T76","v":509.82},{"$f":"VLOOKUP(N76,Start!$C$9:$D$15,2,FALSE)+VLOOKUP(N76,Start!$C$23:$D$29,2,FALSE)","v":10.67},{"$f":"(V76/R76)+Start!$D$19*(VLOOKUP(N76,Start!$M$33:$N$39,2,FALSE)/R76)+VLOOKUP(O76,Start!$C$33:$D$40,2,FALSE)","v":30.475481481481481}]
[null,null,"Yes","BNA0202","RWE Generation SE","Dortmund",44143,"Dortmund",null,"Nordrhein-Westfalen","KDO","22.03.2004","Gas","Gas","CCGT","Steam turbine","OPSD (2018)",0.38940000000000002,"OPSD (2018)",26,{"$f":"(1-VLOOKUP(O77,Start!$H$33:$I$40,2,FALSE)/100)*T77","v":22.62},{"$f":"VLOOKUP(N77,Start!$C$9:$D$15,2,FALSE)+VLOOKUP(N77,Start!$C$23:$D$29,2,FALSE)","v":10.67},{"$f":"(V77/R77)+Start!$D$19*(VLOOKUP(N77,Start!$M$33:$N$39,2,FALSE)/R77)+VLOOKUP(O77,Start!$C$33:$D$40,2,FALSE)","v":41.681715459681563}]
[null,null,"Yes","BNA0207","DREWAG Stadtwerke Dresden GmbH","HKW Dresden-Nossener Brücke",1169,"Dresden ","Oederaner Str. 21 - 25","Sachsen","HKW Dresden-Nossener Brücke \n(3 GT + 1 DT, Sammelschiene)","28.09.1995","Multiple","Gas","CCGT","Combined cycle","OPSD (2018)",0.51749999999999996,"OPSD (2018)",260,{"$f":"(1-VLOOKUP(O78,Start!$H$33:$I$40,2,FALSE)/100)*T78","v":226.2},{"$f":"VLOOKUP(N78,Start!$C$9:$D$15,2,FALSE)+VLOOKUP(N78,Start!$C$23:$D$29,2,FALSE)","v":10.67},{"$f":"(V78/R78)+Start!$D$19*(VLOOKUP(N78,Start!$M$33:$N$39,2,FALSE)/R78)+VLOOKUP(O78,Start!$C$33:$D$40,2,FALSE)","v":31.735285024154592}]
[null,null,"Yes","BNA0213","Stadtwerke Duisburg AG","HKW III/A",47249,"Duisburg","Wanheimer Straße 439-454","Nordrhein-Westfalen","HKW III/A","01.01.2002","Multiple","Gas","CCGT","Steam turbine","OPSD (2018)",0.38719999999999999,"OPSD (2018)",40,{"$f":"(1-VLOOKUP(O79,Start!$H$33:$I$40,2,FALSE)/100)*T79","v":34.799999999999997},{"$f":"VLOOKUP(N79,Start!$C$9:$D$15,2,FALSE)+VLOOKUP(N79,Start!$C$23:$D$29,2,FALSE)","v":10.67},{"$f":"(V79/R79)+Start!$D$19*(VLOOKUP(N79,Start!$M$33:$N$39,2,FALSE)/R79)+VLOOKUP(O79,Start!$C$33:$D$40,2,FALSE)","v":41.910020661157027}]
[null,null,"Yes","BNA0214","Stadtwerke Duisburg AG","HKW III/B",47249,"Duisburg","Wanheimer Straße 439-454","Nordrhein-Westfalen","HKW III/B","24.10.2005","Multiple","Gas","CCGT","Combined cycle","OPSD (2018)",0.5625,"OPSD (2018)",234,{"$f":"(1-VLOOKUP(O80,Start!$H$33:$I$40,2,FALSE)/100)*T80","v":203.58},{"$f":"VLOOKUP(N80,Start!$C$9:$D$15,2,FALSE)+VLOOKUP(N80,Start!$C$23:$D$29,2,FALSE)","v":10.67},{"$f":"(V80/R80)+Start!$D$19*(VLOOKUP(N80,Start!$M$33:$N$39,2,FALSE)/R80)+VLOOKUP(O80,Start!$C$33:$D$40,2,FALSE)","v":29.316462222222221}]
[null,null,"Yes","BNA0216a","Steag GmbH","KW Walsum",47180,"Duisburg","Dr. Wilhelm-Roelen-Str.129","Nordrhein-Westfalen","Walsum 9","01.06.1988","Coal","Coal","Coal","Steam turbine","OPSD (2018)",0.39500000000000002,"OPSD (2018)",370,{"$f":"(1-VLOOKUP(O81,Start!$H$33:$I$40,2,FALSE)/100)*T81","v":277.5},{"$f":"VLOOKUP(N81,Start!$C$9:$D$15,2,FALSE)+VLOOKUP(N81,Start!$C$23:$D$29,2,FALSE)","v":7.5},{"$f":"(V81/R81)+Start!$D$19*(VLOOKUP(N81,Start!$M$33:$N$39,2,FALSE)/R81)+VLOOKUP(O81,Start!$C$33:$D$40,2,FALSE)","v":41.411696202531644}]
[null,null,"Yes","BNA0216b","STEAG-EVN Walsum 10 Kraftwerksgesellsellschaft mbH","KW Walsum",47180,"Duisburg","Dr. Wilhelm-Roelen-Str.129","Nordrhein-Westfalen","Walsum 10","20.12.2013","Coal","Coal","Coal","Steam turbine","OPSD (2018)",0.45750000000000002,"OPSD (2018)",725,{"$f":"(1-VLOOKUP(O82,Start!$H$33:$I$40,2,FALSE)/100)*T82","v":543.75},{"$f":"VLOOKUP(N82,Start!$C$9:$D$15,2,FALSE)+VLOOKUP(N82,Start!$C$23:$D$29,2,FALSE)","v":7.5},{"$f":"(V82/R82)+Start!$D$19*(VLOOKUP(N82,Start!$M$33:$N$39,2,FALSE)/R82)+VLOOKUP(O82,Start!$C$33:$D$40,2,FALSE)","v":35.931956284153003}]
[null,null,"Yes","BNA0217","ThyssenKrupp Steel Europe AG","Duisburg Ruhrort 2",47166,"Duisburg - Ruhrort",null,"Nordrhein-Westfalen","Block 2","01.01.1955","Other","Gas","CCGT","Steam turbine","OPSD (2018)",0.33,"Assumption based on DIW (2014)",60,{"$f":"(1-VLOOKUP(O83,Start!$H$33:$I$40,2,FALSE)/100)*T83","v":52.2},{"$f":"VLOOKUP(N83,Start!$C$9:$D$15,2,FALSE)+VLOOKUP(N83,Start!$C$23:$D$29,2,FALSE)","v":10.67},{"$f":"(V83/R83)+Start!$D$19*(VLOOKUP(N83,Start!$M$33:$N$39,2,FALSE)/R83)+VLOOKUP(O83,Start!$C$33:$D$40,2,FALSE)","v":48.914424242424239}]
[null,null,"Yes","BNA0218","ThyssenKrupp Steel Europe AG","Duisburg Ruhrort 3",47166,"Duisburg - Ruhrort",null,"Nordrhein-Westfalen","Block 3","01.01.1963","Other","Gas","CCGT","Steam turbine","OPSD (2018)",0.34100000000000003,"Assumption based on DIW (2014)",95,{"$f":"(1-VLOOKUP(O84,Start!$H$33:$I$40,2,FALSE)/100)*T84","v":82.65},{"$f":"VLOOKUP(N84,Start!$C$9:$D$15,2,FALSE)+VLOOKUP(N84,Start!$C$23:$D$29,2,FALSE)","v":10.67},{"$f":"(V84/R84)+Start!$D$19*(VLOOKUP(N84,Start!$M$33:$N$39,2,FALSE)/R84)+VLOOKUP(O84,Start!$C$33:$D$40,2,FALSE)","v":47.384926686217007}]
[null,null,"Yes","BNA0219","ThyssenKrupp Steel Europe AG","Duisburg Ruhrort 4",47166,"Duisburg - Ruhrort",null,"Nordrhein-Westfalen","Block 4","01.01.1968","Other","Gas","CCGT","Steam turbine","OPSD (2018)",0.34100000000000003,"Assumption based on DIW (2014)",170,{"$f":"(1-VLOOKUP(O85,Start!$H$33:$I$40,2,FALSE)/100)*T85","v":147.9},{"$f":"VLOOKUP(N85,Start!$C$9:$D$15,2,FALSE)+VLOOKUP(N85,Start!$C$23:$D$29,2,FALSE)","v":10.67},{"$f":"(V85/R85)+Start!$D$19*(VLOOKUP(N85,Start!$M$33:$N$39,2,FALSE)/R85)+VLOOKUP(O85,Start!$C$33:$D$40,2,FALSE)","v":47.384926686217007}]
[null,null,"Yes","BNA0220","Stadtwerke Düsseldorf AG","GuD",40221,"Düsseldorf","Auf der Lausward 75","Nordrhein-Westfalen","AGuD","28.07.2000","Gas","Gas","CCGT","Combined cycle","OPSD (2018)",0.54,"OPSD (2018)",100,{"$f":"(1-VLOOKUP(O86,Start!$H$33:$I$40,2,FALSE)/100)*T86","v":87},{"$f":"VLOOKUP(N86,Start!$C$9:$D$15,2,FALSE)+VLOOKUP(N86,Start!$C$23:$D$29,2,FALSE)","v":10.67},{"$f":"(V86/R86)+Start!$D$19*(VLOOKUP(N86,Start!$M$33:$N$39,2,FALSE)/R86)+VLOOKUP(O86,Start!$C$33:$D$40,2,FALSE)","v":30.475481481481481}]
[null,null,"Yes","BNA0221a","Stadtwerke Düsseldorf AG","GT",40221,"Düsseldorf","Auf der Lausward 75","Nordrhein-Westfalen","Block E GTE2","21.02.1975","Gas","Gas","OCGT","Gas turbine","OPSD (2018)",0.315,"OPSD (2018)",64.7,{"$f":"(1-VLOOKUP(O87,Start!$H$33:$I$40,2,FALSE)/100)*T87","v":56.289000000000001},{"$f":"VLOOKUP(N87,Start!$C$9:$D$15,2,FALSE)+VLOOKUP(N87,Start!$C$23:$D$29,2,FALSE)","v":10.67},{"$f":"(V87/R87)+Start!$D$19*(VLOOKUP(N87,Start!$M$33:$N$39,2,FALSE)/R87)+VLOOKUP(O87,Start!$C$33:$D$40,2,FALSE)","v":50.672253968253969}]
[null,null,"Yes","BNA0221b","Stadtwerke Düsseldorf AG","GT",40221,"Düsseldorf","Auf der Lausward 75","Nordrhein-Westfalen","Block E GTE1","19.11.1974","Gas","Gas","OCGT","Gas turbine","OPSD (2018)",0.31240000000000001,"OPSD (2018)",66.7,{"$f":"(1-VLOOKUP(O88,Start!$H$33:$I$40,2,FALSE)/100)*T88","v":58.029000000000003},{"$f":"VLOOKUP(N88,Start!$C$9:$D$15,2,FALSE)+VLOOKUP(N88,Start!$C$23:$D$29,2,FALSE)","v":10.67},{"$f":"(V88/R88)+Start!$D$19*(VLOOKUP(N88,Start!$M$33:$N$39,2,FALSE)/R88)+VLOOKUP(O88,Start!$C$33:$D$40,2,FALSE)","v":51.08565941101152}]
[null,null,"Yes","BNA0222","Stadtwerke Düsseldorf AG","GT",40233,"Düsseldorf","Behrenstraße 85","Nordrhein-Westfalen","GTKW","03.08.1972","Petroleum","Oil","Oil","Gas turbine","OPSD (2018)",0.30719999999999997,"OPSD (2018)",86.2,{"$f":"(1-VLOOKUP(O89,Start!$H$33:$I$40,2,FALSE)/100)*T89","v":73.27},{"$f":"VLOOKUP(N89,Start!$C$9:$D$15,2,FALSE)+VLOOKUP(N89,Start!$C$23:$D$29,2,FALSE)","v":23.2},{"$f":"(V89/R89)+Start!$D$19*(VLOOKUP(N89,Start!$M$33:$N$39,2,FALSE)/R89)+VLOOKUP(O89,Start!$C$33:$D$40,2,FALSE)","v":99.088541666666686}]
[null,null,"Yes","BNA0223b","Stadtwerke Düsseldorf AG","DT",40233,"Düsseldorf","Behrenstraße 85","Nordrhein-Westfalen","Flingern T1","17.04.2000","Waste","Waste","Waste","Steam turbine","OPSD (2018)",0.33,"OPSD (2018)",53.7,{"$f":"(1-VLOOKUP(O90,Start!$H$33:$I$40,2,FALSE)/100)*T90","v":45.645000000000003},{"$f":"VLOOKUP(N90,Start!$C$9:$D$15,2,FALSE)+VLOOKUP(N90,Start!$C$23:$D$29,2,FALSE)","v":0},{"$f":"(V90/R90)+Start!$D$19*(VLOOKUP(N90,Start!$M$33:$N$39,2,FALSE)/R90)+VLOOKUP(O90,Start!$C$33:$D$40,2,FALSE)","v":1}]
[null,null,"Yes","BNA0232c","Sappi Ehingen GmbH","Werkskraftwerk Sappi Ehingen",89584,"Ehingen","Kessel 6 - Turbine 4","Baden-Württemberg",null,"07.07.1977","Gas","Gas","CCGT","Steam turbine","OPSD (2018)",0.35970000000000002,"OPSD (2018)",4,{"$f":"(1-VLOOKUP(O91,Start!$H$33:$I$40,2,FALSE)/100)*T91","v":3.48},{"$f":"VLOOKUP(N91,Start!$C$9:$D$15,2,FALSE)+VLOOKUP(N91,Start!$C$23:$D$29,2,FALSE)","v":10.67},{"$f":"(V91/R91)+Start!$D$19*(VLOOKUP(N91,Start!$M$33:$N$39,2,FALSE)/R91)+VLOOKUP(O91,Start!$C$33:$D$40,2,FALSE)","v":44.999471782040587}]
[null,null,"Yes","BNA0233","Stora Enso Sachsen GmbH","Kombikraftwerk",4838,"Eilenburg","Am Schanzberg 1","Sachsen",null,"01.09.1993","Multiple","Gas","CCGT","Steam turbine","OPSD (2018)",0.37730000000000002,"OPSD (2018)",46.6,{"$f":"(1-VLOOKUP(O92,Start!$H$33:$I$40,2,FALSE)/100)*T92","v":40.542000000000002},{"$f":"VLOOKUP(N92,Start!$C$9:$D$15,2,FALSE)+VLOOKUP(N92,Start!$C$23:$D$29,2,FALSE)","v":10.67},{"$f":"(V92/R92)+Start!$D$19*(VLOOKUP(N92,Start!$M$33:$N$39,2,FALSE)/R92)+VLOOKUP(O92,Start!$C$33:$D$40,2,FALSE)","v":42.97034190299496}]
[null,null,"Yes","BNA0237","Progroup Power 1 GmbH","EBS-Heizkraftwerk",15890,"Eisenhüttenstadt",null,"Brandenburg",null,"10.02.2011","Multiple","Waste","Waste","Steam turbine","OPSD (2018)",0.33,"eigene Annahme",23.5,{"$f":"(1-VLOOKUP(O93,Start!$H$33:$I$40,2,FALSE)/100)*T93","v":19.974999999999998},{"$f":"VLOOKUP(N93,Start!$C$9:$D$15,2,FALSE)+VLOOKUP(N93,Start!$C$23:$D$29,2,FALSE)","v":0},{"$f":"(V93/R93)+Start!$D$19*(VLOOKUP(N93,Start!$M$33:$N$39,2,FALSE)/R93)+VLOOKUP(O93,Start!$C$33:$D$40,2,FALSE)","v":1}]
[null,null,"Yes","BNA0238a","ArcelorMittal Eisenhüttenstadt GmbH","IKW",15890,"Eisenhüttenstadt","Werkstraße 1","Brandenburg",null,"01.01.1954","Multiple","Gas","CCGT","Steam turbine","OPSD (2018)",0.33,"Assumption based on DIW (2014)",45,{"$f":"(1-VLOOKUP(O94,Start!$H$33:$I$40,2,FALSE)/100)*T94","v":39.15},{"$f":"VLOOKUP(N94,Start!$C$9:$D$15,2,FALSE)+VLOOKUP(N94,Start!$C$23:$D$29,2,FALSE)","v":10.67},{"$f":"(V94/R94)+Start!$D$19*(VLOOKUP(N94,Start!$M$33:$N$39,2,FALSE)/R94)+VLOOKUP(O94,Start!$C$33:$D$40,2,FALSE)","v":48.914424242424239}]
[null,null,"Yes","BNA0238b","ArcelorMittal Eisenhüttenstadt GmbH","IKW",15890,"Eisenhüttenstadt","Werkstraße 1","Brandenburg","Block 7","2013","Multiple","Gas","CCGT","Steam turbine","OPSD (2018)",0.39600000000000002,"Assumption based on DIW (2014)",56,{"$f":"(1-VLOOKUP(O95,Start!$H$33:$I$40,2,FALSE)/100)*T95","v":48.72},{"$f":"VLOOKUP(N95,Start!$C$9:$D$15,2,FALSE)+VLOOKUP(N95,Start!$C$23:$D$29,2,FALSE)","v":10.67},{"$f":"(V95/R95)+Start!$D$19*(VLOOKUP(N95,Start!$M$33:$N$39,2,FALSE)/R95)+VLOOKUP(O95,Start!$C$33:$D$40,2,FALSE)","v":41.012020202020203}]
[null,null,"Yes","BNA0239","Uniper Kraftwerke GmbH ","Huntorf",26931,"Elsfleth",null,"Niedersachsen",null,"01.01.1978","Gas","Gas","OCGT","Gas turbine","OPSD (2018)",0.39560000000000001,"OPSD (2018)",321,{"$f":"(1-VLOOKUP(O96,Start!$H$33:$I$40,2,FALSE)/100)*T96","v":279.27},{"$f":"VLOOKUP(N96,Start!$C$9:$D$15,2,FALSE)+VLOOKUP(N96,Start!$C$23:$D$29,2,FALSE)","v":10.67},{"$f":"(V96/R96)+Start!$D$19*(VLOOKUP(N96,Start!$M$33:$N$39,2,FALSE)/R96)+VLOOKUP(O96,Start!$C$33:$D$40,2,FALSE)","v":40.551971688574319}]
[null,null,"Yes","BNA0243","Palm Power GmbH & Co. KG","HKW Eltmann",97483,"Eltmann","Industriestraße 23","Bayern",null,"28.12.2007","Gas","Gas","CCGT","Steam turbine","OPSD (2018)",0.39269999999999999,"OPSD (2018)",57,{"$f":"(1-VLOOKUP(O97,Start!$H$33:$I$40,2,FALSE)/100)*T97","v":49.589999999999996},{"$f":"VLOOKUP(N97,Start!$C$9:$D$15,2,FALSE)+VLOOKUP(N97,Start!$C$23:$D$29,2,FALSE)","v":10.67},{"$f":"(V97/R97)+Start!$D$19*(VLOOKUP(N97,Start!$M$33:$N$39,2,FALSE)/R97)+VLOOKUP(O97,Start!$C$33:$D$40,2,FALSE)","v":41.34405398523046}]
[null,null,"Yes","BNA0251","Preussen Elektra GmbH","Grohnde",31857,"Emmerthal",null,"Niedersachsen","KWG","01.02.1985","Nuclear","Nuclear","Nuclear","Steam turbine","OPSD (2018)",0.33,"OPSD (2018)",1360,{"$f":"(1-VLOOKUP(O98,Start!$H$33:$I$40,2,FALSE)/100)*T98","v":1264.8},{"$f":"VLOOKUP(N98,Start!$C$9:$D$15,2,FALSE)+VLOOKUP(N98,Start!$C$23:$D$29,2,FALSE)","v":5.5},{"$f":"(V98/R98)+Start!$D$19*(VLOOKUP(N98,Start!$M$33:$N$39,2,FALSE)/R98)+VLOOKUP(O98,Start!$C$33:$D$40,2,FALSE)","v":17.866666666666664}]
[null,null,"Yes","BNA0256a","SWE Energie GmbH","HKW Erfurt-Ost",99087,"Erfurt",null,"Thüringen","GT1","17.12.1999","Gas","Gas","CCGT","Combined cycle","OPSD (2018)",0.53549999999999998,"OPSD (2018)",76.5,{"$f":"(1-VLOOKUP(O99,Start!$H$33:$I$40,2,FALSE)/100)*T99","v":66.554999999999993},{"$f":"VLOOKUP(N99,Start!$C$9:$D$15,2,FALSE)+VLOOKUP(N99,Start!$C$23:$D$29,2,FALSE)","v":10.67},{"$f":"(V99/R99)+Start!$D$19*(VLOOKUP(N99,Start!$M$33:$N$39,2,FALSE)/R99)+VLOOKUP(O99,Start!$C$33:$D$40,2,FALSE)","v":30.718972922502338}]
[null,null,"Yes","BNA0256b","SWE Energie GmbH","HKW Erfurt-Ost",99087,"Erfurt",null,"Thüringen","GT2","2014","Gas","Gas","CCGT","Combined cycle","OPSD (2018)",0.60299999999999998,"OPSD (2018)",32.6,{"$f":"(1-VLOOKUP(O100,Start!$H$33:$I$40,2,FALSE)/100)*T100","v":28.362000000000002},{"$f":"VLOOKUP(N100,Start!$C$9:$D$15,2,FALSE)+VLOOKUP(N100,Start!$C$23:$D$29,2,FALSE)","v":10.67},{"$f":"(V100/R100)+Start!$D$19*(VLOOKUP(N100,Start!$M$33:$N$39,2,FALSE)/R100)+VLOOKUP(O100,Start!$C$33:$D$40,2,FALSE)","v":27.448192371475955}]
[null,null,"Yes","BNA0261a","Erlanger Stadtwerke AG","HKW Erlangen",91052,"Erlangen"," Äußere Bruckerstr. 33","Bayern","GuD I","14.09.2005","Gas","Gas","CCGT","Combined cycle","OPSD (2018)",0.5625,"OPSD (2018)",21.6,{"$f":"(1-VLOOKUP(O101,Start!$H$33:$I$40,2,FALSE)/100)*T101","v":18.792000000000002},{"$f":"VLOOKUP(N101,Start!$C$9:$D$15,2,FALSE)+VLOOKUP(N101,Start!$C$23:$D$29,2,FALSE)","v":10.67},{"$f":"(V101/R101)+Start!$D$19*(VLOOKUP(N101,Start!$M$33:$N$39,2,FALSE)/R101)+VLOOKUP(O101,Start!$C$33:$D$40,2,FALSE)","v":29.316462222222221}]
[null,null,"Yes","BNA0261b","Erlanger Stadtwerke AG","HKW Erlangen",91052,"Erlangen"," Äußere Bruckerstr. 33","Bayern","K6 DT2","04.03.1982","Multiple","Coal","Coal","Steam turbine","OPSD (2018)",0.38,"OPSD (2018)",17.399999999999999,{"$f":"(1-VLOOKUP(O102,Start!$H$33:$I$40,2,FALSE)/100)*T102","v":13.049999999999999},{"$f":"VLOOKUP(N102,Start!$C$9:$D$15,2,FALSE)+VLOOKUP(N102,Start!$C$23:$D$29,2,FALSE)","v":7.5},{"$f":"(V102/R102)+Start!$D$19*(VLOOKUP(N102,Start!$M$33:$N$39,2,FALSE)/R102)+VLOOKUP(O102,Start!$C$33:$D$40,2,FALSE)","v":42.995052631578943}]
[null,null,"Yes","BNA0261c","Erlanger Stadtwerke AG","HKW Erlangen",91052,"Erlangen"," Äußere Bruckerstr. 33","Bayern","GuD 2","10.02.2014","Gas","Gas","CCGT","Combined cycle","OPSD (2018)",0.60299999999999998,"OPSD (2018)",6.7,{"$f":"(1-VLOOKUP(O103,Start!$H$33:$I$40,2,FALSE)/100)*T103","v":5.8289999999999997},{"$f":"VLOOKUP(N103,Start!$C$9:$D$15,2,FALSE)+VLOOKUP(N103,Start!$C$23:$D$29,2,FALSE)","v":10.67},{"$f":"(V103/R103)+Start!$D$19*(VLOOKUP(N103,Start!$M$33:$N$39,2,FALSE)/R103)+VLOOKUP(O103,Start!$C$33:$D$40,2,FALSE)","v":27.448192371475955}]
[null,null,"Yes","BNA0263","Preussen Elektra GmbH","Isar 2",84051,"Essenbach",null,"Bayern","KKI 2","09.04.1988","Nuclear","Nuclear","Nuclear","Steam turbine","OPSD (2018)",0.33,"OPSD (2018)",1410,{"$f":"(1-VLOOKUP(O104,Start!$H$33:$I$40,2,FALSE)/100)*T104","v":1311.3},{"$f":"VLOOKUP(N104,Start!$C$9:$D$15,2,FALSE)+VLOOKUP(N104,Start!$C$23:$D$29,2,FALSE)","v":5.5},{"$f":"(V104/R104)+Start!$D$19*(VLOOKUP(N104,Start!$M$33:$N$39,2,FALSE)/R104)+VLOOKUP(O104,Start!$C$33:$D$40,2,FALSE)","v":17.866666666666664}]
[null,null,"Yes","BNA0270","Stadtwerke Flensburg GmbH","Heizkraftwerk FL",24939,"Flensburg","Batteriestr. 48","Schleswig-Holstein","Block 11","02.06.1992","Multiple","Coal","Coal","Combined cycle","OPSD (2018)",0.504,"OPSD (2018)",31,{"$f":"(1-VLOOKUP(O105,Start!$H$33:$I$40,2,FALSE)/100)*T105","v":23.25},{"$f":"VLOOKUP(N105,Start!$C$9:$D$15,2,FALSE)+VLOOKUP(N105,Start!$C$23:$D$29,2,FALSE)","v":7.5},{"$f":"(V105/R105)+Start!$D$19*(VLOOKUP(N105,Start!$M$33:$N$39,2,FALSE)/R105)+VLOOKUP(O105,Start!$C$33:$D$40,2,FALSE)","v":32.73674603174603}]
[null,null,"Yes","BNA0271","Stadtwerke Flensburg GmbH","Heizkraftwerk FL",24939,"Flensburg","Batteriestr. 48","Schleswig-Holstein","Block 10","23.01.1989","Multiple","Coal","Coal","Combined cycle","OPSD (2018)",0.49049999999999999,"OPSD (2018)",33,{"$f":"(1-VLOOKUP(O106,Start!$H$33:$I$40,2,FALSE)/100)*T106","v":24.75},{"$f":"VLOOKUP(N106,Start!$C$9:$D$15,2,FALSE)+VLOOKUP(N106,Start!$C$23:$D$29,2,FALSE)","v":7.5},{"$f":"(V106/R106)+Start!$D$19*(VLOOKUP(N106,Start!$M$33:$N$39,2,FALSE)/R106)+VLOOKUP(O106,Start!$C$33:$D$40,2,FALSE)","v":33.601977573904179}]
[null,null,"Yes","BNA0272","Stadtwerke Flensburg GmbH","Heizkraftwerk FL",24939,"Flensburg","Batteriestr. 48","Schleswig-Holstein","Block 9","01.10.1985","Multiple","Coal","Coal","Combined cycle","OPSD (2018)",0.47249999999999998,"OPSD (2018)",33,{"$f":"(1-VLOOKUP(O107,Start!$H$33:$I$40,2,FALSE)/100)*T107","v":24.75},{"$f":"VLOOKUP(N107,Start!$C$9:$D$15,2,FALSE)+VLOOKUP(N107,Start!$C$23:$D$29,2,FALSE)","v":7.5},{"$f":"(V107/R107)+Start!$D$19*(VLOOKUP(N107,Start!$M$33:$N$39,2,FALSE)/R107)+VLOOKUP(O107,Start!$C$33:$D$40,2,FALSE)","v":34.832529100529101}]
[null,null,"Yes","BNA0284","Stadtwerke Frankfurt (Oder) GmbH","Heizkraftwerk FFO",15236,"Frankfurt Oder",null,"Brandenburg","Block1-GuD-EK","30.09.1997","Gas","Gas","CCGT","Combustion Engine","https://www.stadtwerke-ffo.de/presse/artikel/?tx_ttnews%5Btt_news%5D=105&cHash=bc667efe855ba8a3998d92434b06a8b9",0.47,"https://powerplants.mandieselturbo.com/docs/librariesprovider7/brochures/v3544g-four-stroke-gas-engine.pdf?sfvrsn=12",48,{"$f":"(1-VLOOKUP(O108,Start!$H$33:$I$40,2,FALSE)/100)*T108","v":41.76},{"$f":"VLOOKUP(N108,Start!$C$9:$D$15,2,FALSE)+VLOOKUP(N108,Start!$C$23:$D$29,2,FALSE)","v":10.67},{"$f":"(V108/R108)+Start!$D$19*(VLOOKUP(N108,Start!$M$33:$N$39,2,FALSE)/R108)+VLOOKUP(O108,Start!$C$33:$D$40,2,FALSE)","v":34.790978723404258}]
[null,null,"Yes","BNA0285","Mainova AG","HKW Niederrad",60528,"Frankfurt am Main","Lyoner Straße  8","Hessen","Block 1","01.01.2004","Gas","Gas","CCGT","Steam turbine","OPSD (2018)",0.38940000000000002,"OPSD (2018)",70,{"$f":"(1-VLOOKUP(O109,Start!$H$33:$I$40,2,FALSE)/100)*T109","v":60.9},{"$f":"VLOOKUP(N109,Start!$C$9:$D$15,2,FALSE)+VLOOKUP(N109,Start!$C$23:$D$29,2,FALSE)","v":10.67},{"$f":"(V109/R109)+Start!$D$19*(VLOOKUP(N109,Start!$M$33:$N$39,2,FALSE)/R109)+VLOOKUP(O109,Start!$C$33:$D$40,2,FALSE)","v":41.681715459681563}]
[null,null,"Yes","BNA0286","Mainova AG","HKW West",60627,"Frankfurt am Main","Gutleutstraße 231","Hessen","Block 4","01.01.1994","Gas","Gas","CCGT","Steam turbine","OPSD (2018)",0.37840000000000001,"OPSD (2018)",99,{"$f":"(1-VLOOKUP(O110,Start!$H$33:$I$40,2,FALSE)/100)*T110","v":86.13},{"$f":"VLOOKUP(N110,Start!$C$9:$D$15,2,FALSE)+VLOOKUP(N110,Start!$C$23:$D$29,2,FALSE)","v":10.67},{"$f":"(V110/R110)+Start!$D$19*(VLOOKUP(N110,Start!$M$33:$N$39,2,FALSE)/R110)+VLOOKUP(O110,Start!$C$33:$D$40,2,FALSE)","v":42.849788583509508}]
[null,null,"Yes","BNA0287a","Mainova AG","MHKW Frankfurt",60440,"Frankfurt am Main","Heddernheimer Landstraße 158","Hessen","T 3 (nur alleiniger Betrieb, kein gemeinsamer Betrieb mit T 7 möglich)","01.01.1969","Multiple","Waste","Waste","Steam turbine","OPSD (2018)",0.33,"OPSD (2018)",26,{"$f":"(1-VLOOKUP(O111,Start!$H$33:$I$40,2,FALSE)/100)*T111","v":22.099999999999998},{"$f":"VLOOKUP(N111,Start!$C$9:$D$15,2,FALSE)+VLOOKUP(N111,Start!$C$23:$D$29,2,FALSE)","v":0},{"$f":"(V111/R111)+Start!$D$19*(VLOOKUP(N111,Start!$M$33:$N$39,2,FALSE)/R111)+VLOOKUP(O111,Start!$C$33:$D$40,2,FALSE)","v":1}]
[null,null,"Yes","BNA0287b","Mainova AG","MHKW Frankfurt",60439,"Frankfurt am Main","Heddernheimer Landstraße 157","Hessen","T 7 (nur alleiniger Betrieb, kein gemeinsamer Betrieb mit T 3 möglich)","01.01.2006","Multiple","Waste","Waste","Steam turbine","OPSD (2018)",0.33,"OPSD (2018)",46.5,{"$f":"(1-VLOOKUP(O112,Start!$H$33:$I$40,2,FALSE)/100)*T112","v":39.524999999999999},{"$f":"VLOOKUP(N112,Start!$C$9:$D$15,2,FALSE)+VLOOKUP(N112,Start!$C$23:$D$29,2,FALSE)","v":0},{"$f":"(V112/R112)+Start!$D$19*(VLOOKUP(N112,Start!$M$33:$N$39,2,FALSE)/R112)+VLOOKUP(O112,Start!$C$33:$D$40,2,FALSE)","v":1}]
[null,null,"Yes","BNA0289b","Mainova AG","HKW West",60627,"Frankfurt am Main","Gutleutstraße 231","Hessen","Block 2","01.01.1988","Multiple","Coal","Coal","Steam turbine","OPSD (2018)",0.39500000000000002,"OPSD (2018)",61.5,{"$f":"(1-VLOOKUP(O113,Start!$H$33:$I$40,2,FALSE)/100)*T113","v":46.125},{"$f":"VLOOKUP(N113,Start!$C$9:$D$15,2,FALSE)+VLOOKUP(N113,Start!$C$23:$D$29,2,FALSE)","v":7.5},{"$f":"(V113/R113)+Start!$D$19*(VLOOKUP(N113,Start!$M$33:$N$39,2,FALSE)/R113)+VLOOKUP(O113,Start!$C$33:$D$40,2,FALSE)","v":41.411696202531644}]
[null,null,"Yes","BNA0290","Mainova AG","HKW West",60627,"Frankfurt am Main","Gutleutstraße 231","Hessen","Block 3","01.01.1989","Multiple","Coal","Coal","Steam turbine","OPSD (2018)",0.39750000000000002,"OPSD (2018)",61.5,{"$f":"(1-VLOOKUP(O114,Start!$H$33:$I$40,2,FALSE)/100)*T114","v":46.125},{"$f":"VLOOKUP(N114,Start!$C$9:$D$15,2,FALSE)+VLOOKUP(N114,Start!$C$23:$D$29,2,FALSE)","v":7.5},{"$f":"(V114/R114)+Start!$D$19*(VLOOKUP(N114,Start!$M$33:$N$39,2,FALSE)/R114)+VLOOKUP(O114,Start!$C$33:$D$40,2,FALSE)","v":41.159421383647796}]
[null,null,"Yes","BNA0292","RWE Power AG","Frechen/Wachtberg",50226,"Frechen",null,"Nordrhein-Westfalen","Frechen/Wachtberg","01.01.1959","Multiple","Lignite","Lignite","Steam turbine","OPSD (2018)",0.37119999999999997,"OPSD (2018)",176,{"$f":"(1-VLOOKUP(O115,Start!$H$33:$I$40,2,FALSE)/100)*T115","v":153.12},{"$f":"VLOOKUP(N115,Start!$C$9:$D$15,2,FALSE)+VLOOKUP(N115,Start!$C$23:$D$29,2,FALSE)","v":3.1},{"$f":"(V115/R115)+Start!$D$19*(VLOOKUP(N115,Start!$M$33:$N$39,2,FALSE)/R115)+VLOOKUP(O115,Start!$C$33:$D$40,2,FALSE)","v":36.99913793103449}]
[null,null,"Yes","BNA0318","RhönEnergie Fulda GmbH","Kraftwerk Fulda",36043,"Fulda",null,"Hessen",null,"01.01.2011","Petroleum","Oil","Oil","Steam turbine","OPSD (2018)",0.39710000000000001,"OPSD (2018)",24.81,{"$f":"(1-VLOOKUP(O116,Start!$H$33:$I$40,2,FALSE)/100)*T116","v":21.0885},{"$f":"VLOOKUP(N116,Start!$C$9:$D$15,2,FALSE)+VLOOKUP(N116,Start!$C$23:$D$29,2,FALSE)","v":23.2},{"$f":"(V116/R116)+Start!$D$19*(VLOOKUP(N116,Start!$M$33:$N$39,2,FALSE)/R116)+VLOOKUP(O116,Start!$C$33:$D$40,2,FALSE)","v":76.882145555275741}]
[null,null,"Yes","BNA0331","Uniper Kraftwerke GmbH ","Scholven",45896,"Gelsenkirchen",null,"Nordrhein-Westfalen","C","01.01.1969","Coal","Coal","Coal","Steam turbine","OPSD (2018)",0.34749999999999998,"OPSD (2018)",345,{"$f":"(1-VLOOKUP(O117,Start!$H$33:$I$40,2,FALSE)/100)*T117","v":258.75},{"$f":"VLOOKUP(N117,Start!$C$9:$D$15,2,FALSE)+VLOOKUP(N117,Start!$C$23:$D$29,2,FALSE)","v":7.5},{"$f":"(V117/R117)+Start!$D$19*(VLOOKUP(N117,Start!$M$33:$N$39,2,FALSE)/R117)+VLOOKUP(O117,Start!$C$33:$D$40,2,FALSE)","v":46.894589928057556}]
[null,null,"Yes","BNA0332","Uniper Kraftwerke GmbH ","Scholven",45896,"Gelsenkirchen",null,"Nordrhein-Westfalen","B","01.01.1968","Coal","Coal","Coal","Steam turbine","OPSD (2018)",0.34499999999999997,"OPSD (2018)",345,{"$f":"(1-VLOOKUP(O118,Start!$H$33:$I$40,2,FALSE)/100)*T118","v":258.75},{"$f":"VLOOKUP(N118,Start!$C$9:$D$15,2,FALSE)+VLOOKUP(N118,Start!$C$23:$D$29,2,FALSE)","v":7.5},{"$f":"(V118/R118)+Start!$D$19*(VLOOKUP(N118,Start!$M$33:$N$39,2,FALSE)/R118)+VLOOKUP(O118,Start!$C$33:$D$40,2,FALSE)","v":47.22498550724638}]
[null,null,"Yes","BNA0336","Uniper Kraftwerke GmbH ","FWK Buer",45896,"Gelsenkirchen",null,"Nordrhein-Westfalen",null,"01.01.1985","Coal","Coal","Coal","Steam turbine","OPSD (2018)",0.38750000000000001,"OPSD (2018)",70,{"$f":"(1-VLOOKUP(O119,Start!$H$33:$I$40,2,FALSE)/100)*T119","v":52.5},{"$f":"VLOOKUP(N119,Start!$C$9:$D$15,2,FALSE)+VLOOKUP(N119,Start!$C$23:$D$29,2,FALSE)","v":7.5},{"$f":"(V119/R119)+Start!$D$19*(VLOOKUP(N119,Start!$M$33:$N$39,2,FALSE)/R119)+VLOOKUP(O119,Start!$C$33:$D$40,2,FALSE)","v":42.188051612903223}]
[null,null,"Yes","BNA0354","Georg-August-Universität Göttingen Stiftung Öffentlichen Rechts","HKW Göttingen",37075,"Göttingen","Rudolf-Diesel-Straße 1","Niedersachsen",null,"01.01.1998","Multiple","Gas","CCGT","Steam turbine","OPSD (2018)",0.38279999999999997,"OPSD (2018)",18.8,{"$f":"(1-VLOOKUP(O120,Start!$H$33:$I$40,2,FALSE)/100)*T120","v":16.356000000000002},{"$f":"VLOOKUP(N120,Start!$C$9:$D$15,2,FALSE)+VLOOKUP(N120,Start!$C$23:$D$29,2,FALSE)","v":10.67},{"$f":"(V120/R120)+Start!$D$19*(VLOOKUP(N120,Start!$M$33:$N$39,2,FALSE)/R120)+VLOOKUP(O120,Start!$C$33:$D$40,2,FALSE)","v":42.374503657262281}]
[null,null,"Yes","BNA0360","Stadtwerke Greifswald GmbH","HKW \"Helmshäger Berg\"",17489,"Greifswald",null,"Mecklenburg-Vorpommern","Gasturbine","01.01.1996","Gas","Gas","OCGT","Gas turbine","OPSD (2018)",0.36959999999999998,"OPSD (2018)",14.7,{"$f":"(1-VLOOKUP(O121,Start!$H$33:$I$40,2,FALSE)/100)*T121","v":12.789},{"$f":"VLOOKUP(N121,Start!$C$9:$D$15,2,FALSE)+VLOOKUP(N121,Start!$C$23:$D$29,2,FALSE)","v":10.67},{"$f":"(V121/R121)+Start!$D$19*(VLOOKUP(N121,Start!$M$33:$N$39,2,FALSE)/R121)+VLOOKUP(O121,Start!$C$33:$D$40,2,FALSE)","v":43.33430735930736}]
[null,null,"Yes","BNA0361","KGW - Kraftwerk Grenzach-Wyhlen GmbH","Kraftwerk Grenzach-Wyhlen",79639,"Grenzach-Wyhlen",null,"Baden-Württemberg",null,"20.12.2017","Gas","Gas","CCGT","Steam turbine","OPSD (2018)",0.4037,"OPSD (2018)",30,{"$f":"(1-VLOOKUP(O122,Start!$H$33:$I$40,2,FALSE)/100)*T122","v":26.1},{"$f":"VLOOKUP(N122,Start!$C$9:$D$15,2,FALSE)+VLOOKUP(N122,Start!$C$23:$D$29,2,FALSE)","v":10.67},{"$f":"(V122/R122)+Start!$D$19*(VLOOKUP(N122,Start!$M$33:$N$39,2,FALSE)/R122)+VLOOKUP(O122,Start!$C$33:$D$40,2,FALSE)","v":40.25838493931137}]
[null,null,"Yes","BNA0369","envia THERM GmbH","Spitzenlastkraftwerk Sermuth",4668,"Großbothen",null,"Sachsen",null,"16.10.1995","Petroleum","Oil","Oil","Steam turbine","OPSD (2018)",0.3795,"OPSD (2018)",17,{"$f":"(1-VLOOKUP(O123,Start!$H$33:$I$40,2,FALSE)/100)*T123","v":14.45},{"$f":"VLOOKUP(N123,Start!$C$9:$D$15,2,FALSE)+VLOOKUP(N123,Start!$C$23:$D$29,2,FALSE)","v":23.2},{"$f":"(V123/R123)+Start!$D$19*(VLOOKUP(N123,Start!$M$33:$N$39,2,FALSE)/R123)+VLOOKUP(O123,Start!$C$33:$D$40,2,FALSE)","v":80.401317523056662}]
[null,null,"Yes","BNA0373","envia THERM GmbH","Spitzenlastkraftwerk Großkayna",6242,"Großkayna",null,"Sachsen-Anhalt",null,"03.01.1994","Petroleum","Oil","Oil","Gas turbine","OPSD (2018)",0.3644,"OPSD (2018)",120,{"$f":"(1-VLOOKUP(O124,Start!$H$33:$I$40,2,FALSE)/100)*T124","v":102},{"$f":"VLOOKUP(N124,Start!$C$9:$D$15,2,FALSE)+VLOOKUP(N124,Start!$C$23:$D$29,2,FALSE)","v":23.2},{"$f":"(V124/R124)+Start!$D$19*(VLOOKUP(N124,Start!$M$33:$N$39,2,FALSE)/R124)+VLOOKUP(O124,Start!$C$33:$D$40,2,FALSE)","v":83.691547749725572}]
[null,null,"Yes","BNA0377","Uniper Kraftwerke GmbH ","Staudinger",63538,"Großkrotzenburg",null,"Hessen",5,"01.01.1992","Coal","Coal","Coal","Steam turbine","OPSD (2018)",0.40500000000000003,"OPSD (2018)",510,{"$f":"(1-VLOOKUP(O125,Start!$H$33:$I$40,2,FALSE)/100)*T125","v":382.5},{"$f":"VLOOKUP(N125,Start!$C$9:$D$15,2,FALSE)+VLOOKUP(N125,Start!$C$23:$D$29,2,FALSE)","v":7.5},{"$f":"(V125/R125)+Start!$D$19*(VLOOKUP(N125,Start!$M$33:$N$39,2,FALSE)/R125)+VLOOKUP(O125,Start!$C$33:$D$40,2,FALSE)","v":40.42128395061728}]
[null,null,"Yes","BNA0380","EEW Energy from Waste Großräschen GmbH","EEW Großräschen",1983,"Großräschen",null,"Brandenburg",null,"01.12.2007","Waste","Waste","Waste","Steam turbine","OPSD (2018)",0.33,"OPSD (2018)",23.3,{"$f":"(1-VLOOKUP(O126,Start!$H$33:$I$40,2,FALSE)/100)*T126","v":19.805},{"$f":"VLOOKUP(N126,Start!$C$9:$D$15,2,FALSE)+VLOOKUP(N126,Start!$C$23:$D$29,2,FALSE)","v":0},{"$f":"(V126/R126)+Start!$D$19*(VLOOKUP(N126,Start!$M$33:$N$39,2,FALSE)/R126)+VLOOKUP(O126,Start!$C$33:$D$40,2,FALSE)","v":1}]
[null,null,"Yes","BNA0382","RWE Power AG","Kernkraft Gundremmingen ",89355,"Gundremmingen",null,"Bayern","C","02.11.1984","Nuclear","Nuclear","Nuclear","Steam turbine","OPSD (2018)",0.33,"OPSD (2018)",1288,{"$f":"(1-VLOOKUP(O127,Start!$H$33:$I$40,2,FALSE)/100)*T127","v":1197.8399999999999},{"$f":"VLOOKUP(N127,Start!$C$9:$D$15,2,FALSE)+VLOOKUP(N127,Start!$C$23:$D$29,2,FALSE)","v":5.5},{"$f":"(V127/R127)+Start!$D$19*(VLOOKUP(N127,Start!$M$33:$N$39,2,FALSE)/R127)+VLOOKUP(O127,Start!$C$33:$D$40,2,FALSE)","v":17.866666666666664}]
[null,null,"Yes","BNA0386","Mohn Media Mohndruck GmbH","Energiezentrum Mohn Media",33334,"Gütersloh","Carl Bertelsmann Straße 161","Nordrhein-Westfalen",null,"28.03.1994","Gas","Gas","CCGT","Steam turbine","OPSD (2018)",0.37840000000000001,"OPSD (2018)",25,{"$f":"(1-VLOOKUP(O128,Start!$H$33:$I$40,2,FALSE)/100)*T128","v":21.75},{"$f":"VLOOKUP(N128,Start!$C$9:$D$15,2,FALSE)+VLOOKUP(N128,Start!$C$23:$D$29,2,FALSE)","v":10.67},{"$f":"(V128/R128)+Start!$D$19*(VLOOKUP(N128,Start!$M$33:$N$39,2,FALSE)/R128)+VLOOKUP(O128,Start!$C$33:$D$40,2,FALSE)","v":42.849788583509508}]
[null,null,"Yes","BNA0392a","EVH GmbH","HKW Halle Trotha",6130,"Halle","Dieselstraße 141","Sachsen-Anhalt","Block A und B","27.08.2005","Gas","Gas","CCGT","Steam turbine","OPSD (2018)",0.39050000000000001,"OPSD (2018)",97,{"$f":"(1-VLOOKUP(O129,Start!$H$33:$I$40,2,FALSE)/100)*T129","v":84.39},{"$f":"VLOOKUP(N129,Start!$C$9:$D$15,2,FALSE)+VLOOKUP(N129,Start!$C$23:$D$29,2,FALSE)","v":10.67},{"$f":"(V129/R129)+Start!$D$19*(VLOOKUP(N129,Start!$M$33:$N$39,2,FALSE)/R129)+VLOOKUP(O129,Start!$C$33:$D$40,2,FALSE)","v":41.56852752880922}]
[null,null,"Yes","BNA0392b","Heizkraftwerk Halle-Trotha GmbH","HKW Halle Trotha",6130,"Halle","Brachwitzer Straße 23","Sachsen-Anhalt","GuD","30.01.2013","Gas","Gas","CCGT","Combined cycle","OPSD (2018)",0.59850000000000003,"OPSD (2018)",56.14,{"$f":"(1-VLOOKUP(O130,Start!$H$33:$I$40,2,FALSE)/100)*T130","v":48.841799999999999},{"$f":"VLOOKUP(N130,Start!$C$9:$D$15,2,FALSE)+VLOOKUP(N130,Start!$C$23:$D$29,2,FALSE)","v":10.67},{"$f":"(V130/R130)+Start!$D$19*(VLOOKUP(N130,Start!$M$33:$N$39,2,FALSE)/R130)+VLOOKUP(O130,Start!$C$33:$D$40,2,FALSE)","v":27.643291562238929}]
[null,null,"Yes","BNA0395","ThyssenKrupp Steel Europe AG","Duisburg Hamborn 3",47166,"Hamborn",null,"Nordrhein-Westfalen","Block 3","01.01.1958","Other","Gas","CCGT","Steam turbine","OPSD (2018)",0.33,"Assumption based on DIW (2014)",59,{"$f":"(1-VLOOKUP(O131,Start!$H$33:$I$40,2,FALSE)/100)*T131","v":51.33},{"$f":"VLOOKUP(N131,Start!$C$9:$D$15,2,FALSE)+VLOOKUP(N131,Start!$C$23:$D$29,2,FALSE)","v":10.67},{"$f":"(V131/R131)+Start!$D$19*(VLOOKUP(N131,Start!$M$33:$N$39,2,FALSE)/R131)+VLOOKUP(O131,Start!$C$33:$D$40,2,FALSE)","v":48.914424242424239}]
[null,null,"Yes","BNA0396","ThyssenKrupp Steel Europe AG","Duisburg Hamborn 4",47166,"Hamborn",null,"Nordrhein-Westfalen","Block 4","01.01.1976","Other","Gas","CCGT","Steam turbine","OPSD (2018)",0.35199999999999998,"Assumption based on DIW (2014)",101,{"$f":"(1-VLOOKUP(O132,Start!$H$33:$I$40,2,FALSE)/100)*T132","v":87.87},{"$f":"VLOOKUP(N132,Start!$C$9:$D$15,2,FALSE)+VLOOKUP(N132,Start!$C$23:$D$29,2,FALSE)","v":10.67},{"$f":"(V132/R132)+Start!$D$19*(VLOOKUP(N132,Start!$M$33:$N$39,2,FALSE)/R132)+VLOOKUP(O132,Start!$C$33:$D$40,2,FALSE)","v":45.951022727272729}]
[null,null,"Yes","BNA0397","ThyssenKrupp Steel Europe AG","Duisburg Hamborn 5",47166,"Hamborn",null,"Nordrhein-Westfalen","Block 5","01.01.2003","Other","Gas","CCGT","Combined cycle","OPSD (2018)",0.54,"Assumption based on DIW (2014)",225,{"$f":"(1-VLOOKUP(O133,Start!$H$33:$I$40,2,FALSE)/100)*T133","v":195.75},{"$f":"VLOOKUP(N133,Start!$C$9:$D$15,2,FALSE)+VLOOKUP(N133,Start!$C$23:$D$29,2,FALSE)","v":10.67},{"$f":"(V133/R133)+Start!$D$19*(VLOOKUP(N133,Start!$M$33:$N$39,2,FALSE)/R133)+VLOOKUP(O133,Start!$C$33:$D$40,2,FALSE)","v":30.475481481481481}]
[null,null,"Yes","BNA0398","MVR Müllverwertung Rugenberger Damm GmbH & Co. KG","MVR Müllverwertung Rugenberger Damm GmbH & Co. KG",21129,"Hamburg","Rugenberger Damm 1","Hamburg",null,"12.08.1999","Waste","Waste","Waste","Steam turbine","OPSD (2018)",0.33,"OPSD (2018)",24,{"$f":"(1-VLOOKUP(O134,Start!$H$33:$I$40,2,FALSE)/100)*T134","v":20.399999999999999},{"$f":"VLOOKUP(N134,Start!$C$9:$D$15,2,FALSE)+VLOOKUP(N134,Start!$C$23:$D$29,2,FALSE)","v":0},{"$f":"(V134/R134)+Start!$D$19*(VLOOKUP(N134,Start!$M$33:$N$39,2,FALSE)/R134)+VLOOKUP(O134,Start!$C$33:$D$40,2,FALSE)","v":1}]
[null,null,"Yes","BNA0400","Wärme Hamburg GmbH","GuD Tiefstack",22113,"Hamburg","Andreas-Meyer-Straße 8","Hamburg","GuD Tiefstack","02.11.2009","Gas","Gas","CCGT","Combined cycle","OPSD (2018)",0.58050000000000002,"OPSD (2018)",127,{"$f":"(1-VLOOKUP(O135,Start!$H$33:$I$40,2,FALSE)/100)*T135","v":110.49},{"$f":"VLOOKUP(N135,Start!$C$9:$D$15,2,FALSE)+VLOOKUP(N135,Start!$C$23:$D$29,2,FALSE)","v":10.67},{"$f":"(V135/R135)+Start!$D$19*(VLOOKUP(N135,Start!$M$33:$N$39,2,FALSE)/R135)+VLOOKUP(O135,Start!$C$33:$D$40,2,FALSE)","v":28.453936261843239}]
[null,null,"Yes","BNA0401","ADM Hamburg Aktiengesellschaft","Heizkraftwerk",21107,"Hamburg","Nippoldstr. 117","Hamburg","HKW","01.07.1993","Gas","Gas","CCGT","Steam turbine","OPSD (2018)",0.37730000000000002,"OPSD (2018)",22.5,{"$f":"(1-VLOOKUP(O136,Start!$H$33:$I$40,2,FALSE)/100)*T136","v":19.574999999999999},{"$f":"VLOOKUP(N136,Start!$C$9:$D$15,2,FALSE)+VLOOKUP(N136,Start!$C$23:$D$29,2,FALSE)","v":10.67},{"$f":"(V136/R136)+Start!$D$19*(VLOOKUP(N136,Start!$M$33:$N$39,2,FALSE)/R136)+VLOOKUP(O136,Start!$C$33:$D$40,2,FALSE)","v":42.97034190299496}]
[null,null,"Yes","BNA0402","Wärme Hamburg GmbH","Tiefstack",22113,"Hamburg","Andreas-Meyer-Straße 8","Hamburg","Tiefstack","01.03.1993","Coal","Coal","Coal","Steam turbine","OPSD (2018)",0.40749999999999997,"OPSD (2018)",194,{"$f":"(1-VLOOKUP(O137,Start!$H$33:$I$40,2,FALSE)/100)*T137","v":145.5},{"$f":"VLOOKUP(N137,Start!$C$9:$D$15,2,FALSE)+VLOOKUP(N137,Start!$C$23:$D$29,2,FALSE)","v":7.5},{"$f":"(V137/R137)+Start!$D$19*(VLOOKUP(N137,Start!$M$33:$N$39,2,FALSE)/R137)+VLOOKUP(O137,Start!$C$33:$D$40,2,FALSE)","v":40.181276073619628}]
[null,null,"Yes","BNA0403","Wärme Hamburg GmbH","Wedel",22880,"Wedel","Tinsdaler Weg 146","Schleswig-Holstein","Wedel 2","23.07.1962","Coal","Coal","Coal","Steam turbine","OPSD (2018)",0.40749999999999997,"OPSD (2018)",123,{"$f":"(1-VLOOKUP(O138,Start!$H$33:$I$40,2,FALSE)/100)*T138","v":92.25},{"$f":"VLOOKUP(N138,Start!$C$9:$D$15,2,FALSE)+VLOOKUP(N138,Start!$C$23:$D$29,2,FALSE)","v":7.5},{"$f":"(V138/R138)+Start!$D$19*(VLOOKUP(N138,Start!$M$33:$N$39,2,FALSE)/R138)+VLOOKUP(O138,Start!$C$33:$D$40,2,FALSE)","v":40.181276073619628}]
[null,null,"Yes","BNA0404","Wärme Hamburg GmbH","Wedel",22880,"Wedel","Tinsdaler Weg 146","Schleswig-Holstein","Wedel 1","01.01.1961","Coal","Coal","Coal","Steam turbine","OPSD (2018)",0.40749999999999997,"OPSD (2018)",137,{"$f":"(1-VLOOKUP(O139,Start!$H$33:$I$40,2,FALSE)/100)*T139","v":102.75},{"$f":"VLOOKUP(N139,Start!$C$9:$D$15,2,FALSE)+VLOOKUP(N139,Start!$C$23:$D$29,2,FALSE)","v":7.5},{"$f":"(V139/R139)+Start!$D$19*(VLOOKUP(N139,Start!$M$33:$N$39,2,FALSE)/R139)+VLOOKUP(O139,Start!$C$33:$D$40,2,FALSE)","v":40.181276073619628}]
[null,null,"Yes","BNA0407","Enertec Hameln GmbH","Enertec Hameln",31789,"Hameln",null,"Niedersachsen","Linien 1,3,4","07.10.1913","Waste","Waste","Waste","Steam turbine","OPSD (2018)",0.33,"OPSD (2018)",13.2,{"$f":"(1-VLOOKUP(O140,Start!$H$33:$I$40,2,FALSE)/100)*T140","v":11.219999999999999},{"$f":"VLOOKUP(N140,Start!$C$9:$D$15,2,FALSE)+VLOOKUP(N140,Start!$C$23:$D$29,2,FALSE)","v":0},{"$f":"(V140/R140)+Start!$D$19*(VLOOKUP(N140,Start!$M$33:$N$39,2,FALSE)/R140)+VLOOKUP(O140,Start!$C$33:$D$40,2,FALSE)","v":1}]
[null,null,"Yes","BNA0410","Trianel Gaskraftwerk Hamm GmbH & Co. KG ","Trianel Gaskraftwerk ",59071,"Hamm","Trianelstraße 1","Nordrhein-Westfalen","Block 10","01.03.2008","Gas","Gas","CCGT","Combined cycle","OPSD (2018)",0.57599999999999996,"OPSD (2018)",407,{"$f":"(1-VLOOKUP(O141,Start!$H$33:$I$40,2,FALSE)/100)*T141","v":354.09},{"$f":"VLOOKUP(N141,Start!$C$9:$D$15,2,FALSE)+VLOOKUP(N141,Start!$C$23:$D$29,2,FALSE)","v":10.67},{"$f":"(V141/R141)+Start!$D$19*(VLOOKUP(N141,Start!$M$33:$N$39,2,FALSE)/R141)+VLOOKUP(O141,Start!$C$33:$D$40,2,FALSE)","v":28.664513888888891}]
[null,null,"Yes","BNA0411","Trianel Gaskraftwerk Hamm GmbH & Co. KG ","Trianel Gaskraftwerk ",59071,"Hamm","Trianelstraße 1","Nordrhein-Westfalen","Block 20","01.03.2008","Gas","Gas","CCGT","Combined cycle","OPSD (2018)",0.57599999999999996,"OPSD (2018)",410,{"$f":"(1-VLOOKUP(O142,Start!$H$33:$I$40,2,FALSE)/100)*T142","v":356.7},{"$f":"VLOOKUP(N142,Start!$C$9:$D$15,2,FALSE)+VLOOKUP(N142,Start!$C$23:$D$29,2,FALSE)","v":10.67},{"$f":"(V142/R142)+Start!$D$19*(VLOOKUP(N142,Start!$M$33:$N$39,2,FALSE)/R142)+VLOOKUP(O142,Start!$C$33:$D$40,2,FALSE)","v":28.664513888888891}]
[null,null,"Yes","BNA0413c","RWE Generation SE","Westfalen",59071,"Hamm-Uentrop",null,"Nordrhein-Westfalen","E","02.07.2014","Coal","Coal","Coal","Steam turbine","OPSD (2018)",0.46,"OPSD (2018)",763.7,{"$f":"(1-VLOOKUP(O143,Start!$H$33:$I$40,2,FALSE)/100)*T143","v":572.77500000000009},{"$f":"VLOOKUP(N143,Start!$C$9:$D$15,2,FALSE)+VLOOKUP(N143,Start!$C$23:$D$29,2,FALSE)","v":7.5},{"$f":"(V143/R143)+Start!$D$19*(VLOOKUP(N143,Start!$M$33:$N$39,2,FALSE)/R143)+VLOOKUP(O143,Start!$C$33:$D$40,2,FALSE)","v":35.743739130434783}]
[null,null,"Yes","BNA0417","EEW Energy from Waste Hannover GmbH","EEW Energy from Waste Hannover GmbH",30659,"Hannover",null,"Niedersachsen","Hannover","01.06.2005","Waste","Waste","Waste","Steam turbine","OPSD (2018)",0.33,"OPSD (2018)",22.5,{"$f":"(1-VLOOKUP(O144,Start!$H$33:$I$40,2,FALSE)/100)*T144","v":19.125},{"$f":"VLOOKUP(N144,Start!$C$9:$D$15,2,FALSE)+VLOOKUP(N144,Start!$C$23:$D$29,2,FALSE)","v":0},{"$f":"(V144/R144)+Start!$D$19*(VLOOKUP(N144,Start!$M$33:$N$39,2,FALSE)/R144)+VLOOKUP(O144,Start!$C$33:$D$40,2,FALSE)","v":1}]
[null,null,"Yes","BNA0418","enercity AG","GKL",30169,"Hannover",null,"Niedersachsen","GKL","05.11.1998","Gas","Gas","CCGT","Combined cycle","OPSD (2018)",0.59850000000000003,"OPSD (2018)",230,{"$f":"(1-VLOOKUP(O145,Start!$H$33:$I$40,2,FALSE)/100)*T145","v":200.1},{"$f":"VLOOKUP(N145,Start!$C$9:$D$15,2,FALSE)+VLOOKUP(N145,Start!$C$23:$D$29,2,FALSE)","v":10.67},{"$f":"(V145/R145)+Start!$D$19*(VLOOKUP(N145,Start!$M$33:$N$39,2,FALSE)/R145)+VLOOKUP(O145,Start!$C$33:$D$40,2,FALSE)","v":27.643291562238929}]
[null,null,"Yes","BNA0420","enercity AG","GKH",30419,"Hannover",null,"Niedersachsen","Block1","26.01.1989","Coal","Coal","Coal","Steam turbine","OPSD (2018)",0.39750000000000002,"OPSD (2018)",136,{"$f":"(1-VLOOKUP(O146,Start!$H$33:$I$40,2,FALSE)/100)*T146","v":102},{"$f":"VLOOKUP(N146,Start!$C$9:$D$15,2,FALSE)+VLOOKUP(N146,Start!$C$23:$D$29,2,FALSE)","v":7.5},{"$f":"(V146/R146)+Start!$D$19*(VLOOKUP(N146,Start!$M$33:$N$39,2,FALSE)/R146)+VLOOKUP(O146,Start!$C$33:$D$40,2,FALSE)","v":41.159421383647796}]
[null,null,"Yes","BNA0421","enercity AG","GKH",30419,"Hannover",null,"Niedersachsen","Block2","21.06.1989","Coal","Coal","Coal","Steam turbine","OPSD (2018)",0.39750000000000002,"OPSD (2018)",136,{"$f":"(1-VLOOKUP(O147,Start!$H$33:$I$40,2,FALSE)/100)*T147","v":102},{"$f":"VLOOKUP(N147,Start!$C$9:$D$15,2,FALSE)+VLOOKUP(N147,Start!$C$23:$D$29,2,FALSE)","v":7.5},{"$f":"(V147/R147)+Start!$D$19*(VLOOKUP(N147,Start!$M$33:$N$39,2,FALSE)/R147)+VLOOKUP(O147,Start!$C$33:$D$40,2,FALSE)","v":41.159421383647796}]
[null,null,"Yes","BNA0427","Peissenberger Kraftwerksgesellschaft mbH","Kraftwerk Hausham",83734,"Hausham",null,"Bayern","GT 1","01.11.1982","Petroleum","Oil","Oil","Gas turbine","OPSD (2018)",0.3332,"OPSD (2018)",23.38,{"$f":"(1-VLOOKUP(O148,Start!$H$33:$I$40,2,FALSE)/100)*T148","v":19.872999999999998},{"$f":"VLOOKUP(N148,Start!$C$9:$D$15,2,FALSE)+VLOOKUP(N148,Start!$C$23:$D$29,2,FALSE)","v":23.2},{"$f":"(V148/R148)+Start!$D$19*(VLOOKUP(N148,Start!$M$33:$N$39,2,FALSE)/R148)+VLOOKUP(O148,Start!$C$33:$D$40,2,FALSE)","v":91.434573829531814}]
[null,null,"Yes","BNA0428","Peissenberger Kraftwerksgesellschaft mbH","Kraftwerk Hausham",83734,"Hausham",null,"Bayern","GT 2","01.11.1982","Petroleum","Oil","Oil","Gas turbine","OPSD (2018)",0.3332,"OPSD (2018)",23.38,{"$f":"(1-VLOOKUP(O149,Start!$H$33:$I$40,2,FALSE)/100)*T149","v":19.872999999999998},{"$f":"VLOOKUP(N149,Start!$C$9:$D$15,2,FALSE)+VLOOKUP(N149,Start!$C$23:$D$29,2,FALSE)","v":23.2},{"$f":"(V149/R149)+Start!$D$19*(VLOOKUP(N149,Start!$M$33:$N$39,2,FALSE)/R149)+VLOOKUP(O149,Start!$C$33:$D$40,2,FALSE)","v":91.434573829531814}]
[null,null,"Yes","BNA0429","Peissenberger Kraftwerksgesellschaft mbH","Kraftwerk Hausham",83734,"Hausham",null,"Bayern","GT 3","01.11.1982","Petroleum","Oil","Oil","Gas turbine","OPSD (2018)",0.3332,"OPSD (2018)",23.38,{"$f":"(1-VLOOKUP(O150,Start!$H$33:$I$40,2,FALSE)/100)*T150","v":19.872999999999998},{"$f":"VLOOKUP(N150,Start!$C$9:$D$15,2,FALSE)+VLOOKUP(N150,Start!$C$23:$D$29,2,FALSE)","v":23.2},{"$f":"(V150/R150)+Start!$D$19*(VLOOKUP(N150,Start!$M$33:$N$39,2,FALSE)/R150)+VLOOKUP(O150,Start!$C$33:$D$40,2,FALSE)","v":91.434573829531814}]
[null,null,"Yes","BNA0430","Peissenberger Kraftwerksgesellschaft mbH","Kraftwerk Hausham",83734,"Hausham",null,"Bayern","GT 4","01.11.1982","Petroleum","Oil","Oil","Gas turbine","OPSD (2018)",0.3332,"OPSD (2018)",23.38,{"$f":"(1-VLOOKUP(O151,Start!$H$33:$I$40,2,FALSE)/100)*T151","v":19.872999999999998},{"$f":"VLOOKUP(N151,Start!$C$9:$D$15,2,FALSE)+VLOOKUP(N151,Start!$C$23:$D$29,2,FALSE)","v":23.2},{"$f":"(V151/R151)+Start!$D$19*(VLOOKUP(N151,Start!$M$33:$N$39,2,FALSE)/R151)+VLOOKUP(O151,Start!$C$33:$D$40,2,FALSE)","v":91.434573829531814}]
[null,null,"Yes","BNA0434","EnBW Energie Baden-Württemberg AG","Heizkraftwerk Heilbronn",74076,"Heilbronn","Lichtenbergerstraße 23","Baden-Württemberg","HLB 7","01.12.1985","Coal","Coal","Coal","Steam turbine","OPSD (2018)",0.44750000000000001,"OPSD (2018)",778,{"$f":"(1-VLOOKUP(O152,Start!$H$33:$I$40,2,FALSE)/100)*T152","v":583.5},{"$f":"VLOOKUP(N152,Start!$C$9:$D$15,2,FALSE)+VLOOKUP(N152,Start!$C$23:$D$29,2,FALSE)","v":7.5},{"$f":"(V152/R152)+Start!$D$19*(VLOOKUP(N152,Start!$M$33:$N$39,2,FALSE)/R152)+VLOOKUP(O152,Start!$C$33:$D$40,2,FALSE)","v":36.70585474860335}]
[null,null,"Yes","BNA0438","EEW Energy from Waste Helmstedt GmbH","TRV Buschhaus",38350,"Helmstedt",null,"Niedersachsen","Linie 1-3","31.03.1999","Waste","Waste","Waste","Steam turbine","OPSD (2018)",0.33,"OPSD (2018)",37.5,{"$f":"(1-VLOOKUP(O153,Start!$H$33:$I$40,2,FALSE)/100)*T153","v":31.875},{"$f":"VLOOKUP(N153,Start!$C$9:$D$15,2,FALSE)+VLOOKUP(N153,Start!$C$23:$D$29,2,FALSE)","v":0},{"$f":"(V153/R153)+Start!$D$19*(VLOOKUP(N153,Start!$M$33:$N$39,2,FALSE)/R153)+VLOOKUP(O153,Start!$C$33:$D$40,2,FALSE)","v":1}]
[null,null,"Yes","BNA0442","Mark-E AG / Statkraft Markets","Cuno Heizkraftwerk Herdecke",58313,"Herdecke",null,"Nordrhein-Westfalen","H6","01.01.2007","Gas","Gas","CCGT","Combined cycle","OPSD (2018)",0.57150000000000001,"OPSD (2018)",417,{"$f":"(1-VLOOKUP(O154,Start!$H$33:$I$40,2,FALSE)/100)*T154","v":362.79},{"$f":"VLOOKUP(N154,Start!$C$9:$D$15,2,FALSE)+VLOOKUP(N154,Start!$C$23:$D$29,2,FALSE)","v":10.67},{"$f":"(V154/R154)+Start!$D$19*(VLOOKUP(N154,Start!$M$33:$N$39,2,FALSE)/R154)+VLOOKUP(O154,Start!$C$33:$D$40,2,FALSE)","v":28.878407699037624}]
[null,null,"Yes","BNA0444","K+S AG","Wintershall",36266,"Heringen",null,"Hessen","Wintershall","20.05.2009","Gas","Gas","CCGT","Combined cycle","OPSD (2018)",0.58050000000000002,"OPSD (2018)",69,{"$f":"(1-VLOOKUP(O155,Start!$H$33:$I$40,2,FALSE)/100)*T155","v":60.03},{"$f":"VLOOKUP(N155,Start!$C$9:$D$15,2,FALSE)+VLOOKUP(N155,Start!$C$23:$D$29,2,FALSE)","v":10.67},{"$f":"(V155/R155)+Start!$D$19*(VLOOKUP(N155,Start!$M$33:$N$39,2,FALSE)/R155)+VLOOKUP(O155,Start!$C$33:$D$40,2,FALSE)","v":28.453936261843239}]
[null,null,"Yes","BNA0450","Steag GmbH","KW Herne",44655,"Herne","Hertener Str. 16","Nordrhein-Westfalen","Herne 4","25.07.1989","Coal","Coal","Coal","Steam turbine","OPSD (2018)",0.45750000000000002,"OPSD (2018)",449,{"$f":"(1-VLOOKUP(O156,Start!$H$33:$I$40,2,FALSE)/100)*T156","v":336.75},{"$f":"VLOOKUP(N156,Start!$C$9:$D$15,2,FALSE)+VLOOKUP(N156,Start!$C$23:$D$29,2,FALSE)","v":7.5},{"$f":"(V156/R156)+Start!$D$19*(VLOOKUP(N156,Start!$M$33:$N$39,2,FALSE)/R156)+VLOOKUP(O156,Start!$C$33:$D$40,2,FALSE)","v":35.931956284153003}]
[null,null,"Yes","BNA0464","Kraftwerk Mehrum GmbH","KWM",31249,"Hohenhameln OT Mehrum",null,"Niedersachsen","Block3","01.06.1979","Coal","Coal","Coal","Steam turbine","OPSD (2018)",0.4325,"OPSD (2018)",690,{"$f":"(1-VLOOKUP(O157,Start!$H$33:$I$40,2,FALSE)/100)*T157","v":517.5},{"$f":"VLOOKUP(N157,Start!$C$9:$D$15,2,FALSE)+VLOOKUP(N157,Start!$C$23:$D$29,2,FALSE)","v":7.5},{"$f":"(V157/R157)+Start!$D$19*(VLOOKUP(N157,Start!$M$33:$N$39,2,FALSE)/R157)+VLOOKUP(O157,Start!$C$33:$D$40,2,FALSE)","v":37.93380346820809}]
[null,null,"Yes","BNA0485","Hüttenwerke Krupp Mannesmann GmbH","Huckingen",47259,"Duisburg-Huckingen",null,"Nordrhein-Westfalen","A","17.01.1976","Multiple","Gas","CCGT","Combined cycle","OPSD (2018)",0.45,"Assumption based on DIW (2014)",303,{"$f":"(1-VLOOKUP(O158,Start!$H$33:$I$40,2,FALSE)/100)*T158","v":263.61},{"$f":"VLOOKUP(N158,Start!$C$9:$D$15,2,FALSE)+VLOOKUP(N158,Start!$C$23:$D$29,2,FALSE)","v":10.67},{"$f":"(V158/R158)+Start!$D$19*(VLOOKUP(N158,Start!$M$33:$N$39,2,FALSE)/R158)+VLOOKUP(O158,Start!$C$33:$D$40,2,FALSE)","v":36.270577777777781}]
[null,null,"Yes","BNA0486","Hüttenwerke Krupp Mannesmann GmbH","Huckingen",47259,"Duisburg-Huckingen",null,"Nordrhein-Westfalen","B","27.03.1977","Multiple","Gas","CCGT","Combined cycle","OPSD (2018)",0.45,"Assumption based on DIW (2014)",303,{"$f":"(1-VLOOKUP(O159,Start!$H$33:$I$40,2,FALSE)/100)*T159","v":263.61},{"$f":"VLOOKUP(N159,Start!$C$9:$D$15,2,FALSE)+VLOOKUP(N159,Start!$C$23:$D$29,2,FALSE)","v":10.67},{"$f":"(V159/R159)+Start!$D$19*(VLOOKUP(N159,Start!$M$33:$N$39,2,FALSE)/R159)+VLOOKUP(O159,Start!$C$33:$D$40,2,FALSE)","v":36.270577777777781}]
[null,null,"Yes","BNA0491","RWE Power AG","Ville/Berrenrath",50354,"Hürth",null,"Nordrhein-Westfalen","Ville/Berrenrath","01.01.1917","Multiple","Lignite","Lignite","Steam turbine","OPSD (2018)",0.20080000000000001,"OPSD (2018)",98,{"$f":"(1-VLOOKUP(O160,Start!$H$33:$I$40,2,FALSE)/100)*T160","v":85.26},{"$f":"VLOOKUP(N160,Start!$C$9:$D$15,2,FALSE)+VLOOKUP(N160,Start!$C$23:$D$29,2,FALSE)","v":3.1},{"$f":"(V160/R160)+Start!$D$19*(VLOOKUP(N160,Start!$M$33:$N$39,2,FALSE)/R160)+VLOOKUP(O160,Start!$C$33:$D$40,2,FALSE)","v":66.954183266932276}]
[null,null,"Yes","BNA0493","RWE Generation SE","Ibbenbüren",49479,"Ibbenbüren",null,"Nordrhein-Westfalen","B","19.06.1985","Multiple","Coal","Coal","Steam turbine","OPSD (2018)",0.44750000000000001,"OPSD (2018)",794,{"$f":"(1-VLOOKUP(O161,Start!$H$33:$I$40,2,FALSE)/100)*T161","v":595.5},{"$f":"VLOOKUP(N161,Start!$C$9:$D$15,2,FALSE)+VLOOKUP(N161,Start!$C$23:$D$29,2,FALSE)","v":7.5},{"$f":"(V161/R161)+Start!$D$19*(VLOOKUP(N161,Start!$M$33:$N$39,2,FALSE)/R161)+VLOOKUP(O161,Start!$C$33:$D$40,2,FALSE)","v":36.70585474860335}]
[null,null,"Yes","BNA0497","Infraserv GmbH & Co. Höchst KG","ADS-Anlage",65926,"Industriepark Höchst",null,"Hessen",null,"01.11.2012","Gas","Gas","OCGT","Gas turbine","OPSD (2018)",0.41120000000000001,"OPSD (2018)",96.5,{"$f":"(1-VLOOKUP(O162,Start!$H$33:$I$40,2,FALSE)/100)*T162","v":83.954999999999998},{"$f":"VLOOKUP(N162,Start!$C$9:$D$15,2,FALSE)+VLOOKUP(N162,Start!$C$23:$D$29,2,FALSE)","v":10.67},{"$f":"(V162/R162)+Start!$D$19*(VLOOKUP(N162,Start!$M$33:$N$39,2,FALSE)/R162)+VLOOKUP(O162,Start!$C$33:$D$40,2,FALSE)","v":39.05145914396887}]
[null,null,"Yes","BNA0498","Infraserv GmbH & Co. Höchst KG","Heizkraftwerk",65926,"Industriepark Höchst",null,"Hessen","Block B","21.08.1989","Multiple","Coal","Coal","Combined cycle","OPSD (2018)",0.49049999999999999,"OPSD (2018)",66,{"$f":"(1-VLOOKUP(O163,Start!$H$33:$I$40,2,FALSE)/100)*T163","v":49.5},{"$f":"VLOOKUP(N163,Start!$C$9:$D$15,2,FALSE)+VLOOKUP(N163,Start!$C$23:$D$29,2,FALSE)","v":7.5},{"$f":"(V163/R163)+Start!$D$19*(VLOOKUP(N163,Start!$M$33:$N$39,2,FALSE)/R163)+VLOOKUP(O163,Start!$C$33:$D$40,2,FALSE)","v":33.601977573904179}]
[null,null,"Yes","BNA0499","Infraserv GmbH & Co. Höchst KG","Heizkraftwerk",65926,"Industriepark Höchst",null,"Hessen","Block A","26.11.2003","Gas","Gas","CCGT","Combined cycle","OPSD (2018)",0.55349999999999999,"OPSD (2018)",86,{"$f":"(1-VLOOKUP(O164,Start!$H$33:$I$40,2,FALSE)/100)*T164","v":74.819999999999993},{"$f":"VLOOKUP(N164,Start!$C$9:$D$15,2,FALSE)+VLOOKUP(N164,Start!$C$23:$D$29,2,FALSE)","v":10.67},{"$f":"(V164/R164)+Start!$D$19*(VLOOKUP(N164,Start!$M$33:$N$39,2,FALSE)/R164)+VLOOKUP(O164,Start!$C$33:$D$40,2,FALSE)","v":29.768762420957543}]
[null,null,"Yes","BNA0504","TEAG Thüringer Energie AG","HKW Jena",7749,"Jena",null,"Thüringen","HKW Jena","26.09.1996","Multiple","Gas","CCGT","Combined cycle","OPSD (2018)",0.52200000000000002,"OPSD (2018)",182,{"$f":"(1-VLOOKUP(O165,Start!$H$33:$I$40,2,FALSE)/100)*T165","v":158.34},{"$f":"VLOOKUP(N165,Start!$C$9:$D$15,2,FALSE)+VLOOKUP(N165,Start!$C$23:$D$29,2,FALSE)","v":10.67},{"$f":"(V165/R165)+Start!$D$19*(VLOOKUP(N165,Start!$M$33:$N$39,2,FALSE)/R165)+VLOOKUP(O165,Start!$C$33:$D$40,2,FALSE)","v":31.474636015325672}]
[null,null,"Yes","BNA0510a","SWK Stadtwerke Kaiserslautern, Versorgungs-AG","HKW Karcherstr.",67655,"Kaiserslautern",null,"Rheinland-Pfalz",10,"18.09.1989","Multiple","Gas","CCGT","Steam turbine","OPSD (2018)",0.37290000000000001,"OPSD (2018)",11.6,{"$f":"(1-VLOOKUP(O166,Start!$H$33:$I$40,2,FALSE)/100)*T166","v":10.092000000000001},{"$f":"VLOOKUP(N166,Start!$C$9:$D$15,2,FALSE)+VLOOKUP(N166,Start!$C$23:$D$29,2,FALSE)","v":10.67},{"$f":"(V166/R166)+Start!$D$19*(VLOOKUP(N166,Start!$M$33:$N$39,2,FALSE)/R166)+VLOOKUP(O166,Start!$C$33:$D$40,2,FALSE)","v":43.459667471171898}]
[null,null,"Yes","BNA0510b","SWK Stadtwerke Kaiserslautern, Versorgungs-AG","HKW Karcherstr.",67655,"Kaiserslautern",null,"Rheinland-Pfalz",20,"26.11.1996","Coal","Coal","Coal","Steam turbine","OPSD (2018)",0.41499999999999998,"OPSD (2018)",13.4,{"$f":"(1-VLOOKUP(O167,Start!$H$33:$I$40,2,FALSE)/100)*T167","v":10.050000000000001},{"$f":"VLOOKUP(N167,Start!$C$9:$D$15,2,FALSE)+VLOOKUP(N167,Start!$C$23:$D$29,2,FALSE)","v":7.5},{"$f":"(V167/R167)+Start!$D$19*(VLOOKUP(N167,Start!$M$33:$N$39,2,FALSE)/R167)+VLOOKUP(O167,Start!$C$33:$D$40,2,FALSE)","v":39.478602409638555}]
[null,null,"Yes","BNA0515","Stadtwerke Karlsruhe GmbH","Heizkraftwerk West",76189,"Karlsruhe",null,"Baden-Württemberg","T3","01.01.1984","Multiple","Gas","CCGT","Steam turbine","OPSD (2018)",0.3674,"OPSD (2018)",37,{"$f":"(1-VLOOKUP(O168,Start!$H$33:$I$40,2,FALSE)/100)*T168","v":32.19},{"$f":"VLOOKUP(N168,Start!$C$9:$D$15,2,FALSE)+VLOOKUP(N168,Start!$C$23:$D$29,2,FALSE)","v":10.67},{"$f":"(V168/R168)+Start!$D$19*(VLOOKUP(N168,Start!$M$33:$N$39,2,FALSE)/R168)+VLOOKUP(O168,Start!$C$33:$D$40,2,FALSE)","v":44.087806205770278}]
[null,null,"Yes","BNA0516","MiRO Mineraloelraffinerie Oberrhein GmbH & Co. KG","MiRO",76187,"Karlsruhe",null,"Baden-Württemberg","Kesselhaus Werk 1","17.06.1995","Multiple","Oil","Oil","Steam turbine","OPSD (2018)",0.3795,"OPSD (2018)",45,{"$f":"(1-VLOOKUP(O169,Start!$H$33:$I$40,2,FALSE)/100)*T169","v":38.25},{"$f":"VLOOKUP(N169,Start!$C$9:$D$15,2,FALSE)+VLOOKUP(N169,Start!$C$23:$D$29,2,FALSE)","v":23.2},{"$f":"(V169/R169)+Start!$D$19*(VLOOKUP(N169,Start!$M$33:$N$39,2,FALSE)/R169)+VLOOKUP(O169,Start!$C$33:$D$40,2,FALSE)","v":80.401317523056662}]
[null,null,"Yes","BNA0517","MiRO Mineraloelraffinerie Oberrhein GmbH & Co. KG","MiRO",76187,"Karlsruhe",null,"Baden-Württemberg","Kesselhaus Werk 2","17.06.1995","Multiple","Oil","Oil","Steam turbine","OPSD (2018)",0.3795,"OPSD (2018)",25,{"$f":"(1-VLOOKUP(O170,Start!$H$33:$I$40,2,FALSE)/100)*T170","v":21.25},{"$f":"VLOOKUP(N170,Start!$C$9:$D$15,2,FALSE)+VLOOKUP(N170,Start!$C$23:$D$29,2,FALSE)","v":23.2},{"$f":"(V170/R170)+Start!$D$19*(VLOOKUP(N170,Start!$M$33:$N$39,2,FALSE)/R170)+VLOOKUP(O170,Start!$C$33:$D$40,2,FALSE)","v":80.401317523056662}]
[null,null,"Yes","BNA0518a","EnBW Energie Baden-Württemberg AG","Rheinhafen-Dampfkraftwerk",76189,"Karlsruhe","Fettweisstraße 42","Baden-Württemberg","RDK 7","21.06.1985","Coal","Coal","Coal","Steam turbine","OPSD (2018)",0.4375,"OPSD (2018)",517,{"$f":"(1-VLOOKUP(O171,Start!$H$33:$I$40,2,FALSE)/100)*T171","v":387.75},{"$f":"VLOOKUP(N171,Start!$C$9:$D$15,2,FALSE)+VLOOKUP(N171,Start!$C$23:$D$29,2,FALSE)","v":7.5},{"$f":"(V171/R171)+Start!$D$19*(VLOOKUP(N171,Start!$M$33:$N$39,2,FALSE)/R171)+VLOOKUP(O171,Start!$C$33:$D$40,2,FALSE)","v":37.515131428571429}]
[null,null,"Yes","BNA0518b","EnBW Energie Baden-Württemberg AG","Rheinhafen-Dampfkraftwerk",76189,"Karlsruhe","Fettweisstraße 42","Baden-Württemberg","RDK 8","01.07.2014","Coal","Coal","Coal","Steam turbine","OPSD (2018)",0.46,"OPSD (2018)",834,{"$f":"(1-VLOOKUP(O172,Start!$H$33:$I$40,2,FALSE)/100)*T172","v":625.5},{"$f":"VLOOKUP(N172,Start!$C$9:$D$15,2,FALSE)+VLOOKUP(N172,Start!$C$23:$D$29,2,FALSE)","v":7.5},{"$f":"(V172/R172)+Start!$D$19*(VLOOKUP(N172,Start!$M$33:$N$39,2,FALSE)/R172)+VLOOKUP(O172,Start!$C$33:$D$40,2,FALSE)","v":35.743739130434783}]
[null,null,"Yes","BNA0519","RWE Generation SE","Karnap",45329,"Essen",null,"Nordrhein-Westfalen","B","16.03.1987","Waste","Waste","Waste","Steam turbine","OPSD (2018)",0.33,"OPSD (2018)",38,{"$f":"(1-VLOOKUP(O173,Start!$H$33:$I$40,2,FALSE)/100)*T173","v":32.299999999999997},{"$f":"VLOOKUP(N173,Start!$C$9:$D$15,2,FALSE)+VLOOKUP(N173,Start!$C$23:$D$29,2,FALSE)","v":0},{"$f":"(V173/R173)+Start!$D$19*(VLOOKUP(N173,Start!$M$33:$N$39,2,FALSE)/R173)+VLOOKUP(O173,Start!$C$33:$D$40,2,FALSE)","v":1}]
[null,null,"Yes","BNA0521","Städtische Werke Energie + Wärme GmbH","Kombi-HKW",34134,"Kassel",null,"Hessen",null,"18.07.1988","Gas","Gas","CCGT","Steam turbine","OPSD (2018)",0.37180000000000002,"OPSD (2018)",48.31,{"$f":"(1-VLOOKUP(O174,Start!$H$33:$I$40,2,FALSE)/100)*T174","v":42.029699999999998},{"$f":"VLOOKUP(N174,Start!$C$9:$D$15,2,FALSE)+VLOOKUP(N174,Start!$C$23:$D$29,2,FALSE)","v":10.67},{"$f":"(V174/R174)+Start!$D$19*(VLOOKUP(N174,Start!$M$33:$N$39,2,FALSE)/R174)+VLOOKUP(O174,Start!$C$33:$D$40,2,FALSE)","v":43.583808499193111}]
[null,null,"Yes","BNA0523","Städtische Werke Energie + Wärme GmbH","FKK",34134,"Kassel",null,"Hessen",null,"21.12.1989","Multiple","Lignite","Lignite","Steam turbine","OPSD (2018)",0.37359999999999999,"OPSD (2018)",33.5,{"$f":"(1-VLOOKUP(O175,Start!$H$33:$I$40,2,FALSE)/100)*T175","v":29.145},{"$f":"VLOOKUP(N175,Start!$C$9:$D$15,2,FALSE)+VLOOKUP(N175,Start!$C$23:$D$29,2,FALSE)","v":3.1},{"$f":"(V175/R175)+Start!$D$19*(VLOOKUP(N175,Start!$M$33:$N$39,2,FALSE)/R175)+VLOOKUP(O175,Start!$C$33:$D$40,2,FALSE)","v":36.772376873661678}]
[null,null,"Yes","BNA0527","Stadtwerke Kiel AG","HKW Humboldtstr.",24116,"Kiel",null,"Schleswig-Holstein",null,"27.04.2005","Gas","Gas","CCGT","Steam turbine","OPSD (2018)",0.39050000000000001,"OPSD (2018)",21.5,{"$f":"(1-VLOOKUP(O176,Start!$H$33:$I$40,2,FALSE)/100)*T176","v":18.704999999999998},{"$f":"VLOOKUP(N176,Start!$C$9:$D$15,2,FALSE)+VLOOKUP(N176,Start!$C$23:$D$29,2,FALSE)","v":10.67},{"$f":"(V176/R176)+Start!$D$19*(VLOOKUP(N176,Start!$M$33:$N$39,2,FALSE)/R176)+VLOOKUP(O176,Start!$C$33:$D$40,2,FALSE)","v":41.56852752880922}]
[null,null,"Yes","BNA0531","Energieservice Westfalen Weser GmbH","KW Kirchlengern",32278,"Kirchlengern",null,"Nordrhein-Westfalen",null,"16.01.1981","Multiple","Gas","CCGT","Combined cycle","OPSD (2018)",0.45450000000000002,"OPSD (2018)",125,{"$f":"(1-VLOOKUP(O177,Start!$H$33:$I$40,2,FALSE)/100)*T177","v":108.75},{"$f":"VLOOKUP(N177,Start!$C$9:$D$15,2,FALSE)+VLOOKUP(N177,Start!$C$23:$D$29,2,FALSE)","v":10.67},{"$f":"(V177/R177)+Start!$D$19*(VLOOKUP(N177,Start!$M$33:$N$39,2,FALSE)/R177)+VLOOKUP(O177,Start!$C$33:$D$40,2,FALSE)","v":35.926314631463143}]
[null,null,"Yes","BNA0543","RheinEnergie AG","HKW Merkenich",50769,"Köln",null,"Nordrhein-Westfalen","Block 6","16.12.2010","Lignite","Lignite","Lignite","Steam turbine","OPSD (2018)",0.42399999999999999,"OPSD (2018)",75.3,{"$f":"(1-VLOOKUP(O178,Start!$H$33:$I$40,2,FALSE)/100)*T178","v":65.510999999999996},{"$f":"VLOOKUP(N178,Start!$C$9:$D$15,2,FALSE)+VLOOKUP(N178,Start!$C$23:$D$29,2,FALSE)","v":3.1},{"$f":"(V178/R178)+Start!$D$19*(VLOOKUP(N178,Start!$M$33:$N$39,2,FALSE)/R178)+VLOOKUP(O178,Start!$C$33:$D$40,2,FALSE)","v":32.6033962264151}]
[null,null,"Yes","BNA0545","RheinEnergie AG","HKW Niehl 2",50735,"Köln",null,"Nordrhein-Westfalen","GuD","26.03.2005","Gas","Gas","CCGT","Combined cycle","OPSD (2018)",0.57599999999999996,"OPSD (2018)",413,{"$f":"(1-VLOOKUP(O179,Start!$H$33:$I$40,2,FALSE)/100)*T179","v":359.31},{"$f":"VLOOKUP(N179,Start!$C$9:$D$15,2,FALSE)+VLOOKUP(N179,Start!$C$23:$D$29,2,FALSE)","v":10.67},{"$f":"(V179/R179)+Start!$D$19*(VLOOKUP(N179,Start!$M$33:$N$39,2,FALSE)/R179)+VLOOKUP(O179,Start!$C$33:$D$40,2,FALSE)","v":28.664513888888891}]
[null,null,"Yes","BNA0546","RheinEnergie AG","HKW Merkenich",50769,"Köln",null,"Nordrhein-Westfalen","GuD","27.01.2004","Gas","Gas","CCGT","Combined cycle","OPSD (2018)",0.55800000000000005,"OPSD (2018)",108,{"$f":"(1-VLOOKUP(O180,Start!$H$33:$I$40,2,FALSE)/100)*T180","v":93.96},{"$f":"VLOOKUP(N180,Start!$C$9:$D$15,2,FALSE)+VLOOKUP(N180,Start!$C$23:$D$29,2,FALSE)","v":10.67},{"$f":"(V180/R180)+Start!$D$19*(VLOOKUP(N180,Start!$M$33:$N$39,2,FALSE)/R180)+VLOOKUP(O180,Start!$C$33:$D$40,2,FALSE)","v":29.540788530465946}]
[null,null,"Yes","BNA0547","Shell Deutschland Oil GmbH","Shell Deutschland Oil GmbH",50997,"Köln","Godorfer Hauptstr. 150","Nordrhein-Westfalen",null,"2004","Petroleum","Oil","Oil","Combined cycle","OPSD (2018)",0.38,"OPSD (2018)",97.1,{"$f":"(1-VLOOKUP(O181,Start!$H$33:$I$40,2,FALSE)/100)*T181","v":82.534999999999997},{"$f":"VLOOKUP(N181,Start!$C$9:$D$15,2,FALSE)+VLOOKUP(N181,Start!$C$23:$D$29,2,FALSE)","v":23.2},{"$f":"(V181/R181)+Start!$D$19*(VLOOKUP(N181,Start!$M$33:$N$39,2,FALSE)/R181)+VLOOKUP(O181,Start!$C$33:$D$40,2,FALSE)","v":80.296842105263153}]
[null,null,"Yes","BNA0548a","Knapsack Power GmbH & Co. KG","Knapsack Gas I",50351,"Hürth-Knapsack",null,"Nordrhein-Westfalen",null,"01.01.2006","Gas","Gas","CCGT","Combined cycle","OPSD (2018)",0.56699999999999995,"OPSD (2018)",800,{"$f":"(1-VLOOKUP(O182,Start!$H$33:$I$40,2,FALSE)/100)*T182","v":696},{"$f":"VLOOKUP(N182,Start!$C$9:$D$15,2,FALSE)+VLOOKUP(N182,Start!$C$23:$D$29,2,FALSE)","v":10.67},{"$f":"(V182/R182)+Start!$D$19*(VLOOKUP(N182,Start!$M$33:$N$39,2,FALSE)/R182)+VLOOKUP(O182,Start!$C$33:$D$40,2,FALSE)","v":29.095696649029986}]
[null,null,"Yes","BNA0548b","Statkraft Markets GmbH","Knapsack Gas II",50351,"Hürth-Knapsack",null,"Nordrhein-Westfalen",null,"01.07.2013","Gas","Gas","CCGT","Combined cycle","OPSD (2018)",0.59850000000000003,"OPSD (2018)",430,{"$f":"(1-VLOOKUP(O183,Start!$H$33:$I$40,2,FALSE)/100)*T183","v":374.1},{"$f":"VLOOKUP(N183,Start!$C$9:$D$15,2,FALSE)+VLOOKUP(N183,Start!$C$23:$D$29,2,FALSE)","v":10.67},{"$f":"(V183/R183)+Start!$D$19*(VLOOKUP(N183,Start!$M$33:$N$39,2,FALSE)/R183)+VLOOKUP(O183,Start!$C$33:$D$40,2,FALSE)","v":27.643291562238929}]
[null,null,"Yes","BNA0556a","Cargill Deutschland GmbH","KWK-Anlage Krefeld DT",47809,"Krefeld","Düsseldorfer Str. 191","Nordrhein-Westfalen","Dampfturbine","01.07.1999","Gas","Gas","CCGT","Steam turbine","OPSD (2018)",0.38390000000000002,"OPSD (2018)",25.8,{"$f":"(1-VLOOKUP(O184,Start!$H$33:$I$40,2,FALSE)/100)*T184","v":22.446000000000002},{"$f":"VLOOKUP(N184,Start!$C$9:$D$15,2,FALSE)+VLOOKUP(N184,Start!$C$23:$D$29,2,FALSE)","v":10.67},{"$f":"(V184/R184)+Start!$D$19*(VLOOKUP(N184,Start!$M$33:$N$39,2,FALSE)/R184)+VLOOKUP(O184,Start!$C$33:$D$40,2,FALSE)","v":42.257384735608234}]
[null,null,"Yes","BNA0556b","Cargill Deutschland GmbH","KWK-Anlage Krefeld VM",47809,"Krefeld","Düsseldorfer Str. 191","Nordrhein-Westfalen","Gasmotor (Dieselgenerator)","01.07.1999","Gas","Gas","CCGT","Combustion Engine","OPSD (2018)",0.44059999999999999,"OPSD (2018)",14,{"$f":"(1-VLOOKUP(O185,Start!$H$33:$I$40,2,FALSE)/100)*T185","v":12.18},{"$f":"VLOOKUP(N185,Start!$C$9:$D$15,2,FALSE)+VLOOKUP(N185,Start!$C$23:$D$29,2,FALSE)","v":10.67},{"$f":"(V185/R185)+Start!$D$19*(VLOOKUP(N185,Start!$M$33:$N$39,2,FALSE)/R185)+VLOOKUP(O185,Start!$C$33:$D$40,2,FALSE)","v":37.012392192464823}]
[null,null,"Yes","BNA0557a","Currenta GmbH & Co. OHG","Kraftwerk L 57",47812,"Krefeld-Uerdingen","CHEMPARK, Geb. L 57","Nordrhein-Westfalen",null,"01.01.1957","Multiple","Coal","Coal","Steam turbine","OPSD (2018)",0.3175,"OPSD (2018)",26,{"$f":"(1-VLOOKUP(O186,Start!$H$33:$I$40,2,FALSE)/100)*T186","v":19.5},{"$f":"VLOOKUP(N186,Start!$C$9:$D$15,2,FALSE)+VLOOKUP(N186,Start!$C$23:$D$29,2,FALSE)","v":7.5},{"$f":"(V186/R186)+Start!$D$19*(VLOOKUP(N186,Start!$M$33:$N$39,2,FALSE)/R186)+VLOOKUP(O186,Start!$C$33:$D$40,2,FALSE)","v":51.202740157480321}]
[null,null,"Yes","BNA0557b","Currenta GmbH & Co. OHG","Kraftwerk N 230",47812,"Krefeld-Uerdingen","CHEMPARK, Geb. N 230","Nordrhein-Westfalen",null,"01.01.1971","Multiple","Coal","Coal","Steam turbine","OPSD (2018)",0.35249999999999998,"OPSD (2018)",110,{"$f":"(1-VLOOKUP(O187,Start!$H$33:$I$40,2,FALSE)/100)*T187","v":82.5},{"$f":"VLOOKUP(N187,Start!$C$9:$D$15,2,FALSE)+VLOOKUP(N187,Start!$C$23:$D$29,2,FALSE)","v":7.5},{"$f":"(V187/R187)+Start!$D$19*(VLOOKUP(N187,Start!$M$33:$N$39,2,FALSE)/R187)+VLOOKUP(O187,Start!$C$33:$D$40,2,FALSE)","v":46.247858156028371}]
[null,null,"Yes","BNA0574a","Statkraft Markets GmbH","Landesbergen Gas",31628,"Landesbergen",null,"Niedersachsen","Gasturbine","01.01.1973","Gas","Gas","OCGT","Gas turbine","OPSD (2018)",0.30980000000000002,"OPSD (2018)",56,{"$f":"(1-VLOOKUP(O188,Start!$H$33:$I$40,2,FALSE)/100)*T188","v":48.72},{"$f":"VLOOKUP(N188,Start!$C$9:$D$15,2,FALSE)+VLOOKUP(N188,Start!$C$23:$D$29,2,FALSE)","v":10.67},{"$f":"(V188/R188)+Start!$D$19*(VLOOKUP(N188,Start!$M$33:$N$39,2,FALSE)/R188)+VLOOKUP(O188,Start!$C$33:$D$40,2,FALSE)","v":51.506003873466753}]
[null,null,"Yes","BNA0588","Stadtwerke Leipzig GmbH","Heizkraftwerk Leipzig-Nord",4105,"Leipzig",null,"Sachsen",null,"15.02.1996","Multiple","Gas","CCGT","Combined cycle","OPSD (2018)",0.58499999999999996,"OPSD (2018)",167,{"$f":"(1-VLOOKUP(O189,Start!$H$33:$I$40,2,FALSE)/100)*T189","v":145.29},{"$f":"VLOOKUP(N189,Start!$C$9:$D$15,2,FALSE)+VLOOKUP(N189,Start!$C$23:$D$29,2,FALSE)","v":10.67},{"$f":"(V189/R189)+Start!$D$19*(VLOOKUP(N189,Start!$M$33:$N$39,2,FALSE)/R189)+VLOOKUP(O189,Start!$C$33:$D$40,2,FALSE)","v":28.246598290598293}]
[null,null,"Yes","BNA0590","MVV Energie AG","TREA Leuna",6237,"Leuna","An der B91","Sachsen-Anhalt","Linie 1","26.08.2005","Waste","Waste","Waste","Steam turbine","OPSD (2018)",0.33,"OPSD (2018)",16.25,{"$f":"(1-VLOOKUP(O190,Start!$H$33:$I$40,2,FALSE)/100)*T190","v":13.8125},{"$f":"VLOOKUP(N190,Start!$C$9:$D$15,2,FALSE)+VLOOKUP(N190,Start!$C$23:$D$29,2,FALSE)","v":0},{"$f":"(V190/R190)+Start!$D$19*(VLOOKUP(N190,Start!$M$33:$N$39,2,FALSE)/R190)+VLOOKUP(O190,Start!$C$33:$D$40,2,FALSE)","v":1}]
[null,null,"Yes","BNA0591","MVV Energie AG","TREA Leuna",6237,"Leuna","An der B91","Sachsen-Anhalt","Linie 2","19.06.2007","Waste","Waste","Waste","Steam turbine","OPSD (2018)",0.33,"OPSD (2018)",16.25,{"$f":"(1-VLOOKUP(O191,Start!$H$33:$I$40,2,FALSE)/100)*T191","v":13.8125},{"$f":"VLOOKUP(N191,Start!$C$9:$D$15,2,FALSE)+VLOOKUP(N191,Start!$C$23:$D$29,2,FALSE)","v":0},{"$f":"(V191/R191)+Start!$D$19*(VLOOKUP(N191,Start!$M$33:$N$39,2,FALSE)/R191)+VLOOKUP(O191,Start!$C$33:$D$40,2,FALSE)","v":1}]
[null,null,"Yes","BNA0592","InfraLeuna GmbH","GuD Leuna",6237,"Leuna",null,"Sachsen-Anhalt",null,"01.10.1998","Gas","Gas","CCGT","Combined cycle","OPSD (2018)",0.53100000000000003,"OPSD (2018)",39,{"$f":"(1-VLOOKUP(O192,Start!$H$33:$I$40,2,FALSE)/100)*T192","v":33.93},{"$f":"VLOOKUP(N192,Start!$C$9:$D$15,2,FALSE)+VLOOKUP(N192,Start!$C$23:$D$29,2,FALSE)","v":10.67},{"$f":"(V192/R192)+Start!$D$19*(VLOOKUP(N192,Start!$M$33:$N$39,2,FALSE)/R192)+VLOOKUP(O192,Start!$C$33:$D$40,2,FALSE)","v":30.96659133709981}]
[null,null,"Yes","BNA0593","InfraLeuna GmbH","ILK-GuD",6237,"Leuna",null,"Sachsen-Anhalt","GT1","01.07.1994","Gas","Gas","CCGT","Combined cycle","OPSD (2018)",0.51300000000000001,"OPSD (2018)",35,{"$f":"(1-VLOOKUP(O193,Start!$H$33:$I$40,2,FALSE)/100)*T193","v":30.45},{"$f":"VLOOKUP(N193,Start!$C$9:$D$15,2,FALSE)+VLOOKUP(N193,Start!$C$23:$D$29,2,FALSE)","v":10.67},{"$f":"(V193/R193)+Start!$D$19*(VLOOKUP(N193,Start!$M$33:$N$39,2,FALSE)/R193)+VLOOKUP(O193,Start!$C$33:$D$40,2,FALSE)","v":32.000506822612081}]
[null,null,"Yes","BNA0594","TOTAL Raffinerie Mitteldeutschland GmbH","ILK-GuD",6237,"Leuna",null,"Sachsen-Anhalt","GT2","01.07.1994","Gas","Gas","CCGT","Combined cycle","OPSD (2018)",0.51300000000000001,"OPSD (2018)",35,{"$f":"(1-VLOOKUP(O194,Start!$H$33:$I$40,2,FALSE)/100)*T194","v":30.45},{"$f":"VLOOKUP(N194,Start!$C$9:$D$15,2,FALSE)+VLOOKUP(N194,Start!$C$23:$D$29,2,FALSE)","v":10.67},{"$f":"(V194/R194)+Start!$D$19*(VLOOKUP(N194,Start!$M$33:$N$39,2,FALSE)/R194)+VLOOKUP(O194,Start!$C$33:$D$40,2,FALSE)","v":32.000506822612081}]
[null,null,"Yes","BNA0595","InfraLeuna GmbH","ILK-GuD",6237,"Leuna",null,"Sachsen-Anhalt","GT3","01.07.1994","Gas","Gas","CCGT","Combined cycle","OPSD (2018)",0.51300000000000001,"OPSD (2018)",37,{"$f":"(1-VLOOKUP(O195,Start!$H$33:$I$40,2,FALSE)/100)*T195","v":32.19},{"$f":"VLOOKUP(N195,Start!$C$9:$D$15,2,FALSE)+VLOOKUP(N195,Start!$C$23:$D$29,2,FALSE)","v":10.67},{"$f":"(V195/R195)+Start!$D$19*(VLOOKUP(N195,Start!$M$33:$N$39,2,FALSE)/R195)+VLOOKUP(O195,Start!$C$33:$D$40,2,FALSE)","v":32.000506822612081}]
[null,null,"Yes","BNA0596","TOTAL Raffinerie Mitteldeutschland GmbH","Raffineriekraftwerk",6237,"Leuna",null,"Sachsen-Anhalt",null,"01.01.1997","Petroleum","Oil","Oil","Combined cycle","OPSD (2018)",0.38,"OPSD (2018)",92.5,{"$f":"(1-VLOOKUP(O196,Start!$H$33:$I$40,2,FALSE)/100)*T196","v":78.625},{"$f":"VLOOKUP(N196,Start!$C$9:$D$15,2,FALSE)+VLOOKUP(N196,Start!$C$23:$D$29,2,FALSE)","v":23.2},{"$f":"(V196/R196)+Start!$D$19*(VLOOKUP(N196,Start!$M$33:$N$39,2,FALSE)/R196)+VLOOKUP(O196,Start!$C$33:$D$40,2,FALSE)","v":80.296842105263153}]
[null,null,"Yes","BNA0597","InfraLeuna GmbH","ILK-GuD",6237,"Leuna",null,"Sachsen-Anhalt","DT1","01.07.1994","Other","Gas","CCGT","Combined cycle","OPSD (2018)",0.495,"Assumption based on DIW (2014)",8.6999999999999993,{"$f":"(1-VLOOKUP(O197,Start!$H$33:$I$40,2,FALSE)/100)*T197","v":7.5689999999999991},{"$f":"VLOOKUP(N197,Start!$C$9:$D$15,2,FALSE)+VLOOKUP(N197,Start!$C$23:$D$29,2,FALSE)","v":10.67},{"$f":"(V197/R197)+Start!$D$19*(VLOOKUP(N197,Start!$M$33:$N$39,2,FALSE)/R197)+VLOOKUP(O197,Start!$C$33:$D$40,2,FALSE)","v":33.109616161616167}]
[null,null,"Yes","BNA0598a","InfraLeuna GmbH","ILK-EKT",6237,"Leuna",null,"Sachsen-Anhalt","EKT","14.02.2000","Other","Gas","CCGT","Steam turbine","OPSD (2018)",0.38500000000000001,"Assumption based on DIW (2014)",14,{"$f":"(1-VLOOKUP(O198,Start!$H$33:$I$40,2,FALSE)/100)*T198","v":12.18},{"$f":"VLOOKUP(N198,Start!$C$9:$D$15,2,FALSE)+VLOOKUP(N198,Start!$C$23:$D$29,2,FALSE)","v":10.67},{"$f":"(V198/R198)+Start!$D$19*(VLOOKUP(N198,Start!$M$33:$N$39,2,FALSE)/R198)+VLOOKUP(O198,Start!$C$33:$D$40,2,FALSE)","v":42.140935064935064}]
[null,null,"Yes","BNA0598b","InfraLeuna GmbH","ILK-GuD",6237,"Leuna",null,"Sachsen-Anhalt","KT1","30.04.2010","Other","Gas","CCGT","Combined cycle","OPSD (2018)",0.58499999999999996,"Assumption based on DIW (2014)",20,{"$f":"(1-VLOOKUP(O199,Start!$H$33:$I$40,2,FALSE)/100)*T199","v":17.399999999999999},{"$f":"VLOOKUP(N199,Start!$C$9:$D$15,2,FALSE)+VLOOKUP(N199,Start!$C$23:$D$29,2,FALSE)","v":10.67},{"$f":"(V199/R199)+Start!$D$19*(VLOOKUP(N199,Start!$M$33:$N$39,2,FALSE)/R199)+VLOOKUP(O199,Start!$C$33:$D$40,2,FALSE)","v":28.246598290598293}]
[null,null,"Yes","BNA0599","AVEA Entsorgungsbetriebe GmbH & Co. KG",null,51373,"Leverkusen",null,"Nordrhein-Westfalen","entfällt","03.05.2011","Waste","Waste","Waste","Steam turbine","https://www.avea.info/klimaschutz/strom/",0.33,"eigene Annahme",11.6,{"$f":"(1-VLOOKUP(O200,Start!$H$33:$I$40,2,FALSE)/100)*T200","v":9.86},{"$f":"VLOOKUP(N200,Start!$C$9:$D$15,2,FALSE)+VLOOKUP(N200,Start!$C$23:$D$29,2,FALSE)","v":0},{"$f":"(V200/R200)+Start!$D$19*(VLOOKUP(N200,Start!$M$33:$N$39,2,FALSE)/R200)+VLOOKUP(O200,Start!$C$33:$D$40,2,FALSE)","v":1}]
[null,null,"Yes","BNA0600a","Currenta GmbH & Co. OHG","X-Kraftwerk",51368,"Leverkusen","CHEMPARK, Geb. X 50","Nordrhein-Westfalen",null,"01.01.1981","Gas","Gas","CCGT","Steam turbine","OPSD (2018)",0.36409999999999998,"OPSD (2018)",25,{"$f":"(1-VLOOKUP(O201,Start!$H$33:$I$40,2,FALSE)/100)*T201","v":21.75},{"$f":"VLOOKUP(N201,Start!$C$9:$D$15,2,FALSE)+VLOOKUP(N201,Start!$C$23:$D$29,2,FALSE)","v":10.67},{"$f":"(V201/R201)+Start!$D$19*(VLOOKUP(N201,Start!$M$33:$N$39,2,FALSE)/R201)+VLOOKUP(O201,Start!$C$33:$D$40,2,FALSE)","v":44.47379840703104}]
[null,null,"Yes","BNA0600b","Currenta GmbH & Co. OHG","G-Kraftwerk",51368,"Leverkusen","CHEMPARK, Geb. G 22","Nordrhein-Westfalen",null,"01.01.1962","Multiple","Coal","Coal","Steam turbine","OPSD (2018)",0.33,"OPSD (2018)",103,{"$f":"(1-VLOOKUP(O202,Start!$H$33:$I$40,2,FALSE)/100)*T202","v":77.25},{"$f":"VLOOKUP(N202,Start!$C$9:$D$15,2,FALSE)+VLOOKUP(N202,Start!$C$23:$D$29,2,FALSE)","v":7.5},{"$f":"(V202/R202)+Start!$D$19*(VLOOKUP(N202,Start!$M$33:$N$39,2,FALSE)/R202)+VLOOKUP(O202,Start!$C$33:$D$40,2,FALSE)","v":49.312484848484843}]
[null,null,"Yes","BNA0602","RWE Generation SE","Emsland",49811,"Lingen",null,"Niedersachsen","C1","01.01.1974","Gas","Gas","CCGT","Combined cycle","OPSD (2018)",0.42299999999999999,"OPSD (2018)",116,{"$f":"(1-VLOOKUP(O203,Start!$H$33:$I$40,2,FALSE)/100)*T203","v":100.92},{"$f":"VLOOKUP(N203,Start!$C$9:$D$15,2,FALSE)+VLOOKUP(N203,Start!$C$23:$D$29,2,FALSE)","v":10.67},{"$f":"(V203/R203)+Start!$D$19*(VLOOKUP(N203,Start!$M$33:$N$39,2,FALSE)/R203)+VLOOKUP(O203,Start!$C$33:$D$40,2,FALSE)","v":38.489976359338065}]
[null,null,"Yes","BNA0603","RWE Generation SE","Emsland",49811,"Lingen",null,"Niedersachsen","B1","01.01.1973","Gas","Gas","CCGT","Combined cycle","OPSD (2018)",0.41849999999999998,"OPSD (2018)",116,{"$f":"(1-VLOOKUP(O204,Start!$H$33:$I$40,2,FALSE)/100)*T204","v":100.92},{"$f":"VLOOKUP(N204,Start!$C$9:$D$15,2,FALSE)+VLOOKUP(N204,Start!$C$23:$D$29,2,FALSE)","v":10.67},{"$f":"(V204/R204)+Start!$D$19*(VLOOKUP(N204,Start!$M$33:$N$39,2,FALSE)/R204)+VLOOKUP(O204,Start!$C$33:$D$40,2,FALSE)","v":38.887718040621266}]
[null,null,"Yes","BNA0604","RWE Generation SE","Emsland",49811,"Lingen",null,"Niedersachsen","B2","01.01.1973","Gas","Gas","CCGT","Combined cycle","OPSD (2018)",0.41849999999999998,"OPSD (2018)",359,{"$f":"(1-VLOOKUP(O205,Start!$H$33:$I$40,2,FALSE)/100)*T205","v":312.33},{"$f":"VLOOKUP(N205,Start!$C$9:$D$15,2,FALSE)+VLOOKUP(N205,Start!$C$23:$D$29,2,FALSE)","v":10.67},{"$f":"(V205/R205)+Start!$D$19*(VLOOKUP(N205,Start!$M$33:$N$39,2,FALSE)/R205)+VLOOKUP(O205,Start!$C$33:$D$40,2,FALSE)","v":38.887718040621266}]
[null,null,"Yes","BNA0605","RWE Generation SE","Emsland",49811,"Lingen",null,"Niedersachsen","C2","01.01.1974","Gas","Gas","CCGT","Combined cycle","OPSD (2018)",0.42299999999999999,"OPSD (2018)",359,{"$f":"(1-VLOOKUP(O206,Start!$H$33:$I$40,2,FALSE)/100)*T206","v":312.33},{"$f":"VLOOKUP(N206,Start!$C$9:$D$15,2,FALSE)+VLOOKUP(N206,Start!$C$23:$D$29,2,FALSE)","v":10.67},{"$f":"(V206/R206)+Start!$D$19*(VLOOKUP(N206,Start!$M$33:$N$39,2,FALSE)/R206)+VLOOKUP(O206,Start!$C$33:$D$40,2,FALSE)","v":38.489976359338065}]
[null,null,"Yes","BNA0606","RWE Generation SE","Emsland",49811,"Lingen",null,"Niedersachsen","D","07.09.2010","Gas","Gas","CCGT","Combined cycle","OPSD (2018)",0.58499999999999996,"OPSD (2018)",887,{"$f":"(1-VLOOKUP(O207,Start!$H$33:$I$40,2,FALSE)/100)*T207","v":771.68999999999994},{"$f":"VLOOKUP(N207,Start!$C$9:$D$15,2,FALSE)+VLOOKUP(N207,Start!$C$23:$D$29,2,FALSE)","v":10.67},{"$f":"(V207/R207)+Start!$D$19*(VLOOKUP(N207,Start!$M$33:$N$39,2,FALSE)/R207)+VLOOKUP(O207,Start!$C$33:$D$40,2,FALSE)","v":28.246598290598293}]
[null,null,"Yes","BNA0607","RWE Power AG","Kernkraftwerk Emsland",49811,"Lingen",null,"Niedersachsen","KKE","19.04.1988","Nuclear","Nuclear","Nuclear","Steam turbine","OPSD (2018)",0.33,"OPSD (2018)",1336,{"$f":"(1-VLOOKUP(O208,Start!$H$33:$I$40,2,FALSE)/100)*T208","v":1242.48},{"$f":"VLOOKUP(N208,Start!$C$9:$D$15,2,FALSE)+VLOOKUP(N208,Start!$C$23:$D$29,2,FALSE)","v":5.5},{"$f":"(V208/R208)+Start!$D$19*(VLOOKUP(N208,Start!$M$33:$N$39,2,FALSE)/R208)+VLOOKUP(O208,Start!$C$33:$D$40,2,FALSE)","v":17.866666666666664}]
[null,null,"Yes","BNA0614a","BASF SE","KW Mitte",67056,"Ludwigshafen","A 855","Rheinland-Pfalz","GT 1","29.02.1992","Gas","Gas","OCGT","Gas turbine","OPSD (2018)",0.35920000000000002,"OPSD (2018)",47,{"$f":"(1-VLOOKUP(O209,Start!$H$33:$I$40,2,FALSE)/100)*T209","v":40.89},{"$f":"VLOOKUP(N209,Start!$C$9:$D$15,2,FALSE)+VLOOKUP(N209,Start!$C$23:$D$29,2,FALSE)","v":10.67},{"$f":"(V209/R209)+Start!$D$19*(VLOOKUP(N209,Start!$M$33:$N$39,2,FALSE)/R209)+VLOOKUP(O209,Start!$C$33:$D$40,2,FALSE)","v":44.560022271714928}]
[null,null,"Yes","BNA0614b","BASF SE","Kraftwerk Mitte",67056,"Ludwigshafen","A 800","Rheinland-Pfalz","GUD A 800 \nGT 11, GT 12, DT 10","12.05.2005","Gas","Gas","CCGT","Combined cycle","OPSD (2018)",0.5625,"OPSD (2018)",497.5,{"$f":"(1-VLOOKUP(O210,Start!$H$33:$I$40,2,FALSE)/100)*T210","v":432.82499999999999},{"$f":"VLOOKUP(N210,Start!$C$9:$D$15,2,FALSE)+VLOOKUP(N210,Start!$C$23:$D$29,2,FALSE)","v":10.67},{"$f":"(V210/R210)+Start!$D$19*(VLOOKUP(N210,Start!$M$33:$N$39,2,FALSE)/R210)+VLOOKUP(O210,Start!$C$33:$D$40,2,FALSE)","v":29.316462222222221}]
[null,null,"Yes","BNA0615","BASF SE","Kraftwerk Süd",67056,"Ludwigshafen","C 200","Rheinland-Pfalz","GUD C 200\nGT 1, GT 2, DT 1","14.07.1997","Gas","Gas","CCGT","Combined cycle","OPSD (2018)",0.52649999999999997,"OPSD (2018)",410,{"$f":"(1-VLOOKUP(O211,Start!$H$33:$I$40,2,FALSE)/100)*T211","v":356.7},{"$f":"VLOOKUP(N211,Start!$C$9:$D$15,2,FALSE)+VLOOKUP(N211,Start!$C$23:$D$29,2,FALSE)","v":10.67},{"$f":"(V211/R211)+Start!$D$19*(VLOOKUP(N211,Start!$M$33:$N$39,2,FALSE)/R211)+VLOOKUP(O211,Start!$C$33:$D$40,2,FALSE)","v":31.218442545109212}]
[null,null,"Yes","BNA0616b","BASF SE","Kraftwerk Nord",67056,"Ludwigshafen","S 300","Rheinland-Pfalz","S 300\nVT 1, VT 2, NT 7","11.05.1964","Multiple","Gas","CCGT","Combined cycle","OPSD (2018)",0.45,"Assumption based on DIW (2014)",87.5,{"$f":"(1-VLOOKUP(O212,Start!$H$33:$I$40,2,FALSE)/100)*T212","v":76.125},{"$f":"VLOOKUP(N212,Start!$C$9:$D$15,2,FALSE)+VLOOKUP(N212,Start!$C$23:$D$29,2,FALSE)","v":10.67},{"$f":"(V212/R212)+Start!$D$19*(VLOOKUP(N212,Start!$M$33:$N$39,2,FALSE)/R212)+VLOOKUP(O212,Start!$C$33:$D$40,2,FALSE)","v":36.270577777777781}]
[null,null,"Yes","BNA0622","Müllheizkraftwerk Rothensee GmbH","MHKW Rothensee",39126,"Magdeburg",null,"Sachsen-Anhalt","Block 1","17.07.2005","Waste","Waste","Waste","Steam turbine","OPSD (2018)",0.33,"OPSD (2018)",29.2,{"$f":"(1-VLOOKUP(O213,Start!$H$33:$I$40,2,FALSE)/100)*T213","v":24.82},{"$f":"VLOOKUP(N213,Start!$C$9:$D$15,2,FALSE)+VLOOKUP(N213,Start!$C$23:$D$29,2,FALSE)","v":0},{"$f":"(V213/R213)+Start!$D$19*(VLOOKUP(N213,Start!$M$33:$N$39,2,FALSE)/R213)+VLOOKUP(O213,Start!$C$33:$D$40,2,FALSE)","v":1}]
[null,null,"Yes","BNA0623","Müllheizkraftwerk Rothensee GmbH","MHKW Rothensee",39126,"Magdeburg",null,"Sachsen-Anhalt","Block 2","08.09.2006","Waste","Waste","Waste","Steam turbine","OPSD (2018)",0.33,"OPSD (2018)",29.2,{"$f":"(1-VLOOKUP(O214,Start!$H$33:$I$40,2,FALSE)/100)*T214","v":24.82},{"$f":"VLOOKUP(N214,Start!$C$9:$D$15,2,FALSE)+VLOOKUP(N214,Start!$C$23:$D$29,2,FALSE)","v":0},{"$f":"(V214/R214)+Start!$D$19*(VLOOKUP(N214,Start!$M$33:$N$39,2,FALSE)/R214)+VLOOKUP(O214,Start!$C$33:$D$40,2,FALSE)","v":1}]
[null,null,"Yes","BNA0626","Kraftwerke Mainz-Wiesbaden AG","Kraftwerk Mainz",55120,"Mainz",null,"Rheinland-Pfalz","KW3","23.05.2000","Gas","Gas","CCGT","Combined cycle","OPSD (2018)",0.54,"OPSD (2018)",434.2,{"$f":"(1-VLOOKUP(O215,Start!$H$33:$I$40,2,FALSE)/100)*T215","v":377.75399999999996},{"$f":"VLOOKUP(N215,Start!$C$9:$D$15,2,FALSE)+VLOOKUP(N215,Start!$C$23:$D$29,2,FALSE)","v":10.67},{"$f":"(V215/R215)+Start!$D$19*(VLOOKUP(N215,Start!$M$33:$N$39,2,FALSE)/R215)+VLOOKUP(O215,Start!$C$33:$D$40,2,FALSE)","v":30.475481481481481}]
[null,null,"Yes","BNA0640","MVV Energie AG","HKW Mannheim",68169,"Mannheim","Otto-Hahn-Straße 1","Baden-Württemberg","Turbine 3","13.10.2006","Waste","Waste","Waste","Steam turbine","OPSD (2018)",0.33,"OPSD (2018)",8.65,{"$f":"(1-VLOOKUP(O216,Start!$H$33:$I$40,2,FALSE)/100)*T216","v":7.3525},{"$f":"VLOOKUP(N216,Start!$C$9:$D$15,2,FALSE)+VLOOKUP(N216,Start!$C$23:$D$29,2,FALSE)","v":0},{"$f":"(V216/R216)+Start!$D$19*(VLOOKUP(N216,Start!$M$33:$N$39,2,FALSE)/R216)+VLOOKUP(O216,Start!$C$33:$D$40,2,FALSE)","v":1}]
[null,null,"Yes","BNA0641a","MVV Energie AG","HKW Mannheim",68169,"Mannheim","Otto-Hahn-Straße 1","Baden-Württemberg","Turbine 60","07.01.2010","Waste","Waste","Waste","Steam turbine","OPSD (2018)",0.33,"OPSD (2018)",22.1,{"$f":"(1-VLOOKUP(O217,Start!$H$33:$I$40,2,FALSE)/100)*T217","v":18.785},{"$f":"VLOOKUP(N217,Start!$C$9:$D$15,2,FALSE)+VLOOKUP(N217,Start!$C$23:$D$29,2,FALSE)","v":0},{"$f":"(V217/R217)+Start!$D$19*(VLOOKUP(N217,Start!$M$33:$N$39,2,FALSE)/R217)+VLOOKUP(O217,Start!$C$33:$D$40,2,FALSE)","v":1}]
[null,null,"Yes","BNA0641b","MVV Energie AG","HKW Mannheim",68169,"Mannheim","Otto-Hahn-Straße 1","Baden-Württemberg","Turbine D.0","13.08.2012","Waste","Waste","Waste","Steam turbine","OPSD (2018)",0.33,"OPSD (2018)",5.37,{"$f":"(1-VLOOKUP(O218,Start!$H$33:$I$40,2,FALSE)/100)*T218","v":4.5644999999999998},{"$f":"VLOOKUP(N218,Start!$C$9:$D$15,2,FALSE)+VLOOKUP(N218,Start!$C$23:$D$29,2,FALSE)","v":0},{"$f":"(V218/R218)+Start!$D$19*(VLOOKUP(N218,Start!$M$33:$N$39,2,FALSE)/R218)+VLOOKUP(O218,Start!$C$33:$D$40,2,FALSE)","v":1}]
[null,null,"Yes","BNA0641c","MVV Energie AG","HKW Mannheim",68169,"Mannheim","Otto-Hahn-Straße 1","Baden-Württemberg","Turbine E.0","14.06.2012","Waste","Waste","Waste","Steam turbine","OPSD (2018)",0.33,"OPSD (2018)",3.88,{"$f":"(1-VLOOKUP(O219,Start!$H$33:$I$40,2,FALSE)/100)*T219","v":3.298},{"$f":"VLOOKUP(N219,Start!$C$9:$D$15,2,FALSE)+VLOOKUP(N219,Start!$C$23:$D$29,2,FALSE)","v":0},{"$f":"(V219/R219)+Start!$D$19*(VLOOKUP(N219,Start!$M$33:$N$39,2,FALSE)/R219)+VLOOKUP(O219,Start!$C$33:$D$40,2,FALSE)","v":1}]
[null,null,"Yes","BNA0644","Grosskraftwerk Mannheim AG","GKM ",68199,"Mannheim","Marguerrestraße 1","Baden-Württemberg","Block 6","26.12.2005","Coal","Coal","Coal","Steam turbine","OPSD (2018)",0.4375,"OPSD (2018)",255,{"$f":"(1-VLOOKUP(O220,Start!$H$33:$I$40,2,FALSE)/100)*T220","v":191.25},{"$f":"VLOOKUP(N220,Start!$C$9:$D$15,2,FALSE)+VLOOKUP(N220,Start!$C$23:$D$29,2,FALSE)","v":7.5},{"$f":"(V220/R220)+Start!$D$19*(VLOOKUP(N220,Start!$M$33:$N$39,2,FALSE)/R220)+VLOOKUP(O220,Start!$C$33:$D$40,2,FALSE)","v":37.515131428571429}]
[null,null,"Yes","BNA0645","Grosskraftwerk Mannheim AG","GKM ",68199,"Mannheim","Marguerrestraße 1","Baden-Württemberg","Block 7","01.11.1982","Coal","Coal","Coal","Steam turbine","OPSD (2018)",0.38,"OPSD (2018)",425,{"$f":"(1-VLOOKUP(O221,Start!$H$33:$I$40,2,FALSE)/100)*T221","v":318.75},{"$f":"VLOOKUP(N221,Start!$C$9:$D$15,2,FALSE)+VLOOKUP(N221,Start!$C$23:$D$29,2,FALSE)","v":7.5},{"$f":"(V221/R221)+Start!$D$19*(VLOOKUP(N221,Start!$M$33:$N$39,2,FALSE)/R221)+VLOOKUP(O221,Start!$C$33:$D$40,2,FALSE)","v":42.995052631578943}]
[null,null,"Yes","BNA0646a","Grosskraftwerk Mannheim AG","GKM ",68199,"Mannheim","Marguerrestraße 1","Baden-Württemberg","Block 8","05.04.1993","Coal","Coal","Coal","Steam turbine","OPSD (2018)",0.40749999999999997,"OPSD (2018)",435,{"$f":"(1-VLOOKUP(O222,Start!$H$33:$I$40,2,FALSE)/100)*T222","v":326.25},{"$f":"VLOOKUP(N222,Start!$C$9:$D$15,2,FALSE)+VLOOKUP(N222,Start!$C$23:$D$29,2,FALSE)","v":7.5},{"$f":"(V222/R222)+Start!$D$19*(VLOOKUP(N222,Start!$M$33:$N$39,2,FALSE)/R222)+VLOOKUP(O222,Start!$C$33:$D$40,2,FALSE)","v":40.181276073619628}]
[null,null,"Yes","BNA0646b","Grosskraftwerk Mannheim AG","GKM ",68199,"Mannheim","Marguerrestraße 1","Baden-Württemberg","Block 9","02.05.2015","Coal","Coal","Coal","Steam turbine","OPSD (2018)",0.46250000000000002,"OPSD (2018)",843,{"$f":"(1-VLOOKUP(O223,Start!$H$33:$I$40,2,FALSE)/100)*T223","v":632.25},{"$f":"VLOOKUP(N223,Start!$C$9:$D$15,2,FALSE)+VLOOKUP(N223,Start!$C$23:$D$29,2,FALSE)","v":7.5},{"$f":"(V223/R223)+Start!$D$19*(VLOOKUP(N223,Start!$M$33:$N$39,2,FALSE)/R223)+VLOOKUP(O223,Start!$C$33:$D$40,2,FALSE)","v":35.557556756756753}]
[null,null,"Yes","BNA0658","Evonik Degussa GmbH","Kraftwerk III",45772,"Marl","Paul-Baumann-Str. 1","Nordrhein-Westfalen","Block 311","22.11.1973","Gas","Gas","CCGT","Combined cycle","OPSD (2018)",0.55349999999999999,"OPSD (2018)",61.13,{"$f":"(1-VLOOKUP(O224,Start!$H$33:$I$40,2,FALSE)/100)*T224","v":53.183100000000003},{"$f":"VLOOKUP(N224,Start!$C$9:$D$15,2,FALSE)+VLOOKUP(N224,Start!$C$23:$D$29,2,FALSE)","v":10.67},{"$f":"(V224/R224)+Start!$D$19*(VLOOKUP(N224,Start!$M$33:$N$39,2,FALSE)/R224)+VLOOKUP(O224,Start!$C$33:$D$40,2,FALSE)","v":29.768762420957543}]
[null,null,"Yes","BNA0660","Evonik Degussa GmbH","Kraftwerk I  ",45772,"Marl","Paul-Baumann-Str. 1","Nordrhein-Westfalen","Block 4 ","01.06.1971","Multiple","Coal","Coal","Combined cycle","OPSD (2018)",0.40949999999999998,"OPSD (2018)",55.56,{"$f":"(1-VLOOKUP(O225,Start!$H$33:$I$40,2,FALSE)/100)*T225","v":41.67},{"$f":"VLOOKUP(N225,Start!$C$9:$D$15,2,FALSE)+VLOOKUP(N225,Start!$C$23:$D$29,2,FALSE)","v":7.5},{"$f":"(V225/R225)+Start!$D$19*(VLOOKUP(N225,Start!$M$33:$N$39,2,FALSE)/R225)+VLOOKUP(O225,Start!$C$33:$D$40,2,FALSE)","v":39.991379731379737}]
[null,null,"Yes","BNA0662a","Evonik Degussa GmbH","Kraftwerk I ",45772,"Marl","Paul-Baumann-Str. 1","Nordrhein-Westfalen","Block 5 ","15.10.1983","Multiple","Coal","Coal","Combined cycle","OPSD (2018)",0.46350000000000002,"OPSD (2018)",68.400000000000006,{"$f":"(1-VLOOKUP(O226,Start!$H$33:$I$40,2,FALSE)/100)*T226","v":51.300000000000004},{"$f":"VLOOKUP(N226,Start!$C$9:$D$15,2,FALSE)+VLOOKUP(N226,Start!$C$23:$D$29,2,FALSE)","v":7.5},{"$f":"(V226/R226)+Start!$D$19*(VLOOKUP(N226,Start!$M$33:$N$39,2,FALSE)/R226)+VLOOKUP(O226,Start!$C$33:$D$40,2,FALSE)","v":35.483646170442285}]
[null,null,"Yes","BNA0662b","Evonik Degussa GmbH","Kraftwerk I",45772,"Marl","Paul-Baumann-Str. 1","Nordrhein-Westfalen","Dampfwirtschaft (6 Einzelturbinen)","12.08.1940","Multiple","Other","Other","Combined cycle","OPSD (2018)",0.27,"OPSD (2018)",169.32,{"$f":"(1-VLOOKUP(O227,Start!$H$33:$I$40,2,FALSE)/100)*T227","v":143.922},{"$f":"VLOOKUP(N227,Start!$C$9:$D$15,2,FALSE)+VLOOKUP(N227,Start!$C$23:$D$29,2,FALSE)","v":22.9},{"$f":"(V227/R227)+Start!$D$19*(VLOOKUP(N227,Start!$M$33:$N$39,2,FALSE)/R227)+VLOOKUP(O227,Start!$C$33:$D$40,2,FALSE)","v":105.4394074074074}]
[null,null,"Yes","BNA0683a","SWM Services GmbH","Süd DT1",81371,"München",null,"Bayern",1,"08.10.1980","Gas","Gas","CCGT","Combined cycle","OPSD (2018)",0.45,"OPSD (2018)",79.7,{"$f":"(1-VLOOKUP(O228,Start!$H$33:$I$40,2,FALSE)/100)*T228","v":69.338999999999999},{"$f":"VLOOKUP(N228,Start!$C$9:$D$15,2,FALSE)+VLOOKUP(N228,Start!$C$23:$D$29,2,FALSE)","v":10.67},{"$f":"(V228/R228)+Start!$D$19*(VLOOKUP(N228,Start!$M$33:$N$39,2,FALSE)/R228)+VLOOKUP(O228,Start!$C$33:$D$40,2,FALSE)","v":36.270577777777781}]
[null,null,"Yes","BNA0683b","SWM Services GmbH","Süd GT3",81371,"München",null,"Bayern",1,"20.08.1980","Gas","Gas","CCGT","Combined cycle","OPSD (2018)",0.45,"OPSD (2018)",97.9,{"$f":"(1-VLOOKUP(O229,Start!$H$33:$I$40,2,FALSE)/100)*T229","v":85.173000000000002},{"$f":"VLOOKUP(N229,Start!$C$9:$D$15,2,FALSE)+VLOOKUP(N229,Start!$C$23:$D$29,2,FALSE)","v":10.67},{"$f":"(V229/R229)+Start!$D$19*(VLOOKUP(N229,Start!$M$33:$N$39,2,FALSE)/R229)+VLOOKUP(O229,Start!$C$33:$D$40,2,FALSE)","v":36.270577777777781}]
[null,null,"Yes","BNA0683c","SWM Services GmbH","Süd GT2",81371,"München",null,"Bayern",1,"22.07.1980","Gas","Gas","CCGT","Combined cycle","OPSD (2018)",0.45,"OPSD (2018)",97.9,{"$f":"(1-VLOOKUP(O230,Start!$H$33:$I$40,2,FALSE)/100)*T230","v":85.173000000000002},{"$f":"VLOOKUP(N230,Start!$C$9:$D$15,2,FALSE)+VLOOKUP(N230,Start!$C$23:$D$29,2,FALSE)","v":10.67},{"$f":"(V230/R230)+Start!$D$19*(VLOOKUP(N230,Start!$M$33:$N$39,2,FALSE)/R230)+VLOOKUP(O230,Start!$C$33:$D$40,2,FALSE)","v":36.270577777777781}]
[null,null,"Yes","BNA0684a","SWM Services GmbH","Süd GT 61",81371,"München",null,"Bayern",2,"30.09.2004","Gas","Gas","CCGT","Combined cycle","OPSD (2018)",0.55800000000000005,"OPSD (2018)",124.9,{"$f":"(1-VLOOKUP(O231,Start!$H$33:$I$40,2,FALSE)/100)*T231","v":108.66300000000001},{"$f":"VLOOKUP(N231,Start!$C$9:$D$15,2,FALSE)+VLOOKUP(N231,Start!$C$23:$D$29,2,FALSE)","v":10.67},{"$f":"(V231/R231)+Start!$D$19*(VLOOKUP(N231,Start!$M$33:$N$39,2,FALSE)/R231)+VLOOKUP(O231,Start!$C$33:$D$40,2,FALSE)","v":29.540788530465946}]
[null,null,"Yes","BNA0684b","SWM Services GmbH","Süd GT 62",81371,"München",null,"Bayern",2,"30.09.2004","Gas","Gas","CCGT","Combined cycle","OPSD (2018)",0.55800000000000005,"OPSD (2018)",123.9,{"$f":"(1-VLOOKUP(O232,Start!$H$33:$I$40,2,FALSE)/100)*T232","v":107.79300000000001},{"$f":"VLOOKUP(N232,Start!$C$9:$D$15,2,FALSE)+VLOOKUP(N232,Start!$C$23:$D$29,2,FALSE)","v":10.67},{"$f":"(V232/R232)+Start!$D$19*(VLOOKUP(N232,Start!$M$33:$N$39,2,FALSE)/R232)+VLOOKUP(O232,Start!$C$33:$D$40,2,FALSE)","v":29.540788530465946}]
[null,null,"Yes","BNA0684c","SWM Services GmbH","Süd DT60",81371,"München",null,"Bayern",2,"30.09.2004","Gas","Gas","CCGT","Combined cycle","OPSD (2018)",0.55800000000000005,"OPSD (2018)",127.6,{"$f":"(1-VLOOKUP(O233,Start!$H$33:$I$40,2,FALSE)/100)*T233","v":111.012},{"$f":"VLOOKUP(N233,Start!$C$9:$D$15,2,FALSE)+VLOOKUP(N233,Start!$C$23:$D$29,2,FALSE)","v":10.67},{"$f":"(V233/R233)+Start!$D$19*(VLOOKUP(N233,Start!$M$33:$N$39,2,FALSE)/R233)+VLOOKUP(O233,Start!$C$33:$D$40,2,FALSE)","v":29.540788530465946}]
[null,null,"Yes","BNA0685","Stadtwerke Münster GmbH","Heizkraftwerk Hafen",48145,"Münster",null,"Nordrhein-Westfalen","GuD","14.12.2005","Multiple","Gas","CCGT","Combined cycle","OPSD (2018)",0.5625,"OPSD (2018)",104.14,{"$f":"(1-VLOOKUP(O234,Start!$H$33:$I$40,2,FALSE)/100)*T234","v":90.601799999999997},{"$f":"VLOOKUP(N234,Start!$C$9:$D$15,2,FALSE)+VLOOKUP(N234,Start!$C$23:$D$29,2,FALSE)","v":10.67},{"$f":"(V234/R234)+Start!$D$19*(VLOOKUP(N234,Start!$M$33:$N$39,2,FALSE)/R234)+VLOOKUP(O234,Start!$C$33:$D$40,2,FALSE)","v":29.316462222222221}]
[null,null,"Yes","BNA0686","EnBW Energie Baden-Württemberg AG","Gemeinschaftskernkraftwerk Neckarwestheim II",74382,"Neckarwestheim","Im Steinbruch","Baden-Württemberg","GKN II","15.04.1989","Nuclear","Nuclear","Nuclear","Steam turbine","OPSD (2018)",0.33,"OPSD (2018)",1310,{"$f":"(1-VLOOKUP(O235,Start!$H$33:$I$40,2,FALSE)/100)*T235","v":1218.3},{"$f":"VLOOKUP(N235,Start!$C$9:$D$15,2,FALSE)+VLOOKUP(N235,Start!$C$23:$D$29,2,FALSE)","v":5.5},{"$f":"(V235/R235)+Start!$D$19*(VLOOKUP(N235,Start!$M$33:$N$39,2,FALSE)/R235)+VLOOKUP(O235,Start!$C$33:$D$40,2,FALSE)","v":17.866666666666664}]
[null,null,"Yes","BNA0688","Neubrandenburger Stadtwerke GmbH","GuD-HKW Neubrandenburg",17034,"Neubrandenburg",null,"Mecklenburg-Vorpommern",null,"16.05.1997","Multiple","Gas","CCGT","Combined cycle","OPSD (2018)",0.52649999999999997,"OPSD (2018)",75,{"$f":"(1-VLOOKUP(O236,Start!$H$33:$I$40,2,FALSE)/100)*T236","v":65.25},{"$f":"VLOOKUP(N236,Start!$C$9:$D$15,2,FALSE)+VLOOKUP(N236,Start!$C$23:$D$29,2,FALSE)","v":10.67},{"$f":"(V236/R236)+Start!$D$19*(VLOOKUP(N236,Start!$M$33:$N$39,2,FALSE)/R236)+VLOOKUP(O236,Start!$C$33:$D$40,2,FALSE)","v":31.218442545109212}]
[null,null,"Yes","BNA0693","SWN Stadtwerke Neumünster GmbH","Heizkraftwerk NMS",24534,"Neumünster",null,"Schleswig-Holstein",null,"03.05.1974","Multiple","Waste","Waste","Steam turbine","OPSD (2018)",0.33,"eigene Annahme",53.6,{"$f":"(1-VLOOKUP(O237,Start!$H$33:$I$40,2,FALSE)/100)*T237","v":45.56},{"$f":"VLOOKUP(N237,Start!$C$9:$D$15,2,FALSE)+VLOOKUP(N237,Start!$C$23:$D$29,2,FALSE)","v":0},{"$f":"(V237/R237)+Start!$D$19*(VLOOKUP(N237,Start!$M$33:$N$39,2,FALSE)/R237)+VLOOKUP(O237,Start!$C$33:$D$40,2,FALSE)","v":1}]
[null,null,"Yes","BNA0696","RWE Power AG","Neurath",41517,"Grevenbroich-Neurath",null,"Nordrhein-Westfalen","A","14.10.1972","Lignite","Lignite","Lignite","Steam turbine","OPSD (2018)",0.33279999999999998,"OPSD (2018)",294,{"$f":"(1-VLOOKUP(O238,Start!$H$33:$I$40,2,FALSE)/100)*T238","v":255.78},{"$f":"VLOOKUP(N238,Start!$C$9:$D$15,2,FALSE)+VLOOKUP(N238,Start!$C$23:$D$29,2,FALSE)","v":3.1},{"$f":"(V238/R238)+Start!$D$19*(VLOOKUP(N238,Start!$M$33:$N$39,2,FALSE)/R238)+VLOOKUP(O238,Start!$C$33:$D$40,2,FALSE)","v":41.072115384615401}]
[null,null,"Yes","BNA0697","RWE Power AG","Neurath",41517,"Grevenbroich-Neurath",null,"Nordrhein-Westfalen","B","30.06.1972","Lignite","Lignite","Lignite","Steam turbine","OPSD (2018)",0.33279999999999998,"OPSD (2018)",294,{"$f":"(1-VLOOKUP(O239,Start!$H$33:$I$40,2,FALSE)/100)*T239","v":255.78},{"$f":"VLOOKUP(N239,Start!$C$9:$D$15,2,FALSE)+VLOOKUP(N239,Start!$C$23:$D$29,2,FALSE)","v":3.1},{"$f":"(V239/R239)+Start!$D$19*(VLOOKUP(N239,Start!$M$33:$N$39,2,FALSE)/R239)+VLOOKUP(O239,Start!$C$33:$D$40,2,FALSE)","v":41.072115384615401}]
[null,null,"Yes","BNA0699","RWE Power AG","Neurath",41517,"Grevenbroich-Neurath",null,"Nordrhein-Westfalen","D","24.06.1975","Lignite","Lignite","Lignite","Steam turbine","OPSD (2018)",0.34,"OPSD (2018)",607,{"$f":"(1-VLOOKUP(O240,Start!$H$33:$I$40,2,FALSE)/100)*T240","v":528.09},{"$f":"VLOOKUP(N240,Start!$C$9:$D$15,2,FALSE)+VLOOKUP(N240,Start!$C$23:$D$29,2,FALSE)","v":3.1},{"$f":"(V240/R240)+Start!$D$19*(VLOOKUP(N240,Start!$M$33:$N$39,2,FALSE)/R240)+VLOOKUP(O240,Start!$C$33:$D$40,2,FALSE)","v":40.238352941176473}]
[null,null,"Yes","BNA0700","RWE Power AG","Neurath",41517,"Grevenbroich-Neurath",null,"Nordrhein-Westfalen","E","22.02.1976","Lignite","Lignite","Lignite","Steam turbine","OPSD (2018)",0.34239999999999998,"OPSD (2018)",604,{"$f":"(1-VLOOKUP(O241,Start!$H$33:$I$40,2,FALSE)/100)*T241","v":525.48},{"$f":"VLOOKUP(N241,Start!$C$9:$D$15,2,FALSE)+VLOOKUP(N241,Start!$C$23:$D$29,2,FALSE)","v":3.1},{"$f":"(V241/R241)+Start!$D$19*(VLOOKUP(N241,Start!$M$33:$N$39,2,FALSE)/R241)+VLOOKUP(O241,Start!$C$33:$D$40,2,FALSE)","v":39.968224299065426}]
[null,null,"Yes","BNA0705","RWE Power AG","Niederaußem",50129,"Bergheim",null,"Nordrhein-Westfalen","D","31.05.1968","Lignite","Lignite","Lignite","Steam turbine","OPSD (2018)",0.32319999999999999,"OPSD (2018)",297,{"$f":"(1-VLOOKUP(O242,Start!$H$33:$I$40,2,FALSE)/100)*T242","v":258.39},{"$f":"VLOOKUP(N242,Start!$C$9:$D$15,2,FALSE)+VLOOKUP(N242,Start!$C$23:$D$29,2,FALSE)","v":3.1},{"$f":"(V242/R242)+Start!$D$19*(VLOOKUP(N242,Start!$M$33:$N$39,2,FALSE)/R242)+VLOOKUP(O242,Start!$C$33:$D$40,2,FALSE)","v":42.241584158415847}]
[null,null,"Yes","BNA0707","RWE Power AG","Niederaußem",50129,"Bergheim",null,"Nordrhein-Westfalen","H","16.09.1974","Lignite","Lignite","Lignite","Steam turbine","OPSD (2018)",0.42159999999999997,"OPSD (2018)",648,{"$f":"(1-VLOOKUP(O243,Start!$H$33:$I$40,2,FALSE)/100)*T243","v":563.76},{"$f":"VLOOKUP(N243,Start!$C$9:$D$15,2,FALSE)+VLOOKUP(N243,Start!$C$23:$D$29,2,FALSE)","v":3.1},{"$f":"(V243/R243)+Start!$D$19*(VLOOKUP(N243,Start!$M$33:$N$39,2,FALSE)/R243)+VLOOKUP(O243,Start!$C$33:$D$40,2,FALSE)","v":32.77931688804555}]
[null,null,"Yes","BNA0708","RWE Power AG","Niederaußem",50129,"Bergheim",null,"Nordrhein-Westfalen","G","23.10.1974","Lignite","Lignite","Lignite","Steam turbine","OPSD (2018)",0.41920000000000002,"OPSD (2018)",628,{"$f":"(1-VLOOKUP(O244,Start!$H$33:$I$40,2,FALSE)/100)*T244","v":546.36},{"$f":"VLOOKUP(N244,Start!$C$9:$D$15,2,FALSE)+VLOOKUP(N244,Start!$C$23:$D$29,2,FALSE)","v":3.1},{"$f":"(V244/R244)+Start!$D$19*(VLOOKUP(N244,Start!$M$33:$N$39,2,FALSE)/R244)+VLOOKUP(O244,Start!$C$33:$D$40,2,FALSE)","v":32.957251908396948}]
[null,null,"Yes","BNA0709","RWE Power AG","Niederaußem",50129,"Bergheim",null,"Nordrhein-Westfalen","K","30.08.2002","Lignite","Lignite","Lignite","Steam turbine","OPSD (2018)",0.40479999999999999,"OPSD (2018)",944,{"$f":"(1-VLOOKUP(O245,Start!$H$33:$I$40,2,FALSE)/100)*T245","v":821.28},{"$f":"VLOOKUP(N245,Start!$C$9:$D$15,2,FALSE)+VLOOKUP(N245,Start!$C$23:$D$29,2,FALSE)","v":3.1},{"$f":"(V245/R245)+Start!$D$19*(VLOOKUP(N245,Start!$M$33:$N$39,2,FALSE)/R245)+VLOOKUP(O245,Start!$C$33:$D$40,2,FALSE)","v":34.069169960474319}]
[null,null,"Yes","BNA0712","RWE Power AG","Niederaußem",50129,"Bergheim",null,"Nordrhein-Westfalen","C","27.06.1965","Lignite","Lignite","Lignite","Steam turbine","OPSD (2018)",0.316,"OPSD (2018)",295,{"$f":"(1-VLOOKUP(O246,Start!$H$33:$I$40,2,FALSE)/100)*T246","v":256.64999999999998},{"$f":"VLOOKUP(N246,Start!$C$9:$D$15,2,FALSE)+VLOOKUP(N246,Start!$C$23:$D$29,2,FALSE)","v":3.1},{"$f":"(V246/R246)+Start!$D$19*(VLOOKUP(N246,Start!$M$33:$N$39,2,FALSE)/R246)+VLOOKUP(O246,Start!$C$33:$D$40,2,FALSE)","v":43.165316455696214}]
[null,null,"Yes","BNA0714","RWE Power AG","Fortuna Nord",50129,"Bergheim",null,"Nordrhein-Westfalen","Fortuna Nord","01.01.1939","Lignite","Lignite","Lignite","Steam turbine","OPSD (2018)",0.25359999999999999,"OPSD (2018)",15,{"$f":"(1-VLOOKUP(O247,Start!$H$33:$I$40,2,FALSE)/100)*T247","v":13.05},{"$f":"VLOOKUP(N247,Start!$C$9:$D$15,2,FALSE)+VLOOKUP(N247,Start!$C$23:$D$29,2,FALSE)","v":3.1},{"$f":"(V247/R247)+Start!$D$19*(VLOOKUP(N247,Start!$M$33:$N$39,2,FALSE)/R247)+VLOOKUP(O247,Start!$C$33:$D$40,2,FALSE)","v":53.368138801261843}]
[null,null,"Yes","BNA0742","N-ERGIE AG","HKW Sandreuth",90441,"Nürnberg","Sandreuthstr. 51","Bayern","GuD 1","05.01.2005","Gas","Gas","CCGT","Combined cycle","OPSD (2018)",0.5625,"OPSD (2018)",75,{"$f":"(1-VLOOKUP(O248,Start!$H$33:$I$40,2,FALSE)/100)*T248","v":65.25},{"$f":"VLOOKUP(N248,Start!$C$9:$D$15,2,FALSE)+VLOOKUP(N248,Start!$C$23:$D$29,2,FALSE)","v":10.67},{"$f":"(V248/R248)+Start!$D$19*(VLOOKUP(N248,Start!$M$33:$N$39,2,FALSE)/R248)+VLOOKUP(O248,Start!$C$33:$D$40,2,FALSE)","v":29.316462222222221}]
[null,null,"Yes","BNA0743","N-ERGIE AG","HKW Sandreuth",90441,"Nürnberg","Sandreuthstr. 51","Bayern","GuD 2","05.01.2005","Gas","Gas","CCGT","Combined cycle","OPSD (2018)",0.5625,"OPSD (2018)",75,{"$f":"(1-VLOOKUP(O249,Start!$H$33:$I$40,2,FALSE)/100)*T249","v":65.25},{"$f":"VLOOKUP(N249,Start!$C$9:$D$15,2,FALSE)+VLOOKUP(N249,Start!$C$23:$D$29,2,FALSE)","v":10.67},{"$f":"(V249/R249)+Start!$D$19*(VLOOKUP(N249,Start!$M$33:$N$39,2,FALSE)/R249)+VLOOKUP(O249,Start!$C$33:$D$40,2,FALSE)","v":29.316462222222221}]
[null,null,"Yes","BNA0744","Uniper Kraftwerke GmbH ","Franken 1",90449,"Nürnberg",null,"Bayern",1,"01.01.1973","Multiple","Gas","CCGT","Combined cycle","OPSD (2018)",0.41849999999999998,"OPSD (2018)",383,{"$f":"(1-VLOOKUP(O250,Start!$H$33:$I$40,2,FALSE)/100)*T250","v":333.21},{"$f":"VLOOKUP(N250,Start!$C$9:$D$15,2,FALSE)+VLOOKUP(N250,Start!$C$23:$D$29,2,FALSE)","v":10.67},{"$f":"(V250/R250)+Start!$D$19*(VLOOKUP(N250,Start!$M$33:$N$39,2,FALSE)/R250)+VLOOKUP(O250,Start!$C$33:$D$40,2,FALSE)","v":38.887718040621266}]
[null,null,"Yes","BNA0745","Uniper Kraftwerke GmbH ","Franken 1",90449,"Nürnberg",null,"Bayern",2,"01.01.1976","Multiple","Gas","CCGT","Combined cycle","OPSD (2018)",0.432,"OPSD (2018)",440,{"$f":"(1-VLOOKUP(O251,Start!$H$33:$I$40,2,FALSE)/100)*T251","v":382.8},{"$f":"VLOOKUP(N251,Start!$C$9:$D$15,2,FALSE)+VLOOKUP(N251,Start!$C$23:$D$29,2,FALSE)","v":10.67},{"$f":"(V251/R251)+Start!$D$19*(VLOOKUP(N251,Start!$M$33:$N$39,2,FALSE)/R251)+VLOOKUP(O251,Start!$C$33:$D$40,2,FALSE)","v":37.719351851851854}]
[null,null,"Yes","BNA0746","N-ERGIE AG","HKW Sandreuth",90441,"Nürnberg","Sandreuthstr. 51","Bayern",null,"01.09.1996","Waste","Waste","Waste","Combined cycle","OPSD (2018)",0.33,"OPSD (2018)",18,{"$f":"(1-VLOOKUP(O252,Start!$H$33:$I$40,2,FALSE)/100)*T252","v":15.299999999999999},{"$f":"VLOOKUP(N252,Start!$C$9:$D$15,2,FALSE)+VLOOKUP(N252,Start!$C$23:$D$29,2,FALSE)","v":0},{"$f":"(V252/R252)+Start!$D$19*(VLOOKUP(N252,Start!$M$33:$N$39,2,FALSE)/R252)+VLOOKUP(O252,Start!$C$33:$D$40,2,FALSE)","v":1}]
[null,null,"Yes","BNA0750","GMVA Gemeinschafts-Müll-Verbrennungsanlage Niederrhein GmbH","GMVA Niederrhein",46049,"Oberhausen","Liricher Straße 121","Nordrhein-Westfalen","Ausspeisung 10/110kV (Turbine 2)","17.10.1991","Waste","Waste","Waste","Steam turbine","OPSD (2018)",0.33,"OPSD (2018)",40.4,{"$f":"(1-VLOOKUP(O253,Start!$H$33:$I$40,2,FALSE)/100)*T253","v":34.339999999999996},{"$f":"VLOOKUP(N253,Start!$C$9:$D$15,2,FALSE)+VLOOKUP(N253,Start!$C$23:$D$29,2,FALSE)","v":0},{"$f":"(V253/R253)+Start!$D$19*(VLOOKUP(N253,Start!$M$33:$N$39,2,FALSE)/R253)+VLOOKUP(O253,Start!$C$33:$D$40,2,FALSE)","v":1}]
[null,null,"Yes","BNA0751","GMVA Gemeinschafts-Müll-Verbrennungsanlage Niederrhein GmbH","GMVA Niederrhein",46049,"Oberhausen","Liricher Straße 121","Nordrhein-Westfalen","Ausspeisung 10/25kV (Turbine 1)","06.04.2006","Waste","Waste","Waste","Steam turbine","OPSD (2018)",0.33,"OPSD (2018)",21.1,{"$f":"(1-VLOOKUP(O254,Start!$H$33:$I$40,2,FALSE)/100)*T254","v":17.935000000000002},{"$f":"VLOOKUP(N254,Start!$C$9:$D$15,2,FALSE)+VLOOKUP(N254,Start!$C$23:$D$29,2,FALSE)","v":0},{"$f":"(V254/R254)+Start!$D$19*(VLOOKUP(N254,Start!$M$33:$N$39,2,FALSE)/R254)+VLOOKUP(O254,Start!$C$33:$D$40,2,FALSE)","v":1}]
[null,null,"Yes","BNA0752","Energieversorgung Oberhausen AG","HKW 1",46045,"Oberhausen",null,"Nordrhein-Westfalen","HKW 1","20.01.1971","Gas","Gas","CCGT","Steam turbine","OPSD (2018)",0.35310000000000002,"OPSD (2018)",23.1,{"$f":"(1-VLOOKUP(O255,Start!$H$33:$I$40,2,FALSE)/100)*T255","v":20.097000000000001},{"$f":"VLOOKUP(N255,Start!$C$9:$D$15,2,FALSE)+VLOOKUP(N255,Start!$C$23:$D$29,2,FALSE)","v":10.67},{"$f":"(V255/R255)+Start!$D$19*(VLOOKUP(N255,Start!$M$33:$N$39,2,FALSE)/R255)+VLOOKUP(O255,Start!$C$33:$D$40,2,FALSE)","v":45.812546020957235}]
[null,null,"Yes","BNA0755a","Kraftwerk Obernburg GmbH","Obernburg",63784,"Obernburg",null,"Bayern",2,"01.10.1920","Gas","Gas","CCGT","Combined cycle","OPSD (2018)",0.18,"OPSD (2018)",40,{"$f":"(1-VLOOKUP(O256,Start!$H$33:$I$40,2,FALSE)/100)*T256","v":34.799999999999997},{"$f":"VLOOKUP(N256,Start!$C$9:$D$15,2,FALSE)+VLOOKUP(N256,Start!$C$23:$D$29,2,FALSE)","v":10.67},{"$f":"(V256/R256)+Start!$D$19*(VLOOKUP(N256,Start!$M$33:$N$39,2,FALSE)/R256)+VLOOKUP(O256,Start!$C$33:$D$40,2,FALSE)","v":88.426444444444456}]
[null,null,"Yes","BNA0755b","Kraftwerk Obernburg GmbH","Obernburg",63784,"Obernburg",null,"Bayern",1,"01.01.1995","Gas","Gas","CCGT","Combined cycle","OPSD (2018)",0.51749999999999996,"OPSD (2018)",60,{"$f":"(1-VLOOKUP(O257,Start!$H$33:$I$40,2,FALSE)/100)*T257","v":52.2},{"$f":"VLOOKUP(N257,Start!$C$9:$D$15,2,FALSE)+VLOOKUP(N257,Start!$C$23:$D$29,2,FALSE)","v":10.67},{"$f":"(V257/R257)+Start!$D$19*(VLOOKUP(N257,Start!$M$33:$N$39,2,FALSE)/R257)+VLOOKUP(O257,Start!$C$33:$D$40,2,FALSE)","v":31.735285024154592}]
[null,null,"Yes","BNA0758","Energieversorgung Offenbach AG","Heizkraftwerk Offenbach",63067,"Offenbach",null,"Hessen",null,"15.02.1990","Multiple","Coal","Coal","Steam turbine","OPSD (2018)",0.4,"OPSD (2018)",54,{"$f":"(1-VLOOKUP(O258,Start!$H$33:$I$40,2,FALSE)/100)*T258","v":40.5},{"$f":"VLOOKUP(N258,Start!$C$9:$D$15,2,FALSE)+VLOOKUP(N258,Start!$C$23:$D$29,2,FALSE)","v":7.5},{"$f":"(V258/R258)+Start!$D$19*(VLOOKUP(N258,Start!$M$33:$N$39,2,FALSE)/R258)+VLOOKUP(O258,Start!$C$33:$D$40,2,FALSE)","v":40.910299999999999}]
[null,null,"Yes","BNA0759","Uniper Kraftwerke GmbH ","Itzehoe",25588,"Oldendorf",null,"Schleswig-Holstein",null,"01.01.1972","Petroleum","Oil","Oil","Steam turbine","OPSD (2018)",0.35420000000000001,"OPSD (2018)",88,{"$f":"(1-VLOOKUP(O259,Start!$H$33:$I$40,2,FALSE)/100)*T259","v":74.8},{"$f":"VLOOKUP(N259,Start!$C$9:$D$15,2,FALSE)+VLOOKUP(N259,Start!$C$23:$D$29,2,FALSE)","v":23.2},{"$f":"(V259/R259)+Start!$D$19*(VLOOKUP(N259,Start!$M$33:$N$39,2,FALSE)/R259)+VLOOKUP(O259,Start!$C$33:$D$40,2,FALSE)","v":86.072840203274978}]
[null,null,"Yes","BNA0766","Uniper Kraftwerke GmbH ","Audorf",24783,"Osterrönfeld",null,"Schleswig-Holstein",null,"01.01.1973","Petroleum","Oil","Oil","Steam turbine","OPSD (2018)",0.3553,"OPSD (2018)",87,{"$f":"(1-VLOOKUP(O260,Start!$H$33:$I$40,2,FALSE)/100)*T260","v":73.95},{"$f":"VLOOKUP(N260,Start!$C$9:$D$15,2,FALSE)+VLOOKUP(N260,Start!$C$23:$D$29,2,FALSE)","v":23.2},{"$f":"(V260/R260)+Start!$D$19*(VLOOKUP(N260,Start!$M$33:$N$39,2,FALSE)/R260)+VLOOKUP(O260,Start!$C$33:$D$40,2,FALSE)","v":85.809456797072897}]
[null,null,"Yes","BNA0785","Lausitz Energie Kraftwerke AG","KW Jänschwalde",3185,"Peitz","Kraftwerksstraße","Brandenburg","A","01.10.1981","Lignite","Lignite","Lignite","Steam turbine","OPSD (2018)",0.39040000000000002,"OPSD (2018)",465,{"$f":"(1-VLOOKUP(O261,Start!$H$33:$I$40,2,FALSE)/100)*T261","v":404.55},{"$f":"VLOOKUP(N261,Start!$C$9:$D$15,2,FALSE)+VLOOKUP(N261,Start!$C$23:$D$29,2,FALSE)","v":3.1},{"$f":"(V261/R261)+Start!$D$19*(VLOOKUP(N261,Start!$M$33:$N$39,2,FALSE)/R261)+VLOOKUP(O261,Start!$C$33:$D$40,2,FALSE)","v":35.263114754098368}]
[null,null,"Yes","BNA0786","Lausitz Energie Kraftwerke AG","KW Jänschwalde",3185,"Peitz","Kraftwerksstraße","Brandenburg","B","29.11.1982","Lignite","Lignite","Lignite","Steam turbine","OPSD (2018)",0.39040000000000002,"OPSD (2018)",465,{"$f":"(1-VLOOKUP(O262,Start!$H$33:$I$40,2,FALSE)/100)*T262","v":404.55},{"$f":"VLOOKUP(N262,Start!$C$9:$D$15,2,FALSE)+VLOOKUP(N262,Start!$C$23:$D$29,2,FALSE)","v":3.1},{"$f":"(V262/R262)+Start!$D$19*(VLOOKUP(N262,Start!$M$33:$N$39,2,FALSE)/R262)+VLOOKUP(O262,Start!$C$33:$D$40,2,FALSE)","v":35.263114754098368}]
[null,null,"Yes","BNA0787","Lausitz Energie Kraftwerke AG","KW Jänschwalde",3185,"Peitz","Kraftwerksstraße","Brandenburg","C","01.02.1984","Lignite","Lignite","Lignite","Steam turbine","OPSD (2018)",0.39040000000000002,"OPSD (2018)",465,{"$f":"(1-VLOOKUP(O263,Start!$H$33:$I$40,2,FALSE)/100)*T263","v":404.55},{"$f":"VLOOKUP(N263,Start!$C$9:$D$15,2,FALSE)+VLOOKUP(N263,Start!$C$23:$D$29,2,FALSE)","v":3.1},{"$f":"(V263/R263)+Start!$D$19*(VLOOKUP(N263,Start!$M$33:$N$39,2,FALSE)/R263)+VLOOKUP(O263,Start!$C$33:$D$40,2,FALSE)","v":35.263114754098368}]
[null,null,"Yes","BNA0788","Lausitz Energie Kraftwerke AG","KW Jänschwalde",3185,"Peitz","Kraftwerksstraße","Brandenburg","D","06.10.1985","Lignite","Lignite","Lignite","Steam turbine","OPSD (2018)",0.39040000000000002,"OPSD (2018)",465,{"$f":"(1-VLOOKUP(O264,Start!$H$33:$I$40,2,FALSE)/100)*T264","v":404.55},{"$f":"VLOOKUP(N264,Start!$C$9:$D$15,2,FALSE)+VLOOKUP(N264,Start!$C$23:$D$29,2,FALSE)","v":3.1},{"$f":"(V264/R264)+Start!$D$19*(VLOOKUP(N264,Start!$M$33:$N$39,2,FALSE)/R264)+VLOOKUP(O264,Start!$C$33:$D$40,2,FALSE)","v":35.263114754098368}]
[null,null,"Yes","BNA0793","Uniper Kraftwerke GmbH ","Heyden",32469,"Petershagen",null,"Nordrhein-Westfalen",4,"01.01.1987","Coal","Coal","Coal","Steam turbine","OPSD (2018)",0.39250000000000002,"OPSD (2018)",875,{"$f":"(1-VLOOKUP(O265,Start!$H$33:$I$40,2,FALSE)/100)*T265","v":656.25},{"$f":"VLOOKUP(N265,Start!$C$9:$D$15,2,FALSE)+VLOOKUP(N265,Start!$C$23:$D$29,2,FALSE)","v":7.5},{"$f":"(V265/R265)+Start!$D$19*(VLOOKUP(N265,Start!$M$33:$N$39,2,FALSE)/R265)+VLOOKUP(O265,Start!$C$33:$D$40,2,FALSE)","v":41.667184713375789}]
[null,null,"Yes","BNA0800","Heizkraftwerk Pforzheim GmbH","Heizkraftwerk Pforzheim GmbH",75175,"Pforzheim","Hohwiesenweg 15","Baden-Württemberg","Kombiblock/GuD","14.11.1980","Multiple","Gas","CCGT","Combined cycle","OPSD (2018)",0.45,"OPSD (2018)",41.2,{"$f":"(1-VLOOKUP(O266,Start!$H$33:$I$40,2,FALSE)/100)*T266","v":35.844000000000001},{"$f":"VLOOKUP(N266,Start!$C$9:$D$15,2,FALSE)+VLOOKUP(N266,Start!$C$23:$D$29,2,FALSE)","v":10.67},{"$f":"(V266/R266)+Start!$D$19*(VLOOKUP(N266,Start!$M$33:$N$39,2,FALSE)/R266)+VLOOKUP(O266,Start!$C$33:$D$40,2,FALSE)","v":36.270577777777781}]
[null,null,"Yes","BNA0801","Heizkraftwerk Pforzheim GmbH","Heizkraftwerk Pforzheim GmbH",75175,"Pforzheim","Hohwiesenweg 15","Baden-Württemberg","Wirbelschichtblock","18.01.1990","Multiple","Coal","Coal","Steam turbine","OPSD (2018)",0.4,"OPSD (2018)",26.9,{"$f":"(1-VLOOKUP(O267,Start!$H$33:$I$40,2,FALSE)/100)*T267","v":20.174999999999997},{"$f":"VLOOKUP(N267,Start!$C$9:$D$15,2,FALSE)+VLOOKUP(N267,Start!$C$23:$D$29,2,FALSE)","v":7.5},{"$f":"(V267/R267)+Start!$D$19*(VLOOKUP(N267,Start!$M$33:$N$39,2,FALSE)/R267)+VLOOKUP(O267,Start!$C$33:$D$40,2,FALSE)","v":40.910299999999999}]
[null,null,"Yes","BNA0804","K+S AG","Hattorf",36269,"Philippsthal",null,"Hessen","Hattorf","01.01.2013","Gas","Gas","CCGT","Steam turbine","OPSD (2018)",0.39929999999999999,"OPSD (2018)",52,{"$f":"(1-VLOOKUP(O268,Start!$H$33:$I$40,2,FALSE)/100)*T268","v":45.24},{"$f":"VLOOKUP(N268,Start!$C$9:$D$15,2,FALSE)+VLOOKUP(N268,Start!$C$23:$D$29,2,FALSE)","v":10.67},{"$f":"(V268/R268)+Start!$D$19*(VLOOKUP(N268,Start!$M$33:$N$39,2,FALSE)/R268)+VLOOKUP(O268,Start!$C$33:$D$40,2,FALSE)","v":40.685474580515901}]
[null,null,"Yes","BNA0805","Kraftwerk Platting GmbH","Kraftwerk Plattling",94447,"Plattling",null,"Bayern",null,"20.04.2010","Gas","Gas","CCGT","Combined cycle","OPSD (2018)",0.58499999999999996,"OPSD (2018)",118.5,{"$f":"(1-VLOOKUP(O269,Start!$H$33:$I$40,2,FALSE)/100)*T269","v":103.095},{"$f":"VLOOKUP(N269,Start!$C$9:$D$15,2,FALSE)+VLOOKUP(N269,Start!$C$23:$D$29,2,FALSE)","v":10.67},{"$f":"(V269/R269)+Start!$D$19*(VLOOKUP(N269,Start!$M$33:$N$39,2,FALSE)/R269)+VLOOKUP(O269,Start!$C$33:$D$40,2,FALSE)","v":28.246598290598293}]
[null,null,"Yes","BNA0814","Energie und Wasser Potsdam GmbH","HKW Potsdam-Süd",14478,"Potsdam",null,"Brandenburg","Gesamtanlage","01.01.1996","Gas","Gas","CCGT","Steam turbine","OPSD (2018)",0.38059999999999999,"OPSD (2018)",81.8,{"$f":"(1-VLOOKUP(O270,Start!$H$33:$I$40,2,FALSE)/100)*T270","v":71.165999999999997},{"$f":"VLOOKUP(N270,Start!$C$9:$D$15,2,FALSE)+VLOOKUP(N270,Start!$C$23:$D$29,2,FALSE)","v":10.67},{"$f":"(V270/R270)+Start!$D$19*(VLOOKUP(N270,Start!$M$33:$N$39,2,FALSE)/R270)+VLOOKUP(O270,Start!$C$33:$D$40,2,FALSE)","v":42.610772464529688}]
[null,null,"Yes","BNA0832","FairEnergie GmbH","BHKW-Hauffstraße",72762,"Reutlingen","Hauffstraße 89 m","Baden-Württemberg","Motorenanlage","21.02.2011","Gas","Gas","CCGT","Combustion Engine","OPSD (2018)",0.45739999999999997,"OPSD (2018)",9.84,{"$f":"(1-VLOOKUP(O271,Start!$H$33:$I$40,2,FALSE)/100)*T271","v":8.5608000000000004},{"$f":"VLOOKUP(N271,Start!$C$9:$D$15,2,FALSE)+VLOOKUP(N271,Start!$C$23:$D$29,2,FALSE)","v":10.67},{"$f":"(V271/R271)+Start!$D$19*(VLOOKUP(N271,Start!$M$33:$N$39,2,FALSE)/R271)+VLOOKUP(O271,Start!$C$33:$D$40,2,FALSE)","v":35.708045474420643}]
[null,null,"Yes","BNA0834","Solvay Chemicals GmbH","Solvay Kraftwerk Rheinberg",47495,"Rheinberg",null,"Nordrhein-Westfalen",null,"1975","Multiple","Coal","Coal","Steam turbine","OPSD (2018)",0.35749999999999998,"OPSD (2018)",79,{"$f":"(1-VLOOKUP(O272,Start!$H$33:$I$40,2,FALSE)/100)*T272","v":59.25},{"$f":"VLOOKUP(N272,Start!$C$9:$D$15,2,FALSE)+VLOOKUP(N272,Start!$C$23:$D$29,2,FALSE)","v":7.5},{"$f":"(V272/R272)+Start!$D$19*(VLOOKUP(N272,Start!$M$33:$N$39,2,FALSE)/R272)+VLOOKUP(O272,Start!$C$33:$D$40,2,FALSE)","v":45.619216783216785}]
[null,null,"Yes","BNA0842a","Stadtwerke Rosenheim GmbH & Co. KG","Gasmotore",83022,"Rosenheim","Färberstraße 47","Bayern","Gasmotore 1-3","01.08.2011","Gas","Gas","CCGT","Combustion Engine","OPSD (2018)",0.45739999999999997,"OPSD (2018)",9.81,{"$f":"(1-VLOOKUP(O273,Start!$H$33:$I$40,2,FALSE)/100)*T273","v":8.5347000000000008},{"$f":"VLOOKUP(N273,Start!$C$9:$D$15,2,FALSE)+VLOOKUP(N273,Start!$C$23:$D$29,2,FALSE)","v":10.67},{"$f":"(V273/R273)+Start!$D$19*(VLOOKUP(N273,Start!$M$33:$N$39,2,FALSE)/R273)+VLOOKUP(O273,Start!$C$33:$D$40,2,FALSE)","v":35.708045474420643}]
[null,null,"Yes","BNA0842b","Stadtwerke Rosenheim GmbH & Co. KG","Gasmotor 4",83022,"Rosenheim","Färberstraße 47","Bayern","Gasmotor 4","10.04.2013","Gas","Gas","CCGT","Combustion Engine","OPSD (2018)",0.4602,"OPSD (2018)",9.1999999999999993,{"$f":"(1-VLOOKUP(O274,Start!$H$33:$I$40,2,FALSE)/100)*T274","v":8.0039999999999996},{"$f":"VLOOKUP(N274,Start!$C$9:$D$15,2,FALSE)+VLOOKUP(N274,Start!$C$23:$D$29,2,FALSE)","v":10.67},{"$f":"(V274/R274)+Start!$D$19*(VLOOKUP(N274,Start!$M$33:$N$39,2,FALSE)/R274)+VLOOKUP(O274,Start!$C$33:$D$40,2,FALSE)","v":35.499913081269014}]
[null,null,"Yes","BNA0843","Stadtwerke Rosenheim GmbH & Co. KG","Gasmotor 5",83026,"Rosenheim","Oberaustraße 12","Bayern","Gasmotor 5","20.12.2012","Gas","Gas","CCGT","Combustion Engine","OPSD (2018)",0.45879999999999999,"OPSD (2018)",4.3,{"$f":"(1-VLOOKUP(O275,Start!$H$33:$I$40,2,FALSE)/100)*T275","v":3.7409999999999997},{"$f":"VLOOKUP(N275,Start!$C$9:$D$15,2,FALSE)+VLOOKUP(N275,Start!$C$23:$D$29,2,FALSE)","v":10.67},{"$f":"(V275/R275)+Start!$D$19*(VLOOKUP(N275,Start!$M$33:$N$39,2,FALSE)/R275)+VLOOKUP(O275,Start!$C$33:$D$40,2,FALSE)","v":35.603661726242372}]
[null,null,"Yes","BNA0845","Stadtwerke Rosenheim GmbH & Co. KG","MHKW, WKW",83022,"Rosenheim","Färberstraße 47","Bayern","T1a/b, T2","01.01.1988","Multiple","Waste","Waste","Steam turbine","OPSD (2018)",0.33,"OPSD (2018)",9,{"$f":"(1-VLOOKUP(O276,Start!$H$33:$I$40,2,FALSE)/100)*T276","v":7.6499999999999995},{"$f":"VLOOKUP(N276,Start!$C$9:$D$15,2,FALSE)+VLOOKUP(N276,Start!$C$23:$D$29,2,FALSE)","v":0},{"$f":"(V276/R276)+Start!$D$19*(VLOOKUP(N276,Start!$M$33:$N$39,2,FALSE)/R276)+VLOOKUP(O276,Start!$C$33:$D$40,2,FALSE)","v":1}]
[null,null,"Yes","BNA0848","Stadtwerke Rostock AG","GuD Marienehe",18069,"Rostock",null,"Mecklenburg-Vorpommern",null,"13.06.1996","Gas","Gas","CCGT","Combined cycle","OPSD (2018)",0.52200000000000002,"OPSD (2018)",108,{"$f":"(1-VLOOKUP(O277,Start!$H$33:$I$40,2,FALSE)/100)*T277","v":93.96},{"$f":"VLOOKUP(N277,Start!$C$9:$D$15,2,FALSE)+VLOOKUP(N277,Start!$C$23:$D$29,2,FALSE)","v":10.67},{"$f":"(V277/R277)+Start!$D$19*(VLOOKUP(N277,Start!$M$33:$N$39,2,FALSE)/R277)+VLOOKUP(O277,Start!$C$33:$D$40,2,FALSE)","v":31.474636015325672}]
[null,null,"Yes","BNA0849","EnBW Energie Baden-Württemberg AG","KNG Kraftwerk Rostock",18147,"Rostock","Am Kühlturm 1","Mecklenburg-Vorpommern","Rostock","01.10.1994","Coal","Coal","Coal","Steam turbine","OPSD (2018)",0.41,"OPSD (2018)",514,{"$f":"(1-VLOOKUP(O278,Start!$H$33:$I$40,2,FALSE)/100)*T278","v":385.5},{"$f":"VLOOKUP(N278,Start!$C$9:$D$15,2,FALSE)+VLOOKUP(N278,Start!$C$23:$D$29,2,FALSE)","v":7.5},{"$f":"(V278/R278)+Start!$D$19*(VLOOKUP(N278,Start!$M$33:$N$39,2,FALSE)/R278)+VLOOKUP(O278,Start!$C$33:$D$40,2,FALSE)","v":39.944195121951225}]
[null,null,"Yes","BNA0855","Steag GmbH","IKW Rüdersdorf",15562,"Rüdersdorf bei Berlin","Siedlerweg 11","Brandenburg",null,"15.12.2009","Waste","Waste","Waste","Steam turbine","OPSD (2018)",0.33,"OPSD (2018)",30,{"$f":"(1-VLOOKUP(O279,Start!$H$33:$I$40,2,FALSE)/100)*T279","v":25.5},{"$f":"VLOOKUP(N279,Start!$C$9:$D$15,2,FALSE)+VLOOKUP(N279,Start!$C$23:$D$29,2,FALSE)","v":0},{"$f":"(V279/R279)+Start!$D$19*(VLOOKUP(N279,Start!$M$33:$N$39,2,FALSE)/R279)+VLOOKUP(O279,Start!$C$33:$D$40,2,FALSE)","v":1}]
[null,null,"Yes","BNA0856","TWS Thüringer Wärme Service GmbH","HKW Schwarza",7407,"Rudolstadt",null,"Thüringen",null,"01.08.1936","Multiple","Gas","CCGT","Steam turbine","OPSD (2018)",0.31459999999999999,"OPSD (2018)",26.5,{"$f":"(1-VLOOKUP(O280,Start!$H$33:$I$40,2,FALSE)/100)*T280","v":23.055},{"$f":"VLOOKUP(N280,Start!$C$9:$D$15,2,FALSE)+VLOOKUP(N280,Start!$C$23:$D$29,2,FALSE)","v":10.67},{"$f":"(V280/R280)+Start!$D$19*(VLOOKUP(N280,Start!$M$33:$N$39,2,FALSE)/R280)+VLOOKUP(O280,Start!$C$33:$D$40,2,FALSE)","v":51.235410044500959}]
[null,null,"Yes","BNA0857","Opel Automobile GmbH ","GuD-Anlage Rüsselsheim",65429,"Rüsselheim",null,"Hessen","M120","10.09.1999","Gas","Gas","CCGT","Combined cycle","OPSD (2018)",0.53549999999999998,"OPSD (2018)",112.1,{"$f":"(1-VLOOKUP(O281,Start!$H$33:$I$40,2,FALSE)/100)*T281","v":97.527000000000001},{"$f":"VLOOKUP(N281,Start!$C$9:$D$15,2,FALSE)+VLOOKUP(N281,Start!$C$23:$D$29,2,FALSE)","v":10.67},{"$f":"(V281/R281)+Start!$D$19*(VLOOKUP(N281,Start!$M$33:$N$39,2,FALSE)/R281)+VLOOKUP(O281,Start!$C$33:$D$40,2,FALSE)","v":30.718972922502338}]
[null,null,"Yes","BNA0861a","Energie SaarLorLux AG","HKW Römerbrücke",66121,"Saarbrücken",null,"Saarland","GuD-Anlage","01.06.2005","Multiple","Gas","CCGT","Combined cycle","OPSD (2018)",0.5625,"OPSD (2018)",75,{"$f":"(1-VLOOKUP(O282,Start!$H$33:$I$40,2,FALSE)/100)*T282","v":65.25},{"$f":"VLOOKUP(N282,Start!$C$9:$D$15,2,FALSE)+VLOOKUP(N282,Start!$C$23:$D$29,2,FALSE)","v":10.67},{"$f":"(V282/R282)+Start!$D$19*(VLOOKUP(N282,Start!$M$33:$N$39,2,FALSE)/R282)+VLOOKUP(O282,Start!$C$33:$D$40,2,FALSE)","v":29.316462222222221}]
[null,null,"Yes","BNA0861b","Energie SaarLorLux AG","HKW Römerbrücke",66121,"Saarbrücken",null,"Saarland","Kohleanlage","01.07.1989","Coal","Coal","Coal","Steam turbine","OPSD (2018)",0.4375,"OPSD (2018)",50,{"$f":"(1-VLOOKUP(O283,Start!$H$33:$I$40,2,FALSE)/100)*T283","v":37.5},{"$f":"VLOOKUP(N283,Start!$C$9:$D$15,2,FALSE)+VLOOKUP(N283,Start!$C$23:$D$29,2,FALSE)","v":7.5},{"$f":"(V283/R283)+Start!$D$19*(VLOOKUP(N283,Start!$M$33:$N$39,2,FALSE)/R283)+VLOOKUP(O283,Start!$C$33:$D$40,2,FALSE)","v":37.515131428571429}]
[null,null,"Yes","BNA0863","Salzgitter Flachstahl GmbH","Kraftwerk Salzgitter",38239,"Salzgitter",null,"Niedersachsen","AB","01.07.1939","Other","Gas","CCGT","Steam turbine","OPSD (2018)",0.4,"https://www.salzgitter-flachstahl.de/de/news/artikel-der-salzgitter-flachstahl-gmbh/2018-06-27/energie-der-zukunft.html",94.5,{"$f":"(1-VLOOKUP(O284,Start!$H$33:$I$40,2,FALSE)/100)*T284","v":82.215000000000003},{"$f":"VLOOKUP(N284,Start!$C$9:$D$15,2,FALSE)+VLOOKUP(N284,Start!$C$23:$D$29,2,FALSE)","v":10.67},{"$f":"(V284/R284)+Start!$D$19*(VLOOKUP(N284,Start!$M$33:$N$39,2,FALSE)/R284)+VLOOKUP(O284,Start!$C$33:$D$40,2,FALSE)","v":40.616899999999994}]
[null,null,"Yes","BNA0864","Salzgitter Flachstahl GmbH","Kraftwerk Salzgitter",38239,"Salzgitter",null,"Niedersachsen","Block 1","15.06.2010","Other","Gas","CCGT","Steam turbine","OPSD (2018)",0.39600000000000002,"Assumption based on DIW (2014)",97,{"$f":"(1-VLOOKUP(O285,Start!$H$33:$I$40,2,FALSE)/100)*T285","v":84.39},{"$f":"VLOOKUP(N285,Start!$C$9:$D$15,2,FALSE)+VLOOKUP(N285,Start!$C$23:$D$29,2,FALSE)","v":10.67},{"$f":"(V285/R285)+Start!$D$19*(VLOOKUP(N285,Start!$M$33:$N$39,2,FALSE)/R285)+VLOOKUP(O285,Start!$C$33:$D$40,2,FALSE)","v":41.012020202020203}]
[null,null,"Yes","BNA0865b","Salzgitter Flachstahl GmbH","Kraftwerk Salzgitter",38239,"Salzgitter",null,"Niedersachsen","Block 2","15.08.2010","Other","Gas","CCGT","Steam turbine","OPSD (2018)",0.39600000000000002,"Assumption based on DIW (2014)",97,{"$f":"(1-VLOOKUP(O286,Start!$H$33:$I$40,2,FALSE)/100)*T286","v":84.39},{"$f":"VLOOKUP(N286,Start!$C$9:$D$15,2,FALSE)+VLOOKUP(N286,Start!$C$23:$D$29,2,FALSE)","v":10.67},{"$f":"(V286/R286)+Start!$D$19*(VLOOKUP(N286,Start!$M$33:$N$39,2,FALSE)/R286)+VLOOKUP(O286,Start!$C$33:$D$40,2,FALSE)","v":41.012020202020203}]
[null,null,"Yes","BNA0878","Uniper Kraftwerke GmbH ","Schkopau",6258,"Schkopau",null,"Sachsen-Anhalt","A","01.01.1996","Lignite","Lignite","Lignite","Steam turbine","OPSD (2018)",0.39040000000000002,"OPSD (2018)",450,{"$f":"(1-VLOOKUP(O287,Start!$H$33:$I$40,2,FALSE)/100)*T287","v":391.5},{"$f":"VLOOKUP(N287,Start!$C$9:$D$15,2,FALSE)+VLOOKUP(N287,Start!$C$23:$D$29,2,FALSE)","v":3.1},{"$f":"(V287/R287)+Start!$D$19*(VLOOKUP(N287,Start!$M$33:$N$39,2,FALSE)/R287)+VLOOKUP(O287,Start!$C$33:$D$40,2,FALSE)","v":35.263114754098368}]
[null,null,"Yes","BNA0879","Uniper Kraftwerke GmbH ","Schkopau",6258,"Schkopau",null,"Sachsen-Anhalt","B","01.01.1996","Lignite","Lignite","Lignite","Steam turbine","OPSD (2018)",0.39040000000000002,"OPSD (2018)",450,{"$f":"(1-VLOOKUP(O288,Start!$H$33:$I$40,2,FALSE)/100)*T288","v":391.5},{"$f":"VLOOKUP(N288,Start!$C$9:$D$15,2,FALSE)+VLOOKUP(N288,Start!$C$23:$D$29,2,FALSE)","v":3.1},{"$f":"(V288/R288)+Start!$D$19*(VLOOKUP(N288,Start!$M$33:$N$39,2,FALSE)/R288)+VLOOKUP(O288,Start!$C$33:$D$40,2,FALSE)","v":35.263114754098368}]
[null,null,"Yes","BNA0893","BASF Schwarzheide GmbH","GuD Schwarzheide",1987,"Schwarzheide","Schipkauer Str.1","Brandenburg",null,"01.10.1994","Multiple","Gas","CCGT","Combined cycle","OPSD (2018)",0.51300000000000001,"OPSD (2018)",122,{"$f":"(1-VLOOKUP(O289,Start!$H$33:$I$40,2,FALSE)/100)*T289","v":106.14},{"$f":"VLOOKUP(N289,Start!$C$9:$D$15,2,FALSE)+VLOOKUP(N289,Start!$C$23:$D$29,2,FALSE)","v":10.67},{"$f":"(V289/R289)+Start!$D$19*(VLOOKUP(N289,Start!$M$33:$N$39,2,FALSE)/R289)+VLOOKUP(O289,Start!$C$33:$D$40,2,FALSE)","v":32.000506822612081}]
[null,null,"Yes","BNA0894a","PCK Raffinerie GmbH","IKS PCK Schwedt",16303,"PCK Schwedt",null,"Brandenburg","Block 5 SE 5","27.01.1972","Petroleum","Oil","Oil","Steam turbine","OPSD (2018)",0.35420000000000001,"OPSD (2018)",28,{"$f":"(1-VLOOKUP(O290,Start!$H$33:$I$40,2,FALSE)/100)*T290","v":23.8},{"$f":"VLOOKUP(N290,Start!$C$9:$D$15,2,FALSE)+VLOOKUP(N290,Start!$C$23:$D$29,2,FALSE)","v":23.2},{"$f":"(V290/R290)+Start!$D$19*(VLOOKUP(N290,Start!$M$33:$N$39,2,FALSE)/R290)+VLOOKUP(O290,Start!$C$33:$D$40,2,FALSE)","v":86.072840203274978}]
[null,null,"Yes","BNA0894b","PCK Raffinerie GmbH","IKS PCK Schwedt",16303,"PCK Schwedt",null,"Brandenburg","Block 6 SE 6","10.01.1994","Petroleum","Oil","Oil","Steam turbine","OPSD (2018)",0.37840000000000001,"OPSD (2018)",34.5,{"$f":"(1-VLOOKUP(O291,Start!$H$33:$I$40,2,FALSE)/100)*T291","v":29.324999999999999},{"$f":"VLOOKUP(N291,Start!$C$9:$D$15,2,FALSE)+VLOOKUP(N291,Start!$C$23:$D$29,2,FALSE)","v":23.2},{"$f":"(V291/R291)+Start!$D$19*(VLOOKUP(N291,Start!$M$33:$N$39,2,FALSE)/R291)+VLOOKUP(O291,Start!$C$33:$D$40,2,FALSE)","v":80.632135306553906}]
[null,null,"Yes","BNA0894c","PCK Raffinerie GmbH","IKS PCK Schwedt",16303,"PCK Schwedt",null,"Brandenburg","Block 1 SE 1","04.06.1998","Petroleum","Oil","Oil","Steam turbine","OPSD (2018)",0.38279999999999997,"OPSD (2018)",106,{"$f":"(1-VLOOKUP(O292,Start!$H$33:$I$40,2,FALSE)/100)*T292","v":90.1},{"$f":"VLOOKUP(N292,Start!$C$9:$D$15,2,FALSE)+VLOOKUP(N292,Start!$C$23:$D$29,2,FALSE)","v":23.2},{"$f":"(V292/R292)+Start!$D$19*(VLOOKUP(N292,Start!$M$33:$N$39,2,FALSE)/R292)+VLOOKUP(O292,Start!$C$33:$D$40,2,FALSE)","v":79.716823406478582}]
[null,null,"Yes","BNA0894d","PCK Raffinerie GmbH","IKS PCK Schwedt",16303,"PCK Schwedt",null,"Brandenburg","Block 2 SE 2","23.07.1998","Petroleum","Oil","Oil","Steam turbine","OPSD (2018)",0.38279999999999997,"OPSD (2018)",106,{"$f":"(1-VLOOKUP(O293,Start!$H$33:$I$40,2,FALSE)/100)*T293","v":90.1},{"$f":"VLOOKUP(N293,Start!$C$9:$D$15,2,FALSE)+VLOOKUP(N293,Start!$C$23:$D$29,2,FALSE)","v":23.2},{"$f":"(V293/R293)+Start!$D$19*(VLOOKUP(N293,Start!$M$33:$N$39,2,FALSE)/R293)+VLOOKUP(O293,Start!$C$33:$D$40,2,FALSE)","v":79.716823406478582}]
[null,null,"Yes","BNA0894e","PCK Raffinerie GmbH","IKS PCK Schwedt",16303,"PCK Schwedt",null,"Brandenburg","SE 4","04.09.2011","Petroleum","Oil","Oil","Steam turbine","OPSD (2018)",0.39710000000000001,"OPSD (2018)",59,{"$f":"(1-VLOOKUP(O294,Start!$H$33:$I$40,2,FALSE)/100)*T294","v":50.15},{"$f":"VLOOKUP(N294,Start!$C$9:$D$15,2,FALSE)+VLOOKUP(N294,Start!$C$23:$D$29,2,FALSE)","v":23.2},{"$f":"(V294/R294)+Start!$D$19*(VLOOKUP(N294,Start!$M$33:$N$39,2,FALSE)/R294)+VLOOKUP(O294,Start!$C$33:$D$40,2,FALSE)","v":76.882145555275741}]
[null,null,"Yes","BNA0895","GKS Gemeinschaftskraftwerk Schweinfurt GmbH","GKS",97424,"Schweinfurt","Hafenstraße 30","Bayern","entfällt","01.06.1990","Multiple","Waste","Waste","Steam turbine","OPSD (2018)",0.33,"OPSD (2018)",24.4,{"$f":"(1-VLOOKUP(O295,Start!$H$33:$I$40,2,FALSE)/100)*T295","v":20.74},{"$f":"VLOOKUP(N295,Start!$C$9:$D$15,2,FALSE)+VLOOKUP(N295,Start!$C$23:$D$29,2,FALSE)","v":0},{"$f":"(V295/R295)+Start!$D$19*(VLOOKUP(N295,Start!$M$33:$N$39,2,FALSE)/R295)+VLOOKUP(O295,Start!$C$33:$D$40,2,FALSE)","v":1}]
[null,null,"Yes","BNA0896","Energieversorgung Schwerin GmbH & Co. Erzeugung KG","HKW Schwerin Süd",19061,"Schwerin",null,"Mecklenburg-Vorpommern",null,"01.12.1994","Multiple","Gas","CCGT","Steam turbine","OPSD (2018)",0.37840000000000001,"OPSD (2018)",44.9,{"$f":"(1-VLOOKUP(O296,Start!$H$33:$I$40,2,FALSE)/100)*T296","v":39.062999999999995},{"$f":"VLOOKUP(N296,Start!$C$9:$D$15,2,FALSE)+VLOOKUP(N296,Start!$C$23:$D$29,2,FALSE)","v":10.67},{"$f":"(V296/R296)+Start!$D$19*(VLOOKUP(N296,Start!$M$33:$N$39,2,FALSE)/R296)+VLOOKUP(O296,Start!$C$33:$D$40,2,FALSE)","v":42.849788583509508}]
[null,null,"Yes","BNA0897","Energieversorgung Schwerin GmbH & Co. Erzeugung KG","HKW Schwerin Lankow",19057,"Schwerin",null,"Mecklenburg-Vorpommern",null,"01.12.1994","Multiple","Gas","CCGT","Steam turbine","OPSD (2018)",0.37840000000000001,"OPSD (2018)",23,{"$f":"(1-VLOOKUP(O297,Start!$H$33:$I$40,2,FALSE)/100)*T297","v":20.010000000000002},{"$f":"VLOOKUP(N297,Start!$C$9:$D$15,2,FALSE)+VLOOKUP(N297,Start!$C$23:$D$29,2,FALSE)","v":10.67},{"$f":"(V297/R297)+Start!$D$19*(VLOOKUP(N297,Start!$M$33:$N$39,2,FALSE)/R297)+VLOOKUP(O297,Start!$C$33:$D$40,2,FALSE)","v":42.849788583509508}]
[null,null,"Yes","BNA0914","Lausitz Energie Kraftwerke AG","Schwarze Pumpe",3130,"Spremberg","An der alten Ziegelei 1","Brandenburg","A","15.12.1997","Lignite","Lignite","Lignite","Steam turbine","OPSD (2018)",0.39279999999999998,"OPSD (2018)",750,{"$f":"(1-VLOOKUP(O298,Start!$H$33:$I$40,2,FALSE)/100)*T298","v":652.5},{"$f":"VLOOKUP(N298,Start!$C$9:$D$15,2,FALSE)+VLOOKUP(N298,Start!$C$23:$D$29,2,FALSE)","v":3.1},{"$f":"(V298/R298)+Start!$D$19*(VLOOKUP(N298,Start!$M$33:$N$39,2,FALSE)/R298)+VLOOKUP(O298,Start!$C$33:$D$40,2,FALSE)","v":35.058044806517316}]
[null,null,"Yes","BNA0915","Lausitz Energie Kraftwerke AG","Schwarze Pumpe",3130,"Spremberg","An der alten Ziegelei 1","Brandenburg","B","25.05.1998","Lignite","Lignite","Lignite","Steam turbine","OPSD (2018)",0.3952,"OPSD (2018)",750,{"$f":"(1-VLOOKUP(O299,Start!$H$33:$I$40,2,FALSE)/100)*T299","v":652.5},{"$f":"VLOOKUP(N299,Start!$C$9:$D$15,2,FALSE)+VLOOKUP(N299,Start!$C$23:$D$29,2,FALSE)","v":3.1},{"$f":"(V299/R299)+Start!$D$19*(VLOOKUP(N299,Start!$M$33:$N$39,2,FALSE)/R299)+VLOOKUP(O299,Start!$C$33:$D$40,2,FALSE)","v":34.855465587044542}]
[null,null,"Yes","BNA0918b","Dow Deutschland Anlagengesellschaft mbH","Dow Stade",21683,"Stade","Bützflethersand","Niedersachsen","Cogen Dow Stade","01.01.2015","Gas","Gas","CCGT","Combined cycle","OPSD (2018)",0.60750000000000004,"OPSD (2018)",157,{"$f":"(1-VLOOKUP(O300,Start!$H$33:$I$40,2,FALSE)/100)*T300","v":136.59},{"$f":"VLOOKUP(N300,Start!$C$9:$D$15,2,FALSE)+VLOOKUP(N300,Start!$C$23:$D$29,2,FALSE)","v":10.67},{"$f":"(V300/R300)+Start!$D$19*(VLOOKUP(N300,Start!$M$33:$N$39,2,FALSE)/R300)+VLOOKUP(O300,Start!$C$33:$D$40,2,FALSE)","v":27.25598353909465}]
[null,null,"Yes","BNA0922","CIECH Energy Deutschland GmbH","GuD-Ikw Staßfurt",39418,"Staßfurt","Athenslebener Weg 57","Sachsen-Anhalt",null,"01.10.2015","Gas","Gas","CCGT","Combined cycle","OPSD (2018)",0.60750000000000004,"OPSD (2018)",100,{"$f":"(1-VLOOKUP(O301,Start!$H$33:$I$40,2,FALSE)/100)*T301","v":87},{"$f":"VLOOKUP(N301,Start!$C$9:$D$15,2,FALSE)+VLOOKUP(N301,Start!$C$23:$D$29,2,FALSE)","v":10.67},{"$f":"(V301/R301)+Start!$D$19*(VLOOKUP(N301,Start!$M$33:$N$39,2,FALSE)/R301)+VLOOKUP(O301,Start!$C$33:$D$40,2,FALSE)","v":27.25598353909465}]
[null,null,"Yes","BNA0926b","Sappi Stockstadt GmbH","Heizkraftwerk der Sappi Stockstadt GmbH",63811,"Stockstadt","Obernburger Straße 1-9","Bayern","Konventionelles Sammelschienenkraftwerk Turbine 7","01.01.1970","Multiple","Coal","Coal","Steam turbine","OPSD (2018)",0.35,"OPSD (2018)",24.79,{"$f":"(1-VLOOKUP(O302,Start!$H$33:$I$40,2,FALSE)/100)*T302","v":18.592500000000001},{"$f":"VLOOKUP(N302,Start!$C$9:$D$15,2,FALSE)+VLOOKUP(N302,Start!$C$23:$D$29,2,FALSE)","v":7.5},{"$f":"(V302/R302)+Start!$D$19*(VLOOKUP(N302,Start!$M$33:$N$39,2,FALSE)/R302)+VLOOKUP(O302,Start!$C$33:$D$40,2,FALSE)","v":46.568914285714285}]
[null,null,"Yes","BNA0935","EnBW Energie Baden-Württemberg AG","Restmüll-Heizkraftwerk Stuttgart-Münster",70376,"Stuttgart","Voltastraße 45","Baden-Württemberg","MÜN DT12","01.01.1982","Multiple","Coal","Coal","Steam turbine","OPSD (2018)",0.38,"OPSD (2018)",45,{"$f":"(1-VLOOKUP(O303,Start!$H$33:$I$40,2,FALSE)/100)*T303","v":33.75},{"$f":"VLOOKUP(N303,Start!$C$9:$D$15,2,FALSE)+VLOOKUP(N303,Start!$C$23:$D$29,2,FALSE)","v":7.5},{"$f":"(V303/R303)+Start!$D$19*(VLOOKUP(N303,Start!$M$33:$N$39,2,FALSE)/R303)+VLOOKUP(O303,Start!$C$33:$D$40,2,FALSE)","v":42.995052631578943}]
[null,null,"Yes","BNA0936","EnBW Energie Baden-Württemberg AG","Restmüll-Heizkraftwerk Stuttgart-Münster",70376,"Stuttgart","Voltastraße 45","Baden-Württemberg","MÜN DT15","01.01.1984","Multiple","Coal","Coal","Steam turbine","OPSD (2018)",0.38500000000000001,"OPSD (2018)",45,{"$f":"(1-VLOOKUP(O304,Start!$H$33:$I$40,2,FALSE)/100)*T304","v":33.75},{"$f":"VLOOKUP(N304,Start!$C$9:$D$15,2,FALSE)+VLOOKUP(N304,Start!$C$23:$D$29,2,FALSE)","v":7.5},{"$f":"(V304/R304)+Start!$D$19*(VLOOKUP(N304,Start!$M$33:$N$39,2,FALSE)/R304)+VLOOKUP(O304,Start!$C$33:$D$40,2,FALSE)","v":42.453558441558442}]
[null,null,"Yes","BNA0937","EnBW Energie Baden-Württemberg AG","Restmüll-Heizkraftwerk Stuttgart-Münster",70376,"Stuttgart","Voltastraße 45","Baden-Württemberg","MÜN GT16","01.01.1974","Petroleum","Oil","Oil","Gas turbine","OPSD (2018)",0.31240000000000001,"OPSD (2018)",23.3,{"$f":"(1-VLOOKUP(O305,Start!$H$33:$I$40,2,FALSE)/100)*T305","v":19.805},{"$f":"VLOOKUP(N305,Start!$C$9:$D$15,2,FALSE)+VLOOKUP(N305,Start!$C$23:$D$29,2,FALSE)","v":23.2},{"$f":"(V305/R305)+Start!$D$19*(VLOOKUP(N305,Start!$M$33:$N$39,2,FALSE)/R305)+VLOOKUP(O305,Start!$C$33:$D$40,2,FALSE)","v":97.455825864276562}]
[null,null,"Yes","BNA0938","EnBW Energie Baden-Württemberg AG","Restmüll-Heizkraftwerk Stuttgart-Münster",70376,"Stuttgart","Voltastraße 45","Baden-Württemberg","MÜN GT17","01.01.1974","Petroleum","Oil","Oil","Gas turbine","OPSD (2018)",0.31240000000000001,"OPSD (2018)",23.3,{"$f":"(1-VLOOKUP(O306,Start!$H$33:$I$40,2,FALSE)/100)*T306","v":19.805},{"$f":"VLOOKUP(N306,Start!$C$9:$D$15,2,FALSE)+VLOOKUP(N306,Start!$C$23:$D$29,2,FALSE)","v":23.2},{"$f":"(V306/R306)+Start!$D$19*(VLOOKUP(N306,Start!$M$33:$N$39,2,FALSE)/R306)+VLOOKUP(O306,Start!$C$33:$D$40,2,FALSE)","v":97.455825864276562}]
[null,null,"Yes","BNA0939a","EnBW Energie Baden-Württemberg AG","Restmüll-Heizkraftwerk Stuttgart-Münster",70376,"Stuttgart","Voltastraße 45","Baden-Württemberg","MÜN DT19 neu","01.01.2009","Multiple","Waste","Waste","Steam turbine","OPSD (2018)",0.33,"OPSD (2018)",19.5,{"$f":"(1-VLOOKUP(O307,Start!$H$33:$I$40,2,FALSE)/100)*T307","v":16.574999999999999},{"$f":"VLOOKUP(N307,Start!$C$9:$D$15,2,FALSE)+VLOOKUP(N307,Start!$C$23:$D$29,2,FALSE)","v":0},{"$f":"(V307/R307)+Start!$D$19*(VLOOKUP(N307,Start!$M$33:$N$39,2,FALSE)/R307)+VLOOKUP(O307,Start!$C$33:$D$40,2,FALSE)","v":1}]
[null,null,"Yes","BNA0939b","EnBW Energie Baden-Württemberg AG","Restmüll-Heizkraftwerk Stuttgart-Münster",70376,"Stuttgart","Voltastraße 45","Baden-Württemberg","MÜN GT18","01.01.1974","Petroleum","Oil","Oil","Gas turbine","OPSD (2018)",0.31240000000000001,"OPSD (2018)",23.3,{"$f":"(1-VLOOKUP(O308,Start!$H$33:$I$40,2,FALSE)/100)*T308","v":19.805},{"$f":"VLOOKUP(N308,Start!$C$9:$D$15,2,FALSE)+VLOOKUP(N308,Start!$C$23:$D$29,2,FALSE)","v":23.2},{"$f":"(V308/R308)+Start!$D$19*(VLOOKUP(N308,Start!$M$33:$N$39,2,FALSE)/R308)+VLOOKUP(O308,Start!$C$33:$D$40,2,FALSE)","v":97.455825864276562}]
[null,null,"Yes","BNA0957","Stadtwerke Tübingen GmbH","BHKW Obere Viehweide",72072,"Tübingen",null,"Baden-Württemberg"," -","18.04.2000","Gas","Gas","CCGT","Steam turbine","OPSD (2018)",0.38500000000000001,"OPSD (2018)",13.4,{"$f":"(1-VLOOKUP(O309,Start!$H$33:$I$40,2,FALSE)/100)*T309","v":11.657999999999999},{"$f":"VLOOKUP(N309,Start!$C$9:$D$15,2,FALSE)+VLOOKUP(N309,Start!$C$23:$D$29,2,FALSE)","v":10.67},{"$f":"(V309/R309)+Start!$D$19*(VLOOKUP(N309,Start!$M$33:$N$39,2,FALSE)/R309)+VLOOKUP(O309,Start!$C$33:$D$40,2,FALSE)","v":42.140935064935064}]
[null,null,"Yes","BNA0969a","SWM Services GmbH","Nord 1",85774,"Unterföhring",null,"Bayern",1,"15.09.1991","Multiple","Waste","Waste","Steam turbine","OPSD (2018)",0.33,"OPSD (2018)",18,{"$f":"(1-VLOOKUP(O310,Start!$H$33:$I$40,2,FALSE)/100)*T310","v":15.299999999999999},{"$f":"VLOOKUP(N310,Start!$C$9:$D$15,2,FALSE)+VLOOKUP(N310,Start!$C$23:$D$29,2,FALSE)","v":0},{"$f":"(V310/R310)+Start!$D$19*(VLOOKUP(N310,Start!$M$33:$N$39,2,FALSE)/R310)+VLOOKUP(O310,Start!$C$33:$D$40,2,FALSE)","v":1}]
[null,null,"Yes","BNA0969b","SWM Services GmbH","Nord 2",85774,"Unterföhring",null,"Bayern",2,"15.12.1991","Multiple","Coal","Coal","Steam turbine","OPSD (2018)",0.40250000000000002,"OPSD (2018)",332.7,{"$f":"(1-VLOOKUP(O311,Start!$H$33:$I$40,2,FALSE)/100)*T311","v":249.52499999999998},{"$f":"VLOOKUP(N311,Start!$C$9:$D$15,2,FALSE)+VLOOKUP(N311,Start!$C$23:$D$29,2,FALSE)","v":7.5},{"$f":"(V311/R311)+Start!$D$19*(VLOOKUP(N311,Start!$M$33:$N$39,2,FALSE)/R311)+VLOOKUP(O311,Start!$C$33:$D$40,2,FALSE)","v":40.664273291925468}]
[null,null,"Yes","BNA0969c","SWM Services GmbH","Nord 3",85774,"Unterföhring",null,"Bayern",3,"17.05.1984","Multiple","Waste","Waste","Steam turbine","OPSD (2018)",0.33,"OPSD (2018)",22,{"$f":"(1-VLOOKUP(O312,Start!$H$33:$I$40,2,FALSE)/100)*T312","v":18.7},{"$f":"VLOOKUP(N312,Start!$C$9:$D$15,2,FALSE)+VLOOKUP(N312,Start!$C$23:$D$29,2,FALSE)","v":0},{"$f":"(V312/R312)+Start!$D$19*(VLOOKUP(N312,Start!$M$33:$N$39,2,FALSE)/R312)+VLOOKUP(O312,Start!$C$33:$D$40,2,FALSE)","v":1}]
[null,null,"Yes","BNA0998","Steag GmbH","Modellkraftwerk",66333,"Völklingen-Fenne","Saarbrücker Straße 135-137","Saarland","MKV","15.08.1982","Coal","Coal","Coal","Steam turbine","OPSD (2018)",0.38,"OPSD (2018)",179,{"$f":"(1-VLOOKUP(O313,Start!$H$33:$I$40,2,FALSE)/100)*T313","v":134.25},{"$f":"VLOOKUP(N313,Start!$C$9:$D$15,2,FALSE)+VLOOKUP(N313,Start!$C$23:$D$29,2,FALSE)","v":7.5},{"$f":"(V313/R313)+Start!$D$19*(VLOOKUP(N313,Start!$M$33:$N$39,2,FALSE)/R313)+VLOOKUP(O313,Start!$C$33:$D$40,2,FALSE)","v":42.995052631578943}]
[null,null,"Yes","BNA0999","Steag GmbH","Heizkraftwerk",66333,"Völklingen-Fenne","Saarbrücker Straße 135-137","Saarland","HKV","30.11.1989","Coal","Coal","Coal","Steam turbine","OPSD (2018)",0.39750000000000002,"OPSD (2018)",211,{"$f":"(1-VLOOKUP(O314,Start!$H$33:$I$40,2,FALSE)/100)*T314","v":158.25},{"$f":"VLOOKUP(N314,Start!$C$9:$D$15,2,FALSE)+VLOOKUP(N314,Start!$C$23:$D$29,2,FALSE)","v":7.5},{"$f":"(V314/R314)+Start!$D$19*(VLOOKUP(N314,Start!$M$33:$N$39,2,FALSE)/R314)+VLOOKUP(O314,Start!$C$33:$D$40,2,FALSE)","v":41.159421383647796}]
[null,null,"Yes","BNA1002","Mitteldeutsche Braunkohlengesellschaft mbH","Wählitz",6679,"Wählitz",null,"Sachsen-Anhalt",null,"25.08.1994","Lignite","Lignite","Lignite","Steam turbine","OPSD (2018)",0.3856,"OPSD (2018)",31,{"$f":"(1-VLOOKUP(O315,Start!$H$33:$I$40,2,FALSE)/100)*T315","v":26.97},{"$f":"VLOOKUP(N315,Start!$C$9:$D$15,2,FALSE)+VLOOKUP(N315,Start!$C$23:$D$29,2,FALSE)","v":3.1},{"$f":"(V315/R315)+Start!$D$19*(VLOOKUP(N315,Start!$M$33:$N$39,2,FALSE)/R315)+VLOOKUP(O315,Start!$C$33:$D$40,2,FALSE)","v":35.680912863070546}]
[null,null,"Yes","BNA1004","EnBW Energie Baden-Württemberg AG","Kraftwerk Walheim",74399,"Walheim","Mühlstraße","Baden-Württemberg","WAL GT D","01.01.1981","Petroleum","Oil","Oil","Gas turbine","OPSD (2018)",0.3306,"OPSD (2018)",136,{"$f":"(1-VLOOKUP(O316,Start!$H$33:$I$40,2,FALSE)/100)*T316","v":115.6},{"$f":"VLOOKUP(N316,Start!$C$9:$D$15,2,FALSE)+VLOOKUP(N316,Start!$C$23:$D$29,2,FALSE)","v":23.2},{"$f":"(V316/R316)+Start!$D$19*(VLOOKUP(N316,Start!$M$33:$N$39,2,FALSE)/R316)+VLOOKUP(O316,Start!$C$33:$D$40,2,FALSE)","v":92.145795523290985}]
[null,null,"Yes","BNA1007a","Allgäuer Überlandwerk GmbH","SKW Gasturbine",87448,"Waltenhofen-Veits",13,"Bayern","SKW Gasturbine","17.07.1988","Petroleum","Oil","Oil","Gas turbine","OPSD (2018)",0.3488,"OPSD (2018)",24,{"$f":"(1-VLOOKUP(O317,Start!$H$33:$I$40,2,FALSE)/100)*T317","v":20.399999999999999},{"$f":"VLOOKUP(N317,Start!$C$9:$D$15,2,FALSE)+VLOOKUP(N317,Start!$C$23:$D$29,2,FALSE)","v":23.2},{"$f":"(V317/R317)+Start!$D$19*(VLOOKUP(N317,Start!$M$33:$N$39,2,FALSE)/R317)+VLOOKUP(O317,Start!$C$33:$D$40,2,FALSE)","v":87.389908256880744}]
[null,null,"Yes","BNA1007b","Allgäuer Überlandwerk GmbH","SKW Diesel",87448,"Waltenhofen-Veits",13,"Bayern","SKW Diesel","01.09.1978","Petroleum","Oil","Oil","Steam turbine","OPSD (2018)",0.36080000000000001,"OPSD (2018)",10.5,{"$f":"(1-VLOOKUP(O318,Start!$H$33:$I$40,2,FALSE)/100)*T318","v":8.9249999999999989},{"$f":"VLOOKUP(N318,Start!$C$9:$D$15,2,FALSE)+VLOOKUP(N318,Start!$C$23:$D$29,2,FALSE)","v":23.2},{"$f":"(V318/R318)+Start!$D$19*(VLOOKUP(N318,Start!$M$33:$N$39,2,FALSE)/R318)+VLOOKUP(O318,Start!$C$33:$D$40,2,FALSE)","v":84.516629711751662}]
[null,null,"Yes","BNA1015","Vattenfall Hamburg Wärme GmbH","Wedel",22880,"Wedel",null,"Schleswig-Holstein","GT A","1972","Petroleum","Oil","Oil","Gas turbine","OPSD (2018)",0.30719999999999997,"OPSD (2018)",50.5,{"$f":"(1-VLOOKUP(O319,Start!$H$33:$I$40,2,FALSE)/100)*T319","v":42.924999999999997},{"$f":"VLOOKUP(N319,Start!$C$9:$D$15,2,FALSE)+VLOOKUP(N319,Start!$C$23:$D$29,2,FALSE)","v":23.2},{"$f":"(V319/R319)+Start!$D$19*(VLOOKUP(N319,Start!$M$33:$N$39,2,FALSE)/R319)+VLOOKUP(O319,Start!$C$33:$D$40,2,FALSE)","v":99.088541666666686}]
[null,null,"Yes","BNA1016","Vattenfall Hamburg Wärme GmbH","Wedel",22880,"Wedel",null,"Schleswig-Holstein","GT B","1972","Petroleum","Oil","Oil","Gas turbine","OPSD (2018)",0.30719999999999997,"OPSD (2018)",50.5,{"$f":"(1-VLOOKUP(O320,Start!$H$33:$I$40,2,FALSE)/100)*T320","v":42.924999999999997},{"$f":"VLOOKUP(N320,Start!$C$9:$D$15,2,FALSE)+VLOOKUP(N320,Start!$C$23:$D$29,2,FALSE)","v":23.2},{"$f":"(V320/R320)+Start!$D$19*(VLOOKUP(N320,Start!$M$33:$N$39,2,FALSE)/R320)+VLOOKUP(O320,Start!$C$33:$D$40,2,FALSE)","v":99.088541666666686}]
[null,null,"Yes","BNA1020","RWE Power AG","MVA Weisweiler",52249,"Weisweiler",null,"Nordrhein-Westfalen","MVA","22.10.1996","Waste","Waste","Waste","Steam turbine","OPSD (2018)",0.33,"OPSD (2018)",27,{"$f":"(1-VLOOKUP(O321,Start!$H$33:$I$40,2,FALSE)/100)*T321","v":22.95},{"$f":"VLOOKUP(N321,Start!$C$9:$D$15,2,FALSE)+VLOOKUP(N321,Start!$C$23:$D$29,2,FALSE)","v":0},{"$f":"(V321/R321)+Start!$D$19*(VLOOKUP(N321,Start!$M$33:$N$39,2,FALSE)/R321)+VLOOKUP(O321,Start!$C$33:$D$40,2,FALSE)","v":1}]
[null,null,"Yes","BNA1023","RWE Power AG","Weisweiler",52249,"Eschweiler-Weisweiler",null,"Nordrhein-Westfalen","G_VGT","04.08.2006","Gas","Gas","OCGT","Gas turbine","OPSD (2018)",0.39560000000000001,"OPSD (2018)",200,{"$f":"(1-VLOOKUP(O322,Start!$H$33:$I$40,2,FALSE)/100)*T322","v":174},{"$f":"VLOOKUP(N322,Start!$C$9:$D$15,2,FALSE)+VLOOKUP(N322,Start!$C$23:$D$29,2,FALSE)","v":10.67},{"$f":"(V322/R322)+Start!$D$19*(VLOOKUP(N322,Start!$M$33:$N$39,2,FALSE)/R322)+VLOOKUP(O322,Start!$C$33:$D$40,2,FALSE)","v":40.551971688574319}]
[null,null,"Yes","BNA1024","RWE Power AG","Weisweiler",52249,"Eschweiler-Weisweiler",null,"Nordrhein-Westfalen","H_VGT","19.12.2006","Gas","Gas","OCGT","Gas turbine","OPSD (2018)",0.39560000000000001,"OPSD (2018)",200,{"$f":"(1-VLOOKUP(O323,Start!$H$33:$I$40,2,FALSE)/100)*T323","v":174},{"$f":"VLOOKUP(N323,Start!$C$9:$D$15,2,FALSE)+VLOOKUP(N323,Start!$C$23:$D$29,2,FALSE)","v":10.67},{"$f":"(V323/R323)+Start!$D$19*(VLOOKUP(N323,Start!$M$33:$N$39,2,FALSE)/R323)+VLOOKUP(O323,Start!$C$33:$D$40,2,FALSE)","v":40.551971688574319}]
[null,null,"Yes","BNA1025","RWE Power AG","Weisweiler",52249,"Eschweiler-Weisweiler",null,"Nordrhein-Westfalen","E","02.12.1965","Multiple","Lignite","Lignite","Steam turbine","OPSD (2018)",0.316,"OPSD (2018)",321,{"$f":"(1-VLOOKUP(O324,Start!$H$33:$I$40,2,FALSE)/100)*T324","v":279.27},{"$f":"VLOOKUP(N324,Start!$C$9:$D$15,2,FALSE)+VLOOKUP(N324,Start!$C$23:$D$29,2,FALSE)","v":3.1},{"$f":"(V324/R324)+Start!$D$19*(VLOOKUP(N324,Start!$M$33:$N$39,2,FALSE)/R324)+VLOOKUP(O324,Start!$C$33:$D$40,2,FALSE)","v":43.165316455696214}]
[null,null,"Yes","BNA1026","RWE Power AG","Weisweiler",52249,"Eschweiler-Weisweiler",null,"Nordrhein-Westfalen","F","04.09.1967","Multiple","Lignite","Lignite","Steam turbine","OPSD (2018)",0.32079999999999997,"OPSD (2018)",321,{"$f":"(1-VLOOKUP(O325,Start!$H$33:$I$40,2,FALSE)/100)*T325","v":279.27},{"$f":"VLOOKUP(N325,Start!$C$9:$D$15,2,FALSE)+VLOOKUP(N325,Start!$C$23:$D$29,2,FALSE)","v":3.1},{"$f":"(V325/R325)+Start!$D$19*(VLOOKUP(N325,Start!$M$33:$N$39,2,FALSE)/R325)+VLOOKUP(O325,Start!$C$33:$D$40,2,FALSE)","v":42.544887780548642}]
[null,null,"Yes","BNA1027","RWE Power AG","Weisweiler",52249,"Eschweiler-Weisweiler",null,"Nordrhein-Westfalen","G","14.02.1974","Multiple","Lignite","Lignite","Steam turbine","OPSD (2018)",0.33760000000000001,"OPSD (2018)",663,{"$f":"(1-VLOOKUP(O326,Start!$H$33:$I$40,2,FALSE)/100)*T326","v":576.80999999999995},{"$f":"VLOOKUP(N326,Start!$C$9:$D$15,2,FALSE)+VLOOKUP(N326,Start!$C$23:$D$29,2,FALSE)","v":3.1},{"$f":"(V326/R326)+Start!$D$19*(VLOOKUP(N326,Start!$M$33:$N$39,2,FALSE)/R326)+VLOOKUP(O326,Start!$C$33:$D$40,2,FALSE)","v":40.512322274881519}]
[null,null,"Yes","BNA1028","RWE Power AG","Weisweiler",52249,"Eschweiler-Weisweiler",null,"Nordrhein-Westfalen","H","18.01.1975","Multiple","Lignite","Lignite","Steam turbine","OPSD (2018)",0.34,"OPSD (2018)",656,{"$f":"(1-VLOOKUP(O327,Start!$H$33:$I$40,2,FALSE)/100)*T327","v":570.72},{"$f":"VLOOKUP(N327,Start!$C$9:$D$15,2,FALSE)+VLOOKUP(N327,Start!$C$23:$D$29,2,FALSE)","v":3.1},{"$f":"(V327/R327)+Start!$D$19*(VLOOKUP(N327,Start!$M$33:$N$39,2,FALSE)/R327)+VLOOKUP(O327,Start!$C$33:$D$40,2,FALSE)","v":40.238352941176473}]
[null,null,"Yes","BNA1039","RWE Generation SE","Gersteinwerk",59368,"Werne",null,"Nordrhein-Westfalen","F1","01.01.1973","Gas","Gas","CCGT","Combined cycle","OPSD (2018)",0.41849999999999998,"OPSD (2018)",55,{"$f":"(1-VLOOKUP(O328,Start!$H$33:$I$40,2,FALSE)/100)*T328","v":47.85},{"$f":"VLOOKUP(N328,Start!$C$9:$D$15,2,FALSE)+VLOOKUP(N328,Start!$C$23:$D$29,2,FALSE)","v":10.67},{"$f":"(V328/R328)+Start!$D$19*(VLOOKUP(N328,Start!$M$33:$N$39,2,FALSE)/R328)+VLOOKUP(O328,Start!$C$33:$D$40,2,FALSE)","v":38.887718040621266}]
[null,null,"Yes","BNA1040","RWE Generation SE","Gersteinwerk",59368,"Werne",null,"Nordrhein-Westfalen","G1","01.01.1973","Gas","Gas","CCGT","Combined cycle","OPSD (2018)",0.41849999999999998,"OPSD (2018)",55,{"$f":"(1-VLOOKUP(O329,Start!$H$33:$I$40,2,FALSE)/100)*T329","v":47.85},{"$f":"VLOOKUP(N329,Start!$C$9:$D$15,2,FALSE)+VLOOKUP(N329,Start!$C$23:$D$29,2,FALSE)","v":10.67},{"$f":"(V329/R329)+Start!$D$19*(VLOOKUP(N329,Start!$M$33:$N$39,2,FALSE)/R329)+VLOOKUP(O329,Start!$C$33:$D$40,2,FALSE)","v":38.887718040621266}]
[null,null,"Yes","BNA1042","RWE Generation SE","Gersteinwerk",59368,"Werne",null,"Nordrhein-Westfalen","I1","01.01.1973","Gas","Gas","OCGT","Gas turbine","OPSD (2018)",0.30980000000000002,"OPSD (2018)",55,{"$f":"(1-VLOOKUP(O330,Start!$H$33:$I$40,2,FALSE)/100)*T330","v":47.85},{"$f":"VLOOKUP(N330,Start!$C$9:$D$15,2,FALSE)+VLOOKUP(N330,Start!$C$23:$D$29,2,FALSE)","v":10.67},{"$f":"(V330/R330)+Start!$D$19*(VLOOKUP(N330,Start!$M$33:$N$39,2,FALSE)/R330)+VLOOKUP(O330,Start!$C$33:$D$40,2,FALSE)","v":51.506003873466753}]
[null,null,"Yes","BNA1044","RWE Generation SE","Gersteinwerk",59368,"Werne",null,"Nordrhein-Westfalen","F2","1973-01-01","Gas","Gas","CCGT","Combined cycle","OPSD (2018)",0.41,"OPSD (2018)",355,{"$f":"(1-VLOOKUP(O331,Start!$H$33:$I$40,2,FALSE)/100)*T331","v":308.85000000000002},{"$f":"VLOOKUP(N331,Start!$C$9:$D$15,2,FALSE)+VLOOKUP(N331,Start!$C$23:$D$29,2,FALSE)","v":10.67},{"$f":"(V331/R331)+Start!$D$19*(VLOOKUP(N331,Start!$M$33:$N$39,2,FALSE)/R331)+VLOOKUP(O331,Start!$C$33:$D$40,2,FALSE)","v":39.66282926829269}]
[null,null,"Yes","BNA1045","RWE Generation SE","Gersteinwerk",59368,"Werne",null,"Nordrhein-Westfalen","G2","01.01.1973","Gas","Gas","CCGT","Combined cycle","OPSD (2018)",0.41849999999999998,"OPSD (2018)",355,{"$f":"(1-VLOOKUP(O332,Start!$H$33:$I$40,2,FALSE)/100)*T332","v":308.85000000000002},{"$f":"VLOOKUP(N332,Start!$C$9:$D$15,2,FALSE)+VLOOKUP(N332,Start!$C$23:$D$29,2,FALSE)","v":10.67},{"$f":"(V332/R332)+Start!$D$19*(VLOOKUP(N332,Start!$M$33:$N$39,2,FALSE)/R332)+VLOOKUP(O332,Start!$C$33:$D$40,2,FALSE)","v":38.887718040621266}]
[null,null,"Yes","BNA1046b","RWE Generation SE","Gersteinwerk",59368,"Werne",null,"Nordrhein-Westfalen","K1 ","01.06.1984","Gas","Gas","OCGT","Gas turbine","OPSD (2018)",0.33839999999999998,"OPSD (2018)",112,{"$f":"(1-VLOOKUP(O333,Start!$H$33:$I$40,2,FALSE)/100)*T333","v":97.44},{"$f":"VLOOKUP(N333,Start!$C$9:$D$15,2,FALSE)+VLOOKUP(N333,Start!$C$23:$D$29,2,FALSE)","v":10.67},{"$f":"(V333/R333)+Start!$D$19*(VLOOKUP(N333,Start!$M$33:$N$39,2,FALSE)/R333)+VLOOKUP(O333,Start!$C$33:$D$40,2,FALSE)","v":47.237470449172584}]
[null,null,"Yes","BNA1056","InfraServ GmbH & Co. Wiesbaden KG","Wi-Biebrich",65203,"Wiesbaden",null,"Hessen","Block 1","26.06.2006","Gas","Gas","CCGT","Steam turbine","OPSD (2018)",0.3916,"OPSD (2018)",25.015000000000001,{"$f":"(1-VLOOKUP(O334,Start!$H$33:$I$40,2,FALSE)/100)*T334","v":21.76305},{"$f":"VLOOKUP(N334,Start!$C$9:$D$15,2,FALSE)+VLOOKUP(N334,Start!$C$23:$D$29,2,FALSE)","v":10.67},{"$f":"(V334/R334)+Start!$D$19*(VLOOKUP(N334,Start!$M$33:$N$39,2,FALSE)/R334)+VLOOKUP(O334,Start!$C$33:$D$40,2,FALSE)","v":41.455975485188972}]
[null,null,"Yes","BNA1060","Uniper Kraftwerke GmbH ","Wilhelmshaven",26386,"Wilhelmshaven",null,"Niedersachsen","GT","01.01.1973","Petroleum","Oil","Oil","Gas turbine","OPSD (2018)",0.30980000000000002,"OPSD (2018)",56,{"$f":"(1-VLOOKUP(O335,Start!$H$33:$I$40,2,FALSE)/100)*T335","v":47.6},{"$f":"VLOOKUP(N335,Start!$C$9:$D$15,2,FALSE)+VLOOKUP(N335,Start!$C$23:$D$29,2,FALSE)","v":23.2},{"$f":"(V335/R335)+Start!$D$19*(VLOOKUP(N335,Start!$M$33:$N$39,2,FALSE)/R335)+VLOOKUP(O335,Start!$C$33:$D$40,2,FALSE)","v":98.265332472562932}]
[null,null,"Yes","BNA1061","Uniper Kraftwerke GmbH ","Wilhelmshaven",26386,"Wilhelmshaven",null,"Niedersachsen",1,"01.01.1976","Coal","Coal","Coal","Steam turbine","OPSD (2018)",0.36499999999999999,"OPSD (2018)",757,{"$f":"(1-VLOOKUP(O336,Start!$H$33:$I$40,2,FALSE)/100)*T336","v":567.75},{"$f":"VLOOKUP(N336,Start!$C$9:$D$15,2,FALSE)+VLOOKUP(N336,Start!$C$23:$D$29,2,FALSE)","v":7.5},{"$f":"(V336/R336)+Start!$D$19*(VLOOKUP(N336,Start!$M$33:$N$39,2,FALSE)/R336)+VLOOKUP(O336,Start!$C$33:$D$40,2,FALSE)","v":44.708547945205481}]
[null,null,"Yes","BNA1074","envia THERM GmbH","Spitzenlastkraftwerk Wolfen",6766,"Wolfen",null,"Sachsen-Anhalt",null,"25.03.1997","Gas","Gas","CCGT","Steam turbine","OPSD (2018)",0.38169999999999998,"OPSD (2018)",40,{"$f":"(1-VLOOKUP(O337,Start!$H$33:$I$40,2,FALSE)/100)*T337","v":34.799999999999997},{"$f":"VLOOKUP(N337,Start!$C$9:$D$15,2,FALSE)+VLOOKUP(N337,Start!$C$23:$D$29,2,FALSE)","v":10.67},{"$f":"(V337/R337)+Start!$D$19*(VLOOKUP(N337,Start!$M$33:$N$39,2,FALSE)/R337)+VLOOKUP(O337,Start!$C$33:$D$40,2,FALSE)","v":42.492297615928749}]
[null,null,"Yes","BNA1075a","Volkswagen AG","HKW Nord",38436,"Wolfsburg",null,"Niedersachsen","Generator A","01.05.2000","Multiple","Coal","Coal","Steam turbine","OPSD (2018)",0.42499999999999999,"OPSD (2018)",61.5,{"$f":"(1-VLOOKUP(O338,Start!$H$33:$I$40,2,FALSE)/100)*T338","v":46.125},{"$f":"VLOOKUP(N338,Start!$C$9:$D$15,2,FALSE)+VLOOKUP(N338,Start!$C$23:$D$29,2,FALSE)","v":7.5},{"$f":"(V338/R338)+Start!$D$19*(VLOOKUP(N338,Start!$M$33:$N$39,2,FALSE)/R338)+VLOOKUP(O338,Start!$C$33:$D$40,2,FALSE)","v":38.580282352941175}]
[null,null,"Yes","BNA1075b","Volkswagen AG","HKW Nord",38436,"Wolfsburg",null,"Niedersachsen","Generator B","01.05.2000","Multiple","Coal","Coal","Steam turbine","OPSD (2018)",0.42499999999999999,"OPSD (2018)",61.5,{"$f":"(1-VLOOKUP(O339,Start!$H$33:$I$40,2,FALSE)/100)*T339","v":46.125},{"$f":"VLOOKUP(N339,Start!$C$9:$D$15,2,FALSE)+VLOOKUP(N339,Start!$C$23:$D$29,2,FALSE)","v":7.5},{"$f":"(V339/R339)+Start!$D$19*(VLOOKUP(N339,Start!$M$33:$N$39,2,FALSE)/R339)+VLOOKUP(O339,Start!$C$33:$D$40,2,FALSE)","v":38.580282352941175}]
[null,null,"Yes","BNA1076a","Volkswagen AG","HKW West",38436,"Wolfsburg",null,"Niedersachsen","Block 1","01.11.1985","Coal","Coal","Coal","Steam turbine","OPSD (2018)",0.38750000000000001,"OPSD (2018)",138.5,{"$f":"(1-VLOOKUP(O340,Start!$H$33:$I$40,2,FALSE)/100)*T340","v":103.875},{"$f":"VLOOKUP(N340,Start!$C$9:$D$15,2,FALSE)+VLOOKUP(N340,Start!$C$23:$D$29,2,FALSE)","v":7.5},{"$f":"(V340/R340)+Start!$D$19*(VLOOKUP(N340,Start!$M$33:$N$39,2,FALSE)/R340)+VLOOKUP(O340,Start!$C$33:$D$40,2,FALSE)","v":42.188051612903223}]
[null,null,"Yes","BNA1076b","Volkswagen AG","HKW West",38436,"Wolfsburg",null,"Niedersachsen","Block 2","01.11.1985","Coal","Coal","Coal","Steam turbine","OPSD (2018)",0.38750000000000001,"OPSD (2018)",138.5,{"$f":"(1-VLOOKUP(O341,Start!$H$33:$I$40,2,FALSE)/100)*T341","v":103.875},{"$f":"VLOOKUP(N341,Start!$C$9:$D$15,2,FALSE)+VLOOKUP(N341,Start!$C$23:$D$29,2,FALSE)","v":7.5},{"$f":"(V341/R341)+Start!$D$19*(VLOOKUP(N341,Start!$M$33:$N$39,2,FALSE)/R341)+VLOOKUP(O341,Start!$C$33:$D$40,2,FALSE)","v":42.188051612903223}]
[null,null,"Yes","BNA1078","Palm Power GmbH & Co. KG","HKW Wörth",76744,"Wörth","Am Oberwald 2","Rheinland-Pfalz",null,"30.11.2007","Multiple","Gas","CCGT","Steam turbine","OPSD (2018)",0.39269999999999999,"OPSD (2018)",59,{"$f":"(1-VLOOKUP(O342,Start!$H$33:$I$40,2,FALSE)/100)*T342","v":51.33},{"$f":"VLOOKUP(N342,Start!$C$9:$D$15,2,FALSE)+VLOOKUP(N342,Start!$C$23:$D$29,2,FALSE)","v":10.67},{"$f":"(V342/R342)+Start!$D$19*(VLOOKUP(N342,Start!$M$33:$N$39,2,FALSE)/R342)+VLOOKUP(O342,Start!$C$33:$D$40,2,FALSE)","v":41.34405398523046}]
[null,null,"Yes","BNA1082","WSW Energie & Wasser AG","HKW Barmen",42275,"Wuppertal",null,"Nordrhein-Westfalen","Block 1","2005-12-30","Gas","Gas","CCGT","Combined cycle","OPSD (2018)",0.5625,"OPSD (2018)",88.019000000000005,{"$f":"(1-VLOOKUP(O343,Start!$H$33:$I$40,2,FALSE)/100)*T343","v":76.576530000000005},{"$f":"VLOOKUP(N343,Start!$C$9:$D$15,2,FALSE)+VLOOKUP(N343,Start!$C$23:$D$29,2,FALSE)","v":10.67},{"$f":"(V343/R343)+Start!$D$19*(VLOOKUP(N343,Start!$M$33:$N$39,2,FALSE)/R343)+VLOOKUP(O343,Start!$C$33:$D$40,2,FALSE)","v":29.316462222222221}]
[null,null,"Yes","BNA1083","WSW Energie & Wasser AG","Spitzenlastanlage Barmen",42275,"Wuppertal",null,"Nordrhein-Westfalen","Block 2","2008","Petroleum","Oil","Oil","Combined cycle","OPSD (2018)",0.38,"OPSD (2018)",60,{"$f":"(1-VLOOKUP(O344,Start!$H$33:$I$40,2,FALSE)/100)*T344","v":51},{"$f":"VLOOKUP(N344,Start!$C$9:$D$15,2,FALSE)+VLOOKUP(N344,Start!$C$23:$D$29,2,FALSE)","v":23.2},{"$f":"(V344/R344)+Start!$D$19*(VLOOKUP(N344,Start!$M$33:$N$39,2,FALSE)/R344)+VLOOKUP(O344,Start!$C$33:$D$40,2,FALSE)","v":80.296842105263153}]
[null,null,"Yes","BNA1085","Heizkraftwerk Würzburg GmbH","Heizkraftwerke an der Friedensbrücke",97080,"Würzburg","Veitshöchheimer Str. 1","Bayern","TSIII","01.01.1971","Gas","Gas","CCGT","Combined cycle","OPSD (2018)",0.40949999999999998,"OPSD (2018)",23,{"$f":"(1-VLOOKUP(O345,Start!$H$33:$I$40,2,FALSE)/100)*T345","v":20.010000000000002},{"$f":"VLOOKUP(N345,Start!$C$9:$D$15,2,FALSE)+VLOOKUP(N345,Start!$C$23:$D$29,2,FALSE)","v":10.67},{"$f":"(V345/R345)+Start!$D$19*(VLOOKUP(N345,Start!$M$33:$N$39,2,FALSE)/R345)+VLOOKUP(O345,Start!$C$33:$D$40,2,FALSE)","v":39.709426129426134}]
[null,null,"Yes","BNA1086","Heizkraftwerk Würzburg GmbH","Heizkraftwerke an der Friedensbrücke",97080,"Würzburg","Veitshöchheimer Str. 1","Bayern","TSII","01.01.1993","Gas","Gas","CCGT","Combined cycle","OPSD (2018)",0.50849999999999995,"OPSD (2018)",25,{"$f":"(1-VLOOKUP(O346,Start!$H$33:$I$40,2,FALSE)/100)*T346","v":21.75},{"$f":"VLOOKUP(N346,Start!$C$9:$D$15,2,FALSE)+VLOOKUP(N346,Start!$C$23:$D$29,2,FALSE)","v":10.67},{"$f":"(V346/R346)+Start!$D$19*(VLOOKUP(N346,Start!$M$33:$N$39,2,FALSE)/R346)+VLOOKUP(O346,Start!$C$33:$D$40,2,FALSE)","v":32.270422812192727}]
[null,null,"Yes","BNA1087","Heizkraftwerk Würzburg GmbH","Heizkraftwerke an der Friedensbrücke",97080,"Würzburg","Veitshöchheimer Str. 1","Bayern","GTII","01.01.2009","Gas","Gas","CCGT","Combined cycle","OPSD (2018)",0.58050000000000002,"OPSD (2018)",29.5,{"$f":"(1-VLOOKUP(O347,Start!$H$33:$I$40,2,FALSE)/100)*T347","v":25.664999999999999},{"$f":"VLOOKUP(N347,Start!$C$9:$D$15,2,FALSE)+VLOOKUP(N347,Start!$C$23:$D$29,2,FALSE)","v":10.67},{"$f":"(V347/R347)+Start!$D$19*(VLOOKUP(N347,Start!$M$33:$N$39,2,FALSE)/R347)+VLOOKUP(O347,Start!$C$33:$D$40,2,FALSE)","v":28.453936261843239}]
[null,null,"Yes","BNA1088","Heizkraftwerk Würzburg GmbH","Heizkraftwerke an der Friedensbrücke",97080,"Würzburg","Veitshöchheimer Str. 1","Bayern","GTI","01.01.2005","Gas","Gas","CCGT","Combined cycle","OPSD (2018)",0.5625,"OPSD (2018)",44.5,{"$f":"(1-VLOOKUP(O348,Start!$H$33:$I$40,2,FALSE)/100)*T348","v":38.714999999999996},{"$f":"VLOOKUP(N348,Start!$C$9:$D$15,2,FALSE)+VLOOKUP(N348,Start!$C$23:$D$29,2,FALSE)","v":10.67},{"$f":"(V348/R348)+Start!$D$19*(VLOOKUP(N348,Start!$M$33:$N$39,2,FALSE)/R348)+VLOOKUP(O348,Start!$C$33:$D$40,2,FALSE)","v":29.316462222222221}]
[null,null,"Yes","BNA1089","K+S AG","Zielitz",39326,"Zielitz",null,"Sachsen-Anhalt","Zielitz","01.01.1996","Gas","Gas","CCGT","Steam turbine","OPSD (2018)",0.38059999999999999,"OPSD (2018)",27,{"$f":"(1-VLOOKUP(O349,Start!$H$33:$I$40,2,FALSE)/100)*T349","v":23.49},{"$f":"VLOOKUP(N349,Start!$C$9:$D$15,2,FALSE)+VLOOKUP(N349,Start!$C$23:$D$29,2,FALSE)","v":10.67},{"$f":"(V349/R349)+Start!$D$19*(VLOOKUP(N349,Start!$M$33:$N$39,2,FALSE)/R349)+VLOOKUP(O349,Start!$C$33:$D$40,2,FALSE)","v":42.610772464529688}]
[null,null,"Yes","BNA1092","ENGIE Deutschland AG","Zolling",85406,"Zolling","Leininger Str. 1","Bayern","GT1 & GT2","01.01.1976","Petroleum","Oil","Oil","Gas turbine","OPSD (2018)",0.31759999999999999,"OPSD (2018)",50,{"$f":"(1-VLOOKUP(O350,Start!$H$33:$I$40,2,FALSE)/100)*T350","v":42.5},{"$f":"VLOOKUP(N350,Start!$C$9:$D$15,2,FALSE)+VLOOKUP(N350,Start!$C$23:$D$29,2,FALSE)","v":23.2},{"$f":"(V350/R350)+Start!$D$19*(VLOOKUP(N350,Start!$M$33:$N$39,2,FALSE)/R350)+VLOOKUP(O350,Start!$C$33:$D$40,2,FALSE)","v":95.876574307304793}]
[null,null,"Yes","BNA1093","ENGIE Deutschland AG","Zolling",85406,"Zolling","Leininger Str. 1","Bayern","Zolling Block 5","01.01.1985","Multiple","Coal","Coal","Steam turbine","OPSD (2018)",0.45250000000000001,"OPSD (2018)",472,{"$f":"(1-VLOOKUP(O351,Start!$H$33:$I$40,2,FALSE)/100)*T351","v":354},{"$f":"VLOOKUP(N351,Start!$C$9:$D$15,2,FALSE)+VLOOKUP(N351,Start!$C$23:$D$29,2,FALSE)","v":7.5},{"$f":"(V351/R351)+Start!$D$19*(VLOOKUP(N351,Start!$M$33:$N$39,2,FALSE)/R351)+VLOOKUP(O351,Start!$C$33:$D$40,2,FALSE)","v":36.314629834254148}]
[null,null,"Yes","BNA1094","Smurfit Kappa Zülpich Papier GmbH","Gaskraftwerk",53910,"Zülpich","Bessenicher Weg","Nordrhein-Westfalen","GKW","01.04.1996","Gas","Gas","CCGT","Steam turbine","OPSD (2018)",0.38059999999999999,"OPSD (2018)",15.1,{"$f":"(1-VLOOKUP(O352,Start!$H$33:$I$40,2,FALSE)/100)*T352","v":13.137},{"$f":"VLOOKUP(N352,Start!$C$9:$D$15,2,FALSE)+VLOOKUP(N352,Start!$C$23:$D$29,2,FALSE)","v":10.67},{"$f":"(V352/R352)+Start!$D$19*(VLOOKUP(N352,Start!$M$33:$N$39,2,FALSE)/R352)+VLOOKUP(O352,Start!$C$33:$D$40,2,FALSE)","v":42.610772464529688}]
[null,null,"Yes","BNA1097","Smurfit Kappa Zülpich Papier GmbH","Kohlekraftwerk",53909,"Zülpich","Bessenicher Weg","Nordrhein-Westfalen","K06","30.06.1964","Gas","Lignite","Lignite","Steam turbine","OPSD (2018)",0.31359999999999999,"OPSD (2018)",19.5,{"$f":"(1-VLOOKUP(O353,Start!$H$33:$I$40,2,FALSE)/100)*T353","v":16.965},{"$f":"VLOOKUP(N353,Start!$C$9:$D$15,2,FALSE)+VLOOKUP(N353,Start!$C$23:$D$29,2,FALSE)","v":3.1},{"$f":"(V353/R353)+Start!$D$19*(VLOOKUP(N353,Start!$M$33:$N$39,2,FALSE)/R353)+VLOOKUP(O353,Start!$C$33:$D$40,2,FALSE)","v":43.482653061224497}]
[null,null,"Yes","BNA1104","Stadtwerke Augsburg Energie GmbH","Heizkraftwerk",86152,"Augsburg ","Franziskanergasse 9","Bayern","T2","15.12.1976","Multiple","Gas","CCGT","Steam turbine","OPSD (2018)",0.35859999999999997,"OPSD (2018)",20.399999999999999,{"$f":"(1-VLOOKUP(O354,Start!$H$33:$I$40,2,FALSE)/100)*T354","v":17.747999999999998},{"$f":"VLOOKUP(N354,Start!$C$9:$D$15,2,FALSE)+VLOOKUP(N354,Start!$C$23:$D$29,2,FALSE)","v":10.67},{"$f":"(V354/R354)+Start!$D$19*(VLOOKUP(N354,Start!$M$33:$N$39,2,FALSE)/R354)+VLOOKUP(O354,Start!$C$33:$D$40,2,FALSE)","v":45.132905744562194}]
[null,null,"Yes","BNA1105","TEAG Thüringer Energie AG","HKW Bad Salzungen",36433,"Bad Salzungen",null,"Thüringen","HKW Bad Salzungen","01.10.1994","Multiple","Gas","CCGT","Steam turbine","OPSD (2018)",0.37840000000000001,"OPSD (2018)",9.6999999999999993,{"$f":"(1-VLOOKUP(O355,Start!$H$33:$I$40,2,FALSE)/100)*T355","v":8.4390000000000001},{"$f":"VLOOKUP(N355,Start!$C$9:$D$15,2,FALSE)+VLOOKUP(N355,Start!$C$23:$D$29,2,FALSE)","v":10.67},{"$f":"(V355/R355)+Start!$D$19*(VLOOKUP(N355,Start!$M$33:$N$39,2,FALSE)/R355)+VLOOKUP(O355,Start!$C$33:$D$40,2,FALSE)","v":42.849788583509508}]
[null,null,"Yes","BNA1108","PD energy GmbH","PD energy GmbH",6749,"Bitterfeld - Wolfen","Ostraße 1","Sachsen-Anhalt",null,"01.01.2010","Waste","Waste","Waste","Steam turbine","OPSD (2018)",0.33,"OPSD (2018)",9.9,{"$f":"(1-VLOOKUP(O356,Start!$H$33:$I$40,2,FALSE)/100)*T356","v":8.4150000000000009},{"$f":"VLOOKUP(N356,Start!$C$9:$D$15,2,FALSE)+VLOOKUP(N356,Start!$C$23:$D$29,2,FALSE)","v":0},{"$f":"(V356/R356)+Start!$D$19*(VLOOKUP(N356,Start!$M$33:$N$39,2,FALSE)/R356)+VLOOKUP(O356,Start!$C$33:$D$40,2,FALSE)","v":1}]
[null,null,"Yes","BNA1110","Zweckverband Restmüllheizkraftwerk Böblingen","Restmüllheizkraftwerk Böblingen",71032,"Böblingen","Musbergersträßle 11","Baden-Württemberg","Müllverbrennung","03.05.1999","Waste","Waste","Waste","Steam turbine","OPSD (2018)",0.33,"OPSD (2018)",9.5,{"$f":"(1-VLOOKUP(O357,Start!$H$33:$I$40,2,FALSE)/100)*T357","v":8.0749999999999993},{"$f":"VLOOKUP(N357,Start!$C$9:$D$15,2,FALSE)+VLOOKUP(N357,Start!$C$23:$D$29,2,FALSE)","v":0},{"$f":"(V357/R357)+Start!$D$19*(VLOOKUP(N357,Start!$M$33:$N$39,2,FALSE)/R357)+VLOOKUP(O357,Start!$C$33:$D$40,2,FALSE)","v":1}]
[null,null,"Yes","BNA1114","swb Entsorgung GmbH & Co. KG","MHKW",28219,"Bremen","Oken 2","Bremen","MHKW","1969 / 2012","Waste","Waste","Waste","Steam turbine","OPSD (2018)",0.33,"OPSD (2018)",44,{"$f":"(1-VLOOKUP(O358,Start!$H$33:$I$40,2,FALSE)/100)*T358","v":37.4},{"$f":"VLOOKUP(N358,Start!$C$9:$D$15,2,FALSE)+VLOOKUP(N358,Start!$C$23:$D$29,2,FALSE)","v":0},{"$f":"(V358/R358)+Start!$D$19*(VLOOKUP(N358,Start!$M$33:$N$39,2,FALSE)/R358)+VLOOKUP(O358,Start!$C$33:$D$40,2,FALSE)","v":1}]
[null,null,"Yes","BNA1115","Aktien-Gesellschaft der Dillinger Hüttenwerke, ROGESA Roheisengesellschaft Saar mbH und Zentralkokerei Saar GmbH, als Bruchteilsgemeinschaft","Gichtgaskraftwerk Dillingen",66763,"Dillingen/Saar","Werkstraße 1","Saarland",null,"20.10.2010","Other","Gas","CCGT","Steam turbine","OPSD (2018)",0.39600000000000002,"Assumption based on DIW (2014)",85,{"$f":"(1-VLOOKUP(O359,Start!$H$33:$I$40,2,FALSE)/100)*T359","v":73.95},{"$f":"VLOOKUP(N359,Start!$C$9:$D$15,2,FALSE)+VLOOKUP(N359,Start!$C$23:$D$29,2,FALSE)","v":10.67},{"$f":"(V359/R359)+Start!$D$19*(VLOOKUP(N359,Start!$M$33:$N$39,2,FALSE)/R359)+VLOOKUP(O359,Start!$C$33:$D$40,2,FALSE)","v":41.012020202020203}]
[null,null,"Yes","BNA1116","Bremerhavener Entsorgungsgesellschaft mbH","BEG",27570,"Bremerhaven","Zur Hexenbrücke 16","Bremen",null,"18.03.1977","Multiple","Waste","Waste","Steam turbine","OPSD (2018)",0.33,"OPSD (2018)",14,{"$f":"(1-VLOOKUP(O360,Start!$H$33:$I$40,2,FALSE)/100)*T360","v":11.9},{"$f":"VLOOKUP(N360,Start!$C$9:$D$15,2,FALSE)+VLOOKUP(N360,Start!$C$23:$D$29,2,FALSE)","v":0},{"$f":"(V360/R360)+Start!$D$19*(VLOOKUP(N360,Start!$M$33:$N$39,2,FALSE)/R360)+VLOOKUP(O360,Start!$C$33:$D$40,2,FALSE)","v":1}]
[null,null,"Yes","BNA1117","Pirelli Deutschland GmbH","Industriekraftwerk Breuberg",64747,"Breuberg","Höchster Str. 48-60","Hessen",null,"01.08.1999","Gas","Gas","CCGT","Steam turbine","OPSD (2018)",0.38390000000000002,"OPSD (2018)",11.4,{"$f":"(1-VLOOKUP(O361,Start!$H$33:$I$40,2,FALSE)/100)*T361","v":9.918000000000001},{"$f":"VLOOKUP(N361,Start!$C$9:$D$15,2,FALSE)+VLOOKUP(N361,Start!$C$23:$D$29,2,FALSE)","v":10.67},{"$f":"(V361/R361)+Start!$D$19*(VLOOKUP(N361,Start!$M$33:$N$39,2,FALSE)/R361)+VLOOKUP(O361,Start!$C$33:$D$40,2,FALSE)","v":42.257384735608234}]
[null,null,"Yes","BNA1119","Zweckverband Abfallverwertung Südostbayern","MHKW Burgkirchen",84508,"Burgkirchen","Bruck 110","Bayern",null,"15.01.1994","Waste","Waste","Waste","Steam turbine","OPSD (2018)",0.33,"OPSD (2018)",12.5,{"$f":"(1-VLOOKUP(O362,Start!$H$33:$I$40,2,FALSE)/100)*T362","v":10.625},{"$f":"VLOOKUP(N362,Start!$C$9:$D$15,2,FALSE)+VLOOKUP(N362,Start!$C$23:$D$29,2,FALSE)","v":0},{"$f":"(V362/R362)+Start!$D$19*(VLOOKUP(N362,Start!$M$33:$N$39,2,FALSE)/R362)+VLOOKUP(O362,Start!$C$33:$D$40,2,FALSE)","v":1}]
[null,null,"Yes","BNA1120","RÜTGERS Germany GmbH","Energiezentrale",44579,"Castrop-Rauxel","Kekulestraße 30","Nordrhein-Westfalen","Gasturbine","01.06.1991","Multiple","Gas","OCGT","Gas turbine","OPSD (2018)",0.35659999999999997,"OPSD (2018)",10.199999999999999,{"$f":"(1-VLOOKUP(O363,Start!$H$33:$I$40,2,FALSE)/100)*T363","v":8.8739999999999988},{"$f":"VLOOKUP(N363,Start!$C$9:$D$15,2,FALSE)+VLOOKUP(N363,Start!$C$23:$D$29,2,FALSE)","v":10.67},{"$f":"(V363/R363)+Start!$D$19*(VLOOKUP(N363,Start!$M$33:$N$39,2,FALSE)/R363)+VLOOKUP(O363,Start!$C$33:$D$40,2,FALSE)","v":44.877621985417839}]
[null,null,"Yes","BNA1121","RÜTGERS Germany GmbH","Energiezentrale",44579,"Castrop-Rauxel","Kekulestraße 30","Nordrhein-Westfalen","Energiecenter","09.01.2005","Multiple","Gas","CCGT","Steam turbine","OPSD (2018)",0.39050000000000001,"OPSD (2018)",0.88,{"$f":"(1-VLOOKUP(O364,Start!$H$33:$I$40,2,FALSE)/100)*T364","v":0.76559999999999995},{"$f":"VLOOKUP(N364,Start!$C$9:$D$15,2,FALSE)+VLOOKUP(N364,Start!$C$23:$D$29,2,FALSE)","v":10.67},{"$f":"(V364/R364)+Start!$D$19*(VLOOKUP(N364,Start!$M$33:$N$39,2,FALSE)/R364)+VLOOKUP(O364,Start!$C$33:$D$40,2,FALSE)","v":41.56852752880922}]
[null,null,"Yes","BNA1125","Merck KGaA","Heizkraftwerk",64293,"Darmstadt ","Frankfurter Str. 250","Hessen","GT","20.12.1999","Multiple","Gas","OCGT","Gas turbine","OPSD (2018)",0.37740000000000001,"OPSD (2018)",10,{"$f":"(1-VLOOKUP(O365,Start!$H$33:$I$40,2,FALSE)/100)*T365","v":8.6999999999999993},{"$f":"VLOOKUP(N365,Start!$C$9:$D$15,2,FALSE)+VLOOKUP(N365,Start!$C$23:$D$29,2,FALSE)","v":10.67},{"$f":"(V365/R365)+Start!$D$19*(VLOOKUP(N365,Start!$M$33:$N$39,2,FALSE)/R365)+VLOOKUP(O365,Start!$C$33:$D$40,2,FALSE)","v":42.459353471118177}]
[null,null,"Yes","BNA1131","Metsä Tissue GmbH (Werk Düren)","MT, Düren",52349,"Düren","Veldener Strasse 121 - 131","Nordrhein-Westfalen",null,"01.01.1940","Gas","Gas","CCGT","Steam turbine","OPSD (2018)",0.31900000000000001,"OPSD (2018)",14,{"$f":"(1-VLOOKUP(O366,Start!$H$33:$I$40,2,FALSE)/100)*T366","v":12.18},{"$f":"VLOOKUP(N366,Start!$C$9:$D$15,2,FALSE)+VLOOKUP(N366,Start!$C$23:$D$29,2,FALSE)","v":10.67},{"$f":"(V366/R366)+Start!$D$19*(VLOOKUP(N366,Start!$M$33:$N$39,2,FALSE)/R366)+VLOOKUP(O366,Start!$C$33:$D$40,2,FALSE)","v":50.549404388714741}]
[null,null,"Yes","BNA1138","Stadtwerke Erkrath GmbH","BHKW an Klinkerweg",40699,"Erkrath","Klinkerweg 4","Nordrhein-Westfalen","Module 1, 2 und 3","01.04.2000","Gas","Gas","CCGT","Steam turbine","OPSD (2018)",0.38500000000000001,"OPSD (2018)",10.199999999999999,{"$f":"(1-VLOOKUP(O367,Start!$H$33:$I$40,2,FALSE)/100)*T367","v":8.8739999999999988},{"$f":"VLOOKUP(N367,Start!$C$9:$D$15,2,FALSE)+VLOOKUP(N367,Start!$C$23:$D$29,2,FALSE)","v":10.67},{"$f":"(V367/R367)+Start!$D$19*(VLOOKUP(N367,Start!$M$33:$N$39,2,FALSE)/R367)+VLOOKUP(O367,Start!$C$33:$D$40,2,FALSE)","v":42.140935064935064}]
[null,null,"Yes","BNA1139","EEW Energy from Waste Saarbrücken GmbH","TREA Breisgau",79427,"Eschbach","Heitersheimer Straße 2","Baden-Württemberg",null,"15.07.2005","Waste","Waste","Waste","Steam turbine","OPSD (2018)",0.33,"OPSD (2018)",13.6,{"$f":"(1-VLOOKUP(O368,Start!$H$33:$I$40,2,FALSE)/100)*T368","v":11.559999999999999},{"$f":"VLOOKUP(N368,Start!$C$9:$D$15,2,FALSE)+VLOOKUP(N368,Start!$C$23:$D$29,2,FALSE)","v":0},{"$f":"(V368/R368)+Start!$D$19*(VLOOKUP(N368,Start!$M$33:$N$39,2,FALSE)/R368)+VLOOKUP(O368,Start!$C$33:$D$40,2,FALSE)","v":1}]
[null,null,"Yes","BNA1141","Pfeifer & Langen GmbH & Co. KG","P&L Werk Euskirchen",53879,"Euskirchen","Bonner Strasse 2","Nordrhein-Westfalen","Kessel 4 / 6","01.12.1991","Multiple","Lignite","Lignite","Steam turbine","OPSD (2018)",0.37840000000000001,"OPSD (2018)",14.5,{"$f":"(1-VLOOKUP(O369,Start!$H$33:$I$40,2,FALSE)/100)*T369","v":12.615},{"$f":"VLOOKUP(N369,Start!$C$9:$D$15,2,FALSE)+VLOOKUP(N369,Start!$C$23:$D$29,2,FALSE)","v":3.1},{"$f":"(V369/R369)+Start!$D$19*(VLOOKUP(N369,Start!$M$33:$N$39,2,FALSE)/R369)+VLOOKUP(O369,Start!$C$33:$D$40,2,FALSE)","v":36.327484143763222}]
[null,null,"Yes","BNA1144","EEW Energy from Waste Göppingen GmbH","EEW Göppingen",73037,"Göppingen",null,"Baden-Württemberg","Turb. Neu","01.07.1975","Waste","Waste","Waste","Steam turbine","OPSD (2018)",0.33,"OPSD (2018)",11,{"$f":"(1-VLOOKUP(O370,Start!$H$33:$I$40,2,FALSE)/100)*T370","v":9.35},{"$f":"VLOOKUP(N370,Start!$C$9:$D$15,2,FALSE)+VLOOKUP(N370,Start!$C$23:$D$29,2,FALSE)","v":0},{"$f":"(V370/R370)+Start!$D$19*(VLOOKUP(N370,Start!$M$33:$N$39,2,FALSE)/R370)+VLOOKUP(O370,Start!$C$33:$D$40,2,FALSE)","v":1}]
[null,null,"Yes","BNA1148","MHB Hamm Betriebsführungsgesellschaft mbH","MVA Hamm",59075,"Hamm","Am Lausbach 2","Nordrhein-Westfalen",null,"13.02.1986","Waste","Waste","Waste","Steam turbine","OPSD (2018)",0.33,"OPSD (2018)",14.58,{"$f":"(1-VLOOKUP(O371,Start!$H$33:$I$40,2,FALSE)/100)*T371","v":12.392999999999999},{"$f":"VLOOKUP(N371,Start!$C$9:$D$15,2,FALSE)+VLOOKUP(N371,Start!$C$23:$D$29,2,FALSE)","v":0},{"$f":"(V371/R371)+Start!$D$19*(VLOOKUP(N371,Start!$M$33:$N$39,2,FALSE)/R371)+VLOOKUP(O371,Start!$C$33:$D$40,2,FALSE)","v":1}]
[null,null,"Yes","BNA1151","innogy SE","KWKK Heidelberg",69120,"Heidelberg","Neuenheimer Feld 530","Baden-Württemberg",null,"21.12.2001","Gas","Gas","CCGT","Steam turbine","OPSD (2018)",0.3861,"OPSD (2018)",13.5,{"$f":"(1-VLOOKUP(O372,Start!$H$33:$I$40,2,FALSE)/100)*T372","v":11.744999999999999},{"$f":"VLOOKUP(N372,Start!$C$9:$D$15,2,FALSE)+VLOOKUP(N372,Start!$C$23:$D$29,2,FALSE)","v":10.67},{"$f":"(V372/R372)+Start!$D$19*(VLOOKUP(N372,Start!$M$33:$N$39,2,FALSE)/R372)+VLOOKUP(O372,Start!$C$33:$D$40,2,FALSE)","v":42.025148925148926}]
[null,null,"Yes","BNA1154","AGR Abfallentsorgungsgesellschaft Ruhrgebiet mbH","RZR Herten I",45699,"Herten","Im Emscherbruch 11","Nordrhein-Westfalen","RZR I","06.01.1982","Waste","Waste","Waste","Steam turbine","OPSD (2018)",0.33,"OPSD (2018)",15.5,{"$f":"(1-VLOOKUP(O373,Start!$H$33:$I$40,2,FALSE)/100)*T373","v":13.174999999999999},{"$f":"VLOOKUP(N373,Start!$C$9:$D$15,2,FALSE)+VLOOKUP(N373,Start!$C$23:$D$29,2,FALSE)","v":0},{"$f":"(V373/R373)+Start!$D$19*(VLOOKUP(N373,Start!$M$33:$N$39,2,FALSE)/R373)+VLOOKUP(O373,Start!$C$33:$D$40,2,FALSE)","v":1}]
[null,null,"Yes","BNA1155","AGR Abfallentsorgungsgesellschaft Ruhrgebiet mbH","RZR Herten II",45699,"Herten","Im Emscherbruch 11","Nordrhein-Westfalen","RZR II","07.01.2009","Waste","Waste","Waste","Steam turbine","OPSD (2018)",0.33,"OPSD (2018)",11.7,{"$f":"(1-VLOOKUP(O374,Start!$H$33:$I$40,2,FALSE)/100)*T374","v":9.9449999999999985},{"$f":"VLOOKUP(N374,Start!$C$9:$D$15,2,FALSE)+VLOOKUP(N374,Start!$C$23:$D$29,2,FALSE)","v":0},{"$f":"(V374/R374)+Start!$D$19*(VLOOKUP(N374,Start!$M$33:$N$39,2,FALSE)/R374)+VLOOKUP(O374,Start!$C$33:$D$40,2,FALSE)","v":1}]
[null,null,"Yes","BNA1161","Zweckverband Müllverwertungsanlage Ingolstadt (MVA Ingolstadt)","MVA Ingolstadt",85055,"Ingolstadt","Am Mailinger Bach 141","Bayern","Müllheizkraftwerk (MHKW)","26.10.1984","Waste","Waste","Waste","Steam turbine","OPSD (2018)",0.33,"OPSD (2018)",25.5,{"$f":"(1-VLOOKUP(O375,Start!$H$33:$I$40,2,FALSE)/100)*T375","v":21.675000000000001},{"$f":"VLOOKUP(N375,Start!$C$9:$D$15,2,FALSE)+VLOOKUP(N375,Start!$C$23:$D$29,2,FALSE)","v":0},{"$f":"(V375/R375)+Start!$D$19*(VLOOKUP(N375,Start!$M$33:$N$39,2,FALSE)/R375)+VLOOKUP(O375,Start!$C$33:$D$40,2,FALSE)","v":1}]
[null,null,"Yes","BNA1164","Pfeifer & Langen GmbH & Co. KG","P&L Werk Jülich",52428,"Jülich","Dürenerstr. 20","Nordrhein-Westfalen","Kessel 5","15.09.2013","Lignite","Lignite","Lignite","Steam turbine","OPSD (2018)",0.43120000000000003,"OPSD (2018)",23.22,{"$f":"(1-VLOOKUP(O376,Start!$H$33:$I$40,2,FALSE)/100)*T376","v":20.2014},{"$f":"VLOOKUP(N376,Start!$C$9:$D$15,2,FALSE)+VLOOKUP(N376,Start!$C$23:$D$29,2,FALSE)","v":3.1},{"$f":"(V376/R376)+Start!$D$19*(VLOOKUP(N376,Start!$M$33:$N$39,2,FALSE)/R376)+VLOOKUP(O376,Start!$C$33:$D$40,2,FALSE)","v":32.0873840445269}]
[null,null,"Yes","BNA1165","Pfeifer & Langen GmbH & Co. KG","P&L Werk Appeldorn",47546,"Kalkar","Reeser Str 280-300","Nordrhein-Westfalen","Lentjes-Kessel","23.09.2002","Multiple","Gas","CCGT","Steam turbine","OPSD (2018)",0.38719999999999999,"OPSD (2018)",11.4,{"$f":"(1-VLOOKUP(O377,Start!$H$33:$I$40,2,FALSE)/100)*T377","v":9.918000000000001},{"$f":"VLOOKUP(N377,Start!$C$9:$D$15,2,FALSE)+VLOOKUP(N377,Start!$C$23:$D$29,2,FALSE)","v":10.67},{"$f":"(V377/R377)+Start!$D$19*(VLOOKUP(N377,Start!$M$33:$N$39,2,FALSE)/R377)+VLOOKUP(O377,Start!$C$33:$D$40,2,FALSE)","v":41.910020661157027}]
[null,null,"Yes","BNA1166","Kreis Weseler Abfallgesellschaft mbH & Co. KG (KWA)","Abfallentsorgungszentrum Asdonkshof",47475,"Kamp-Lintfort","Graftstr. 25","Nordrhein-Westfalen","Notstromdiesel","01.04.1997","Petroleum","Oil","Oil","Steam turbine","OPSD (2018)",0.38169999999999998,"OPSD (2018)",4.8,{"$f":"(1-VLOOKUP(O378,Start!$H$33:$I$40,2,FALSE)/100)*T378","v":4.08},{"$f":"VLOOKUP(N378,Start!$C$9:$D$15,2,FALSE)+VLOOKUP(N378,Start!$C$23:$D$29,2,FALSE)","v":23.2},{"$f":"(V378/R378)+Start!$D$19*(VLOOKUP(N378,Start!$M$33:$N$39,2,FALSE)/R378)+VLOOKUP(O378,Start!$C$33:$D$40,2,FALSE)","v":79.943673041655757}]
[null,null,"Yes","BNA1167","Kreis Weseler Abfallgesellschaft mbH & Co. KG (KWA)","Abfallentsorgungszentrum Asdonkshof",47475,"Kamp-Lintfort","Graftstr. 25","Nordrhein-Westfalen","MVA","01.04.1997","Waste","Waste","Waste","Steam turbine","OPSD (2018)",0.33,"OPSD (2018)",16,{"$f":"(1-VLOOKUP(O379,Start!$H$33:$I$40,2,FALSE)/100)*T379","v":13.6},{"$f":"VLOOKUP(N379,Start!$C$9:$D$15,2,FALSE)+VLOOKUP(N379,Start!$C$23:$D$29,2,FALSE)","v":0},{"$f":"(V379/R379)+Start!$D$19*(VLOOKUP(N379,Start!$M$33:$N$39,2,FALSE)/R379)+VLOOKUP(O379,Start!$C$33:$D$40,2,FALSE)","v":1}]
[null,null,"Yes","BNA1168","Müllheizkraftwerk Kassel GmbH","Müllheizkraftwerk",34123,"Kassel",null,"Hessen",null,"17.12.1985","Other","Waste","Waste","Steam turbine","OPSD (2018)",0.33,"OPSD (2018)",14.7,{"$f":"(1-VLOOKUP(O380,Start!$H$33:$I$40,2,FALSE)/100)*T380","v":12.494999999999999},{"$f":"VLOOKUP(N380,Start!$C$9:$D$15,2,FALSE)+VLOOKUP(N380,Start!$C$23:$D$29,2,FALSE)","v":0},{"$f":"(V380/R380)+Start!$D$19*(VLOOKUP(N380,Start!$M$33:$N$39,2,FALSE)/R380)+VLOOKUP(O380,Start!$C$33:$D$40,2,FALSE)","v":1}]
[null,null,"Yes","BNA1182","RheinEnergie AG","HKW Merkenich",50769,"Köln",null,"Nordrhein-Westfalen","Block 4","12.10.2010","Gas","Gas","CCGT","Steam turbine","OPSD (2018)",0.39600000000000002,"OPSD (2018)",15.5,{"$f":"(1-VLOOKUP(O381,Start!$H$33:$I$40,2,FALSE)/100)*T381","v":13.484999999999999},{"$f":"VLOOKUP(N381,Start!$C$9:$D$15,2,FALSE)+VLOOKUP(N381,Start!$C$23:$D$29,2,FALSE)","v":10.67},{"$f":"(V381/R381)+Start!$D$19*(VLOOKUP(N381,Start!$M$33:$N$39,2,FALSE)/R381)+VLOOKUP(O381,Start!$C$33:$D$40,2,FALSE)","v":41.012020202020203}]
[null,null,"Yes","BNA1183","RheinEnergie AG","HKW Merheim",51109,"Köln",null,"Nordrhein-Westfalen","GuD","08.03.2001","Gas","Gas","CCGT","Combined cycle","OPSD (2018)",0.54449999999999998,"OPSD (2018)",15.8,{"$f":"(1-VLOOKUP(O382,Start!$H$33:$I$40,2,FALSE)/100)*T382","v":13.746},{"$f":"VLOOKUP(N382,Start!$C$9:$D$15,2,FALSE)+VLOOKUP(N382,Start!$C$23:$D$29,2,FALSE)","v":10.67},{"$f":"(V382/R382)+Start!$D$19*(VLOOKUP(N382,Start!$M$33:$N$39,2,FALSE)/R382)+VLOOKUP(O382,Start!$C$33:$D$40,2,FALSE)","v":30.236014692378326}]
[null,null,"Yes","BNA1184","AVG Köln mbH","RMVA Köln",50735,"Köln","Geestemünder Str. 23","Nordrhein-Westfalen","RMVA Köln","01.02.1998","Waste","Waste","Waste","Steam turbine","OPSD (2018)",0.33,"OPSD (2018)",45.1,{"$f":"(1-VLOOKUP(O383,Start!$H$33:$I$40,2,FALSE)/100)*T383","v":38.335000000000001},{"$f":"VLOOKUP(N383,Start!$C$9:$D$15,2,FALSE)+VLOOKUP(N383,Start!$C$23:$D$29,2,FALSE)","v":0},{"$f":"(V383/R383)+Start!$D$19*(VLOOKUP(N383,Start!$M$33:$N$39,2,FALSE)/R383)+VLOOKUP(O383,Start!$C$33:$D$40,2,FALSE)","v":1}]
[null,null,"Yes","BNA1185","Pfeifer & Langen GmbH & Co. KG","P&L Werk Könnern",6420,"Könnern","An den Sieben Stücken","Sachsen-Anhalt","Kessel 1 und 2","31.03.2014","Multiple","Lignite","Lignite","Steam turbine","OPSD (2018)",0.43359999999999999,"OPSD (2018)",20.3,{"$f":"(1-VLOOKUP(O384,Start!$H$33:$I$40,2,FALSE)/100)*T384","v":17.661000000000001},{"$f":"VLOOKUP(N384,Start!$C$9:$D$15,2,FALSE)+VLOOKUP(N384,Start!$C$23:$D$29,2,FALSE)","v":3.1},{"$f":"(V384/R384)+Start!$D$19*(VLOOKUP(N384,Start!$M$33:$N$39,2,FALSE)/R384)+VLOOKUP(O384,Start!$C$33:$D$40,2,FALSE)","v":31.919188191881918}]
[null,null,"Yes","BNA1186b","EGK Entsorgungsgesellschaft Krefeld GmbH & Co.KG","MKVA Krefeld",47829,"Krefeld","Parkstr. 234","Nordrhein-Westfalen","Turbine 4","01.01.2002","Waste","Waste","Waste","Steam turbine","OPSD (2018)",0.33,"OPSD (2018)",13.8,{"$f":"(1-VLOOKUP(O385,Start!$H$33:$I$40,2,FALSE)/100)*T385","v":11.73},{"$f":"VLOOKUP(N385,Start!$C$9:$D$15,2,FALSE)+VLOOKUP(N385,Start!$C$23:$D$29,2,FALSE)","v":0},{"$f":"(V385/R385)+Start!$D$19*(VLOOKUP(N385,Start!$M$33:$N$39,2,FALSE)/R385)+VLOOKUP(O385,Start!$C$33:$D$40,2,FALSE)","v":1}]
[null,null,"Yes","BNA1186c","EGK Entsorgungsgesellschaft Krefeld GmbH & Co.KG","MKVA Krefeld",47829,"Krefeld","Parkstr. 234","Nordrhein-Westfalen","Turbine 2","01.01.1976","Waste","Waste","Waste","Steam turbine","OPSD (2018)",0.33,"OPSD (2018)",1.5,{"$f":"(1-VLOOKUP(O386,Start!$H$33:$I$40,2,FALSE)/100)*T386","v":1.2749999999999999},{"$f":"VLOOKUP(N386,Start!$C$9:$D$15,2,FALSE)+VLOOKUP(N386,Start!$C$23:$D$29,2,FALSE)","v":0},{"$f":"(V386/R386)+Start!$D$19*(VLOOKUP(N386,Start!$M$33:$N$39,2,FALSE)/R386)+VLOOKUP(O386,Start!$C$33:$D$40,2,FALSE)","v":1}]
[null,null,"Yes","BNA1186d","EGK Entsorgungsgesellschaft Krefeld GmbH & Co.KG","MKVA Krefeld",47829,"Krefeld","Parkstr. 234","Nordrhein-Westfalen","Turbine 5","01.01.1997","Waste","Waste","Waste","Steam turbine","OPSD (2018)",0.33,"OPSD (2018)",2.8,{"$f":"(1-VLOOKUP(O387,Start!$H$33:$I$40,2,FALSE)/100)*T387","v":2.38},{"$f":"VLOOKUP(N387,Start!$C$9:$D$15,2,FALSE)+VLOOKUP(N387,Start!$C$23:$D$29,2,FALSE)","v":0},{"$f":"(V387/R387)+Start!$D$19*(VLOOKUP(N387,Start!$M$33:$N$39,2,FALSE)/R387)+VLOOKUP(O387,Start!$C$33:$D$40,2,FALSE)","v":1}]
[null,null,"Yes","BNA1186e","EGK Entsorgungsgesellschaft Krefeld GmbH & Co.KG","MKVA Krefeld",47829,"Krefeld","Parkstr. 234","Nordrhein-Westfalen","Turbine 1","01.01.1976","Waste","Waste","Waste","Steam turbine","OPSD (2018)",0.33,"OPSD (2018)",1.5,{"$f":"(1-VLOOKUP(O388,Start!$H$33:$I$40,2,FALSE)/100)*T388","v":1.2749999999999999},{"$f":"VLOOKUP(N388,Start!$C$9:$D$15,2,FALSE)+VLOOKUP(N388,Start!$C$23:$D$29,2,FALSE)","v":0},{"$f":"(V388/R388)+Start!$D$19*(VLOOKUP(N388,Start!$M$33:$N$39,2,FALSE)/R388)+VLOOKUP(O388,Start!$C$33:$D$40,2,FALSE)","v":1}]
[null,null,"Yes","BNA1187","Pfeifer & Langen GmbH & Co. KG","P&L Werk Lage",32791,"Lage","Heidensche Str. 70","Nordrhein-Westfalen","Kessel 1/2/3","12.09.2017","Multiple","Gas","CCGT","Steam turbine","OPSD (2018)",0.4037,"OPSD (2018)",10.199999999999999,{"$f":"(1-VLOOKUP(O389,Start!$H$33:$I$40,2,FALSE)/100)*T389","v":8.8739999999999988},{"$f":"VLOOKUP(N389,Start!$C$9:$D$15,2,FALSE)+VLOOKUP(N389,Start!$C$23:$D$29,2,FALSE)","v":10.67},{"$f":"(V389/R389)+Start!$D$19*(VLOOKUP(N389,Start!$M$33:$N$39,2,FALSE)/R389)+VLOOKUP(O389,Start!$C$33:$D$40,2,FALSE)","v":40.25838493931137}]
[null,null,"Yes","BNA1190","Steag GmbH","Thermische Abfallbehandlung Lauta GmbH & Co. oHG",2991,"Lauta","Industrie- und Gewerbegebiet Lauta, \nStraße B Nr. 5","Sachsen",null,"21.07.2004","Waste","Waste","Waste","Steam turbine","OPSD (2018)",0.33,"OPSD (2018)",15.7,{"$f":"(1-VLOOKUP(O390,Start!$H$33:$I$40,2,FALSE)/100)*T390","v":13.344999999999999},{"$f":"VLOOKUP(N390,Start!$C$9:$D$15,2,FALSE)+VLOOKUP(N390,Start!$C$23:$D$29,2,FALSE)","v":0},{"$f":"(V390/R390)+Start!$D$19*(VLOOKUP(N390,Start!$M$33:$N$39,2,FALSE)/R390)+VLOOKUP(O390,Start!$C$33:$D$40,2,FALSE)","v":1}]
[null,null,"Yes","BNA1193","Stadtwerke Lemgo GmbH","HKW-West",32657,"Lemgo ","Liemer Weg 71","Nordrhein-Westfalen",null,"01.10.2001","Gas","Gas","CCGT","Steam turbine","OPSD (2018)",0.3861,"OPSD (2018)",12.6,{"$f":"(1-VLOOKUP(O391,Start!$H$33:$I$40,2,FALSE)/100)*T391","v":10.962},{"$f":"VLOOKUP(N391,Start!$C$9:$D$15,2,FALSE)+VLOOKUP(N391,Start!$C$23:$D$29,2,FALSE)","v":10.67},{"$f":"(V391/R391)+Start!$D$19*(VLOOKUP(N391,Start!$M$33:$N$39,2,FALSE)/R391)+VLOOKUP(O391,Start!$C$33:$D$40,2,FALSE)","v":42.025148925148926}]
[null,null,"Yes","BNA1196a","MVV Energie AG","BHKW Ludwigshafen",67065,"Ludwigshafen","Giulinistraße 2","Rheinland-Pfalz","BHKW ","12.06.2008","Gas","Gas","CCGT","Steam turbine","OPSD (2018)",0.39379999999999998,"OPSD (2018)",12.5,{"$f":"(1-VLOOKUP(O392,Start!$H$33:$I$40,2,FALSE)/100)*T392","v":10.875},{"$f":"VLOOKUP(N392,Start!$C$9:$D$15,2,FALSE)+VLOOKUP(N392,Start!$C$23:$D$29,2,FALSE)","v":10.67},{"$f":"(V392/R392)+Start!$D$19*(VLOOKUP(N392,Start!$M$33:$N$39,2,FALSE)/R392)+VLOOKUP(O392,Start!$C$33:$D$40,2,FALSE)","v":41.232757745048254}]
[null,null,"Yes","BNA1196b","MVV Energie AG","Industriekraftwerk Ludwigshafen",67065,"Ludwigshafen","Giulinistr. 2","Rheinland-Pfalz","GuD","01.03.2003","Gas","Gas","CCGT","Combined cycle","OPSD (2018)",0.55349999999999999,"OPSD (2018)",11.96,{"$f":"(1-VLOOKUP(O393,Start!$H$33:$I$40,2,FALSE)/100)*T393","v":10.405200000000001},{"$f":"VLOOKUP(N393,Start!$C$9:$D$15,2,FALSE)+VLOOKUP(N393,Start!$C$23:$D$29,2,FALSE)","v":10.67},{"$f":"(V393/R393)+Start!$D$19*(VLOOKUP(N393,Start!$M$33:$N$39,2,FALSE)/R393)+VLOOKUP(O393,Start!$C$33:$D$40,2,FALSE)","v":29.768762420957543}]
[null,null,"Yes","BNA1197","Technische Werke Ludwigshafen AG","FHKW Ludwigshafen",67063,"Ludwigshafen","Industriestr. 3 ","Rheinland-Pfalz","FHKW","01.08.1967","Waste","Waste","Waste","Steam turbine","OPSD (2018)",0.33,"OPSD (2018)",28,{"$f":"(1-VLOOKUP(O394,Start!$H$33:$I$40,2,FALSE)/100)*T394","v":23.8},{"$f":"VLOOKUP(N394,Start!$C$9:$D$15,2,FALSE)+VLOOKUP(N394,Start!$C$23:$D$29,2,FALSE)","v":0},{"$f":"(V394/R394)+Start!$D$19*(VLOOKUP(N394,Start!$M$33:$N$39,2,FALSE)/R394)+VLOOKUP(O394,Start!$C$33:$D$40,2,FALSE)","v":1}]
[null,null,"Yes","BNA1198","SUEZ Energie und Verwertung GmbH","SITA Abfallverwertung GmbH ",6686,"Lützen OT Zorbau","Bayerische Str.20","Sachsen-Anhalt",null,"22.06.2005","Waste","Waste","Waste","Steam turbine","OPSD (2018)",0.33,"OPSD (2018)",23,{"$f":"(1-VLOOKUP(O395,Start!$H$33:$I$40,2,FALSE)/100)*T395","v":19.55},{"$f":"VLOOKUP(N395,Start!$C$9:$D$15,2,FALSE)+VLOOKUP(N395,Start!$C$23:$D$29,2,FALSE)","v":0},{"$f":"(V395/R395)+Start!$D$19*(VLOOKUP(N395,Start!$M$33:$N$39,2,FALSE)/R395)+VLOOKUP(O395,Start!$C$33:$D$40,2,FALSE)","v":1}]
[null,null,"Yes","BNA1199","Entsorgungsgesellschaft Mainz mbH","MHKW Mainz",55120,"Mainz","Kraftwerkallee 1","Rheinland-Pfalz",null,"01.12.2009","Waste","Waste","Waste","Steam turbine","OPSD (2018)",0.33,"OPSD (2018)",15.6,{"$f":"(1-VLOOKUP(O396,Start!$H$33:$I$40,2,FALSE)/100)*T396","v":13.26},{"$f":"VLOOKUP(N396,Start!$C$9:$D$15,2,FALSE)+VLOOKUP(N396,Start!$C$23:$D$29,2,FALSE)","v":0},{"$f":"(V396/R396)+Start!$D$19*(VLOOKUP(N396,Start!$M$33:$N$39,2,FALSE)/R396)+VLOOKUP(O396,Start!$C$33:$D$40,2,FALSE)","v":1}]
[null,null,"Yes","BNA1212","Vereinigte Wertach-Elektrizitätswerke GmbH","DKW Nord",87719,"Mindelheim","Mindelmähderweg 10","Bayern",null,"17.11.1988","Petroleum","Oil","Oil","Steam turbine","OPSD (2018)",0.37180000000000002,"OPSD (2018)",11.4,{"$f":"(1-VLOOKUP(O397,Start!$H$33:$I$40,2,FALSE)/100)*T397","v":9.69},{"$f":"VLOOKUP(N397,Start!$C$9:$D$15,2,FALSE)+VLOOKUP(N397,Start!$C$23:$D$29,2,FALSE)","v":23.2},{"$f":"(V397/R397)+Start!$D$19*(VLOOKUP(N397,Start!$M$33:$N$39,2,FALSE)/R397)+VLOOKUP(O397,Start!$C$33:$D$40,2,FALSE)","v":82.045723507261968}]
[null,null,"Yes","BNA1222","Energieversorgung Offenbach AG","Müllheizkraftwerk Offenbach",63069,"Offenbach",null,"Hessen",null,"01.01.1972","Waste","Waste","Waste","Steam turbine","OPSD (2018)",0.33,"OPSD (2018)",14.5,{"$f":"(1-VLOOKUP(O398,Start!$H$33:$I$40,2,FALSE)/100)*T398","v":12.324999999999999},{"$f":"VLOOKUP(N398,Start!$C$9:$D$15,2,FALSE)+VLOOKUP(N398,Start!$C$23:$D$29,2,FALSE)","v":0},{"$f":"(V398/R398)+Start!$D$19*(VLOOKUP(N398,Start!$M$33:$N$39,2,FALSE)/R398)+VLOOKUP(O398,Start!$C$33:$D$40,2,FALSE)","v":1}]
[null,null,"Yes","BNA1227","Vereinigte Wertach-Elektrizitätswerke GmbH","DKW Leinau",87666,"Pforzen","Am Kraftwerk 1","Bayern",null,"05.12.1978","Petroleum","Oil","Oil","Steam turbine","OPSD (2018)",0.36080000000000001,"OPSD (2018)",11.4,{"$f":"(1-VLOOKUP(O399,Start!$H$33:$I$40,2,FALSE)/100)*T399","v":9.69},{"$f":"VLOOKUP(N399,Start!$C$9:$D$15,2,FALSE)+VLOOKUP(N399,Start!$C$23:$D$29,2,FALSE)","v":23.2},{"$f":"(V399/R399)+Start!$D$19*(VLOOKUP(N399,Start!$M$33:$N$39,2,FALSE)/R399)+VLOOKUP(O399,Start!$C$33:$D$40,2,FALSE)","v":84.516629711751662}]
[null,null,"Yes","BNA1229","EEW Energy from Waste Saarbrücken GmbH","MHKW Pirmasens",66954,"Pirmasens","Am Staffelberg 2-4","Rheinland-Pfalz",null,"01.01.1999","Waste","Waste","Waste","Steam turbine","OPSD (2018)",0.33,"OPSD (2018)",15,{"$f":"(1-VLOOKUP(O400,Start!$H$33:$I$40,2,FALSE)/100)*T400","v":12.75},{"$f":"VLOOKUP(N400,Start!$C$9:$D$15,2,FALSE)+VLOOKUP(N400,Start!$C$23:$D$29,2,FALSE)","v":0},{"$f":"(V400/R400)+Start!$D$19*(VLOOKUP(N400,Start!$M$33:$N$39,2,FALSE)/R400)+VLOOKUP(O400,Start!$C$33:$D$40,2,FALSE)","v":1}]
[null,null,"Yes","BNA1232","EEW Energy from Waste Premnitz GmbH","ZWSF",14727,"Premnitz","Dr. Herbert-Rein-Straße 1","Brandenburg","ZWSF","08.01.2004","Waste","Waste","Waste","Steam turbine","OPSD (2018)",0.33,"OPSD (2018)",2.5,{"$f":"(1-VLOOKUP(O401,Start!$H$33:$I$40,2,FALSE)/100)*T401","v":2.125},{"$f":"VLOOKUP(N401,Start!$C$9:$D$15,2,FALSE)+VLOOKUP(N401,Start!$C$23:$D$29,2,FALSE)","v":0},{"$f":"(V401/R401)+Start!$D$19*(VLOOKUP(N401,Start!$M$33:$N$39,2,FALSE)/R401)+VLOOKUP(O401,Start!$C$33:$D$40,2,FALSE)","v":1}]
[null,null,"Yes","BNA1233","EEW Energy from Waste Premnitz GmbH","EVE",14727,"Premnitz","Dr. Herbert-Rein-Straße 1","Brandenburg","EVE","09.06.2009","Waste","Waste","Waste","Steam turbine","OPSD (2018)",0.33,"OPSD (2018)",14.5,{"$f":"(1-VLOOKUP(O402,Start!$H$33:$I$40,2,FALSE)/100)*T402","v":12.324999999999999},{"$f":"VLOOKUP(N402,Start!$C$9:$D$15,2,FALSE)+VLOOKUP(N402,Start!$C$23:$D$29,2,FALSE)","v":0},{"$f":"(V402/R402)+Start!$D$19*(VLOOKUP(N402,Start!$M$33:$N$39,2,FALSE)/R402)+VLOOKUP(O402,Start!$C$33:$D$40,2,FALSE)","v":1}]
[null,null,"Yes","BNA1238","Molkerei MEGGLE Wasserburg GmbH & Co. KG","Kraftwerk Meggle",83512,"Reitmehring","Megglestraße 6 - 12","Bayern",null,"01.06.2000","Gas","Gas","CCGT","Steam turbine","OPSD (2018)",0.38500000000000001,"OPSD (2018)",15.1,{"$f":"(1-VLOOKUP(O403,Start!$H$33:$I$40,2,FALSE)/100)*T403","v":13.137},{"$f":"VLOOKUP(N403,Start!$C$9:$D$15,2,FALSE)+VLOOKUP(N403,Start!$C$23:$D$29,2,FALSE)","v":10.67},{"$f":"(V403/R403)+Start!$D$19*(VLOOKUP(N403,Start!$M$33:$N$39,2,FALSE)/R403)+VLOOKUP(O403,Start!$C$33:$D$40,2,FALSE)","v":42.140935064935064}]
[null,null,"Yes","BNA1243","Vattenfall Europe New Energy Ecopower GmbH","EBS-HKW Rostock",18147,"Rostock","Ost-West-Straße 25","Mecklenburg-Vorpommern",null,"1905-07-01","Waste","Waste","Waste","Steam turbine","OPSD (2018)",0.33,"OPSD (2018)",17,{"$f":"(1-VLOOKUP(O404,Start!$H$33:$I$40,2,FALSE)/100)*T404","v":14.45},{"$f":"VLOOKUP(N404,Start!$C$9:$D$15,2,FALSE)+VLOOKUP(N404,Start!$C$23:$D$29,2,FALSE)","v":0},{"$f":"(V404/R404)+Start!$D$19*(VLOOKUP(N404,Start!$M$33:$N$39,2,FALSE)/R404)+VLOOKUP(O404,Start!$C$33:$D$40,2,FALSE)","v":1}]
[null,null,"Yes","BNA1244","AVA Velsen GmbH","AVA Velsen",66127,"Saarbrücken-Velsen","Alte Grube Velsen 16","Saarland",null,"07.08.1997","Waste","Waste","Waste","Steam turbine","OPSD (2018)",0.33,"OPSD (2018)",16,{"$f":"(1-VLOOKUP(O405,Start!$H$33:$I$40,2,FALSE)/100)*T405","v":13.6},{"$f":"VLOOKUP(N405,Start!$C$9:$D$15,2,FALSE)+VLOOKUP(N405,Start!$C$23:$D$29,2,FALSE)","v":0},{"$f":"(V405/R405)+Start!$D$19*(VLOOKUP(N405,Start!$M$33:$N$39,2,FALSE)/R405)+VLOOKUP(O405,Start!$C$33:$D$40,2,FALSE)","v":1}]
[null,null,"Yes","BNA1248b","UPM GmbH","HKW3 UPM Schongau",86956,"Schongau","Friedrich-Haindl-Strasse 10","Bayern","HKW 3","20.12.2014","Gas","Gas","CCGT","Steam turbine","OPSD (2018)",0.40039999999999998,"OPSD (2018)",76,{"$f":"(1-VLOOKUP(O406,Start!$H$33:$I$40,2,FALSE)/100)*T406","v":66.12},{"$f":"VLOOKUP(N406,Start!$C$9:$D$15,2,FALSE)+VLOOKUP(N406,Start!$C$23:$D$29,2,FALSE)","v":10.67},{"$f":"(V406/R406)+Start!$D$19*(VLOOKUP(N406,Start!$M$33:$N$39,2,FALSE)/R406)+VLOOKUP(O406,Start!$C$33:$D$40,2,FALSE)","v":40.577822177822185}]
[null,null,"Yes","BNA1249","UPM GmbH","UPM Schongau",86956,"Schongau","Friedrich-Haindl-Strasse 10","Bayern","Heizkraftwerk 2","21.01.1989","Multiple","Gas","CCGT","Steam turbine","OPSD (2018)",0.36299999999999999,"Assumption based on DIW (2014)",6,{"$f":"(1-VLOOKUP(O407,Start!$H$33:$I$40,2,FALSE)/100)*T407","v":5.22},{"$f":"VLOOKUP(N407,Start!$C$9:$D$15,2,FALSE)+VLOOKUP(N407,Start!$C$23:$D$29,2,FALSE)","v":10.67},{"$f":"(V407/R407)+Start!$D$19*(VLOOKUP(N407,Start!$M$33:$N$39,2,FALSE)/R407)+VLOOKUP(O407,Start!$C$33:$D$40,2,FALSE)","v":44.604022038567493}]
[null,null,"Yes","BNA1254","Zweckverband Müllverwertung Schwandorf","Müllkraftwerk Schwandorf",92421,"Schwandorf","Alustraße 7","Bayern",null,"31.08.1982","Waste","Waste","Waste","Steam turbine","OPSD (2018)",0.33,"OPSD (2018)",54,{"$f":"(1-VLOOKUP(O408,Start!$H$33:$I$40,2,FALSE)/100)*T408","v":45.9},{"$f":"VLOOKUP(N408,Start!$C$9:$D$15,2,FALSE)+VLOOKUP(N408,Start!$C$23:$D$29,2,FALSE)","v":0},{"$f":"(V408/R408)+Start!$D$19*(VLOOKUP(N408,Start!$M$33:$N$39,2,FALSE)/R408)+VLOOKUP(O408,Start!$C$33:$D$40,2,FALSE)","v":1}]
[null,null,"Yes","BNA1255","Kraftwerk Schwedt GmbH & Co. KG","Kraftwerk Schwedt GmbH & Co.KG",16303,"Schwedt",null,"Brandenburg",null,"01.04.2011","Multiple","Waste","Waste","Steam turbine","OPSD (2018)",0.33,"OPSD (2018)",28.9,{"$f":"(1-VLOOKUP(O409,Start!$H$33:$I$40,2,FALSE)/100)*T409","v":24.564999999999998},{"$f":"VLOOKUP(N409,Start!$C$9:$D$15,2,FALSE)+VLOOKUP(N409,Start!$C$23:$D$29,2,FALSE)","v":0},{"$f":"(V409/R409)+Start!$D$19*(VLOOKUP(N409,Start!$M$33:$N$39,2,FALSE)/R409)+VLOOKUP(O409,Start!$C$33:$D$40,2,FALSE)","v":1}]
[null,null,"Yes","BNA1260","Daimler AG","Heizkraftwerk Sindelfingen",71059,"Sindelfingen",null,"Baden-Württemberg","Sammelschienen-HKW","21.11.2013","Gas","Gas","CCGT","Steam turbine","OPSD (2018)",0.39929999999999999,"OPSD (2018)",95,{"$f":"(1-VLOOKUP(O410,Start!$H$33:$I$40,2,FALSE)/100)*T410","v":82.65},{"$f":"VLOOKUP(N410,Start!$C$9:$D$15,2,FALSE)+VLOOKUP(N410,Start!$C$23:$D$29,2,FALSE)","v":10.67},{"$f":"(V410/R410)+Start!$D$19*(VLOOKUP(N410,Start!$M$33:$N$39,2,FALSE)/R410)+VLOOKUP(O410,Start!$C$33:$D$40,2,FALSE)","v":40.685474580515901}]
[null,null,"Yes","BNA1261","EEW Energy from Waste Stapelfeld GmbH",null,22145,"Stapelfeld",null,"Schleswig-Holstein",null,"01.10.1979","Waste","Waste","Waste","Steam turbine","own assumption",0.33,"eigene Annahme",16.399999999999999,{"$f":"(1-VLOOKUP(O411,Start!$H$33:$I$40,2,FALSE)/100)*T411","v":13.939999999999998},{"$f":"VLOOKUP(N411,Start!$C$9:$D$15,2,FALSE)+VLOOKUP(N411,Start!$C$23:$D$29,2,FALSE)","v":0},{"$f":"(V411/R411)+Start!$D$19*(VLOOKUP(N411,Start!$M$33:$N$39,2,FALSE)/R411)+VLOOKUP(O411,Start!$C$33:$D$40,2,FALSE)","v":1}]
[null,null,"Yes","BNA1262","REMONDIS Thermische Abfallverwertung GmbH","REMONDIS Thermische Abfallverwertung GmbH",39418,"Staßfurt","Butterwecker Weg 6","Sachsen-Anhalt",null,"21.04.2008","Waste","Waste","Waste","Steam turbine","OPSD (2018)",0.33,"OPSD (2018)",24,{"$f":"(1-VLOOKUP(O412,Start!$H$33:$I$40,2,FALSE)/100)*T412","v":20.399999999999999},{"$f":"VLOOKUP(N412,Start!$C$9:$D$15,2,FALSE)+VLOOKUP(N412,Start!$C$23:$D$29,2,FALSE)","v":0},{"$f":"(V412/R412)+Start!$D$19*(VLOOKUP(N412,Start!$M$33:$N$39,2,FALSE)/R412)+VLOOKUP(O412,Start!$C$33:$D$40,2,FALSE)","v":1}]
[null,null,"Yes","BNA1264","Stadtwerke Suhl/Zella-Mehlis GmbH","HKW Bohrhügel",98528,"Suhl","Fröhliche-Mann-Straße 2","Thüringen",null,"02.12.1995","Multiple","Gas","CCGT","Steam turbine","OPSD (2018)",0.3795,"OPSD (2018)",13.5,{"$f":"(1-VLOOKUP(O413,Start!$H$33:$I$40,2,FALSE)/100)*T413","v":11.744999999999999},{"$f":"VLOOKUP(N413,Start!$C$9:$D$15,2,FALSE)+VLOOKUP(N413,Start!$C$23:$D$29,2,FALSE)","v":10.67},{"$f":"(V413/R413)+Start!$D$19*(VLOOKUP(N413,Start!$M$33:$N$39,2,FALSE)/R413)+VLOOKUP(O413,Start!$C$33:$D$40,2,FALSE)","v":42.729934123847173}]
[null,null,"Yes","BNA1271","K+S AG","Unterbreizbach",36414,"Unterbreizbach",null,"Thüringen","Unterbreizbach","01.01.1995","Gas","Gas","CCGT","Steam turbine","OPSD (2018)",0.3795,"OPSD (2018)",20,{"$f":"(1-VLOOKUP(O414,Start!$H$33:$I$40,2,FALSE)/100)*T414","v":17.399999999999999},{"$f":"VLOOKUP(N414,Start!$C$9:$D$15,2,FALSE)+VLOOKUP(N414,Start!$C$23:$D$29,2,FALSE)","v":10.67},{"$f":"(V414/R414)+Start!$D$19*(VLOOKUP(N414,Start!$M$33:$N$39,2,FALSE)/R414)+VLOOKUP(O414,Start!$C$33:$D$40,2,FALSE)","v":42.729934123847173}]
[null,null,"Yes","BNA1279","Basell Polyolefine GmbH","Gasturbine",50389,"Wesseling",null,"Nordrhein-Westfalen","D290","03.07.1996","Multiple","Gas","CCGT","Combined cycle","OPSD (2018)",0.52200000000000002,"OPSD (2018)",51.9,{"$f":"(1-VLOOKUP(O415,Start!$H$33:$I$40,2,FALSE)/100)*T415","v":45.152999999999999},{"$f":"VLOOKUP(N415,Start!$C$9:$D$15,2,FALSE)+VLOOKUP(N415,Start!$C$23:$D$29,2,FALSE)","v":10.67},{"$f":"(V415/R415)+Start!$D$19*(VLOOKUP(N415,Start!$M$33:$N$39,2,FALSE)/R415)+VLOOKUP(O415,Start!$C$33:$D$40,2,FALSE)","v":31.474636015325672}]
[null,null,"Yes","BNA1280","Basell Polyolefine GmbH","Kraftwerk",50389,"Wesseling",null,"Nordrhein-Westfalen","D210","03.07.1962","Multiple","Oil","Oil","Combined cycle","OPSD (2018)",0.38,"OPSD (2018)",90,{"$f":"(1-VLOOKUP(O416,Start!$H$33:$I$40,2,FALSE)/100)*T416","v":76.5},{"$f":"VLOOKUP(N416,Start!$C$9:$D$15,2,FALSE)+VLOOKUP(N416,Start!$C$23:$D$29,2,FALSE)","v":23.2},{"$f":"(V416/R416)+Start!$D$19*(VLOOKUP(N416,Start!$M$33:$N$39,2,FALSE)/R416)+VLOOKUP(O416,Start!$C$33:$D$40,2,FALSE)","v":80.296842105263153}]
[null,null,"Yes","BNA1284","Grace GmbH","Co-Generation",67547,"Worms","In der Hollerhecke 1","Rheinland-Pfalz","-","27.08.1991","Gas","Gas","CCGT","Steam turbine","OPSD (2018)",0.37509999999999999,"OPSD (2018)",11.5,{"$f":"(1-VLOOKUP(O417,Start!$H$33:$I$40,2,FALSE)/100)*T417","v":10.005000000000001},{"$f":"VLOOKUP(N417,Start!$C$9:$D$15,2,FALSE)+VLOOKUP(N417,Start!$C$23:$D$29,2,FALSE)","v":10.67},{"$f":"(V417/R417)+Start!$D$19*(VLOOKUP(N417,Start!$M$33:$N$39,2,FALSE)/R417)+VLOOKUP(O417,Start!$C$33:$D$40,2,FALSE)","v":43.213569714742739}]
[null,null,"Yes","BNA1285","K+S AG","Sigmundshall",31515,"Wunstorf",null,"Niedersachsen","Sigmundshall","01.01.1974","Gas","Gas","CCGT","Steam turbine","OPSD (2018)",0.35639999999999999,"OPSD (2018)",11,{"$f":"(1-VLOOKUP(O418,Start!$H$33:$I$40,2,FALSE)/100)*T418","v":9.57},{"$f":"VLOOKUP(N418,Start!$C$9:$D$15,2,FALSE)+VLOOKUP(N418,Start!$C$23:$D$29,2,FALSE)","v":10.67},{"$f":"(V418/R418)+Start!$D$19*(VLOOKUP(N418,Start!$M$33:$N$39,2,FALSE)/R418)+VLOOKUP(O418,Start!$C$33:$D$40,2,FALSE)","v":45.402244668911337}]
[null,null,"Yes","BNA1286","Zweckverband für Abfallwirtschaft Südwestthüringen (ZASt)","Restabfallbehandlungsanlage",98544,"Zella-Mehlis",null,"Thüringen",1,"13.11.2007","Waste","Waste","Waste","Steam turbine","OPSD (2018)",0.33,"OPSD (2018)",12.1,{"$f":"(1-VLOOKUP(O419,Start!$H$33:$I$40,2,FALSE)/100)*T419","v":10.285},{"$f":"VLOOKUP(N419,Start!$C$9:$D$15,2,FALSE)+VLOOKUP(N419,Start!$C$23:$D$29,2,FALSE)","v":0},{"$f":"(V419/R419)+Start!$D$19*(VLOOKUP(N419,Start!$M$33:$N$39,2,FALSE)/R419)+VLOOKUP(O419,Start!$C$33:$D$40,2,FALSE)","v":1}]
[null,null,"Yes","BNA1289","AMK - Abfallentsorgungsgesellschaft des Märkischen Kreises mbH","AMK - Abfallentsorgungsgesellschaft des Märkischen Kreises mbH",58636,"Iserlohn","Giesestraße 10","Nordrhein-Westfalen",null,"01.04.1981","Waste","Waste","Waste","Steam turbine","OPSD (2018)",0.33,"OPSD (2018)",12.61,{"$f":"(1-VLOOKUP(O420,Start!$H$33:$I$40,2,FALSE)/100)*T420","v":10.718499999999999},{"$f":"VLOOKUP(N420,Start!$C$9:$D$15,2,FALSE)+VLOOKUP(N420,Start!$C$23:$D$29,2,FALSE)","v":0},{"$f":"(V420/R420)+Start!$D$19*(VLOOKUP(N420,Start!$M$33:$N$39,2,FALSE)/R420)+VLOOKUP(O420,Start!$C$33:$D$40,2,FALSE)","v":1}]
[null,null,"Yes","BNA1291","IHKW Industrieheizkraftwerk Andernach GmbH","IHKW Andernach",56626,"Andernach","Koblenzer Straße 141","Rheinland-Pfalz",null,"14.01.2008","Waste","Waste","Waste","Steam turbine","OPSD (2018)",0.33,"OPSD (2018)",12.5,{"$f":"(1-VLOOKUP(O421,Start!$H$33:$I$40,2,FALSE)/100)*T421","v":10.625},{"$f":"VLOOKUP(N421,Start!$C$9:$D$15,2,FALSE)+VLOOKUP(N421,Start!$C$23:$D$29,2,FALSE)","v":0},{"$f":"(V421/R421)+Start!$D$19*(VLOOKUP(N421,Start!$M$33:$N$39,2,FALSE)/R421)+VLOOKUP(O421,Start!$C$33:$D$40,2,FALSE)","v":1}]
[null,null,"Yes","BNA1292b","Sales & Solutions GmbH","IHKW Heidenheim",89522,"Heidenheim","Alexanderstr. 8","Baden-Württemberg","BHKW-Anlage","06.11.2014","Gas","Gas","CCGT","Steam turbine","OPSD (2018)",0.40039999999999998,"OPSD (2018)",18.899999999999999,{"$f":"(1-VLOOKUP(O422,Start!$H$33:$I$40,2,FALSE)/100)*T422","v":16.442999999999998},{"$f":"VLOOKUP(N422,Start!$C$9:$D$15,2,FALSE)+VLOOKUP(N422,Start!$C$23:$D$29,2,FALSE)","v":10.67},{"$f":"(V422/R422)+Start!$D$19*(VLOOKUP(N422,Start!$M$33:$N$39,2,FALSE)/R422)+VLOOKUP(O422,Start!$C$33:$D$40,2,FALSE)","v":40.577822177822185}]
[null,null,"Yes","BNA1293a","Martinswerk GmbH","Kraftwerk",50127,"Bergheim","Kölner Straße 110","Nordrhein-Westfalen","K1/TG1","01.02.1995","Lignite","Lignite","Lignite","Steam turbine","OPSD (2018)",0.38800000000000001,"OPSD (2018)",10,{"$f":"(1-VLOOKUP(O423,Start!$H$33:$I$40,2,FALSE)/100)*T423","v":8.6999999999999993},{"$f":"VLOOKUP(N423,Start!$C$9:$D$15,2,FALSE)+VLOOKUP(N423,Start!$C$23:$D$29,2,FALSE)","v":3.1},{"$f":"(V423/R423)+Start!$D$19*(VLOOKUP(N423,Start!$M$33:$N$39,2,FALSE)/R423)+VLOOKUP(O423,Start!$C$33:$D$40,2,FALSE)","v":35.470721649484545}]
[null,null,"Yes","BNA1293b","Martinswerk GmbH","Kraftwerk",50127,"Bergheim","Kölner Straße 110","Nordrhein-Westfalen","K2/TG2","01.02.1995","Lignite","Lignite","Lignite","Steam turbine","OPSD (2018)",0.38800000000000001,"OPSD (2018)",10,{"$f":"(1-VLOOKUP(O424,Start!$H$33:$I$40,2,FALSE)/100)*T424","v":8.6999999999999993},{"$f":"VLOOKUP(N424,Start!$C$9:$D$15,2,FALSE)+VLOOKUP(N424,Start!$C$23:$D$29,2,FALSE)","v":3.1},{"$f":"(V424/R424)+Start!$D$19*(VLOOKUP(N424,Start!$M$33:$N$39,2,FALSE)/R424)+VLOOKUP(O424,Start!$C$33:$D$40,2,FALSE)","v":35.470721649484545}]
[null,null,"Yes","BNA1293c","Martinswerk GmbH","Kraftwerk",50127,"Bergheim","Kölner Straße 110","Nordrhein-Westfalen","K3+4/TG4","01.02.1995","Gas","Gas","CCGT","Steam turbine","OPSD (2018)",0.3795,"OPSD (2018)",3,{"$f":"(1-VLOOKUP(O425,Start!$H$33:$I$40,2,FALSE)/100)*T425","v":2.61},{"$f":"VLOOKUP(N425,Start!$C$9:$D$15,2,FALSE)+VLOOKUP(N425,Start!$C$23:$D$29,2,FALSE)","v":10.67},{"$f":"(V425/R425)+Start!$D$19*(VLOOKUP(N425,Start!$M$33:$N$39,2,FALSE)/R425)+VLOOKUP(O425,Start!$C$33:$D$40,2,FALSE)","v":42.729934123847173}]
[null,null,"Yes","BNA1293d","Martinswerk GmbH","Kraftwerk",50127,"Bergheim","Kölner Straße 110","Nordrhein-Westfalen","Diesel/G5","01.02.1995","Petroleum","Oil","Oil","Steam turbine","OPSD (2018)",0.3795,"OPSD (2018)",0.76,{"$f":"(1-VLOOKUP(O426,Start!$H$33:$I$40,2,FALSE)/100)*T426","v":0.64600000000000002},{"$f":"VLOOKUP(N426,Start!$C$9:$D$15,2,FALSE)+VLOOKUP(N426,Start!$C$23:$D$29,2,FALSE)","v":23.2},{"$f":"(V426/R426)+Start!$D$19*(VLOOKUP(N426,Start!$M$33:$N$39,2,FALSE)/R426)+VLOOKUP(O426,Start!$C$33:$D$40,2,FALSE)","v":80.401317523056662}]
[null,null,"Yes","BNA1295","AVA Abfallverwertung Augsburg GmbH","AVA GmbH",86167,"Augsburg","Am Mittleren Moos 60","Bayern","AHKW","16.09.1994","Waste","Waste","Waste","Steam turbine","OPSD (2018)",0.33,"OPSD (2018)",10,{"$f":"(1-VLOOKUP(O427,Start!$H$33:$I$40,2,FALSE)/100)*T427","v":8.5},{"$f":"VLOOKUP(N427,Start!$C$9:$D$15,2,FALSE)+VLOOKUP(N427,Start!$C$23:$D$29,2,FALSE)","v":0},{"$f":"(V427/R427)+Start!$D$19*(VLOOKUP(N427,Start!$M$33:$N$39,2,FALSE)/R427)+VLOOKUP(O427,Start!$C$33:$D$40,2,FALSE)","v":1}]
[null,null,"Yes","BNA1315","Universitätsklinikum Freiburg AdöR","HKW",79106,"Freiburg","Hartmannstrasse 1","Baden-Württemberg","HKW","01.01.2001","Multiple","Gas","CCGT","Steam turbine","OPSD (2018)",0.3861,"OPSD (2018)",27,{"$f":"(1-VLOOKUP(O428,Start!$H$33:$I$40,2,FALSE)/100)*T428","v":23.49},{"$f":"VLOOKUP(N428,Start!$C$9:$D$15,2,FALSE)+VLOOKUP(N428,Start!$C$23:$D$29,2,FALSE)","v":10.67},{"$f":"(V428/R428)+Start!$D$19*(VLOOKUP(N428,Start!$M$33:$N$39,2,FALSE)/R428)+VLOOKUP(O428,Start!$C$33:$D$40,2,FALSE)","v":42.025148925148926}]
[null,null,"Yes","BNA1316","EKOCity GmbH","Müllheizkraftwerk",42349,"Wuppertal","Korzert 15","Nordrhein-Westfalen",null,"01.01.1976","Waste","Waste","Waste","Steam turbine","OPSD (2018)",0.33,"OPSD (2018)",30,{"$f":"(1-VLOOKUP(O429,Start!$H$33:$I$40,2,FALSE)/100)*T429","v":25.5},{"$f":"VLOOKUP(N429,Start!$C$9:$D$15,2,FALSE)+VLOOKUP(N429,Start!$C$23:$D$29,2,FALSE)","v":0},{"$f":"(V429/R429)+Start!$D$19*(VLOOKUP(N429,Start!$M$33:$N$39,2,FALSE)/R429)+VLOOKUP(O429,Start!$C$33:$D$40,2,FALSE)","v":1}]
[null,null,"Yes","BNA1327b","Terminal 2 Gesellschaft mbH & Co oHG","Erweiterung Energiezentrale 2003",85326,"München","nicht öffentlicher Bereich (Btl. 145.01)","Bayern","AGG8 - AGG9","2003","Gas","Gas","CCGT","Steam turbine","OPSD (2018)",0.38829999999999998,"OPSD (2018)",7.44,{"$f":"(1-VLOOKUP(O430,Start!$H$33:$I$40,2,FALSE)/100)*T430","v":6.4728000000000003},{"$f":"VLOOKUP(N430,Start!$C$9:$D$15,2,FALSE)+VLOOKUP(N430,Start!$C$23:$D$29,2,FALSE)","v":10.67},{"$f":"(V430/R430)+Start!$D$19*(VLOOKUP(N430,Start!$M$33:$N$39,2,FALSE)/R430)+VLOOKUP(O430,Start!$C$33:$D$40,2,FALSE)","v":41.79554468194695}]
[null,null,"Yes","BNA1328","HBB Heizkraftwerk Bauernfeind Betreibergesellschaft mbh","HBB",83064,"Raubling","Rosenheimer Str. 37","Bayern","GUD","01.02.2001","Gas","Gas","CCGT","Steam turbine","OPSD (2018)",0.3861,"OPSD (2018)",24,{"$f":"(1-VLOOKUP(O431,Start!$H$33:$I$40,2,FALSE)/100)*T431","v":20.88},{"$f":"VLOOKUP(N431,Start!$C$9:$D$15,2,FALSE)+VLOOKUP(N431,Start!$C$23:$D$29,2,FALSE)","v":10.67},{"$f":"(V431/R431)+Start!$D$19*(VLOOKUP(N431,Start!$M$33:$N$39,2,FALSE)/R431)+VLOOKUP(O431,Start!$C$33:$D$40,2,FALSE)","v":42.025148925148926}]
[null,null,"Yes","BNA1329","Kübler & Niethammer Papierfabrik Kriebstein AG","K&N PFK AG EV",9648,"Kriebstein","Bauhofstr. 1","Sachsen","GT / GDT","02.04.1993","Multiple","Gas","CCGT","Combined cycle","OPSD (2018)",0.50849999999999995,"OPSD (2018)",13.11,{"$f":"(1-VLOOKUP(O432,Start!$H$33:$I$40,2,FALSE)/100)*T432","v":11.4057},{"$f":"VLOOKUP(N432,Start!$C$9:$D$15,2,FALSE)+VLOOKUP(N432,Start!$C$23:$D$29,2,FALSE)","v":10.67},{"$f":"(V432/R432)+Start!$D$19*(VLOOKUP(N432,Start!$M$33:$N$39,2,FALSE)/R432)+VLOOKUP(O432,Start!$C$33:$D$40,2,FALSE)","v":32.270422812192727}]
[null,null,"Yes","BNA1330","Steinbeis Energie GmbH","Steinbeis Energie",25348,"Glückstadt","Stadtstraße 20","Schleswig-Holstein",null,"27.09.2010","Waste","Waste","Waste","Steam turbine","OPSD (2018)",0.33,"OPSD (2018)",17,{"$f":"(1-VLOOKUP(O433,Start!$H$33:$I$40,2,FALSE)/100)*T433","v":14.45},{"$f":"VLOOKUP(N433,Start!$C$9:$D$15,2,FALSE)+VLOOKUP(N433,Start!$C$23:$D$29,2,FALSE)","v":0},{"$f":"(V433/R433)+Start!$D$19*(VLOOKUP(N433,Start!$M$33:$N$39,2,FALSE)/R433)+VLOOKUP(O433,Start!$C$33:$D$40,2,FALSE)","v":1}]
[null,null,"Yes","BNA1331","R.D.M. Arnsberg GmbH","Reno De Medici",59821,"Arnsberg","Hellefelderstr. 51","Nordrhein-Westfalen","HD - Kraftwerk","01.01.1923","Coal","Coal","Coal","Steam turbine","OPSD (2018)",0.23250000000000001,"OPSD (2018)",18.989999999999998,{"$f":"(1-VLOOKUP(O434,Start!$H$33:$I$40,2,FALSE)/100)*T434","v":14.2425},{"$f":"VLOOKUP(N434,Start!$C$9:$D$15,2,FALSE)+VLOOKUP(N434,Start!$C$23:$D$29,2,FALSE)","v":7.5},{"$f":"(V434/R434)+Start!$D$19*(VLOOKUP(N434,Start!$M$33:$N$39,2,FALSE)/R434)+VLOOKUP(O434,Start!$C$33:$D$40,2,FALSE)","v":69.44675268817204}]
[null,null,"Yes","BNA1332","INEOS Solvents Germany GmbH","INEOS Kraftwerk",47443,"Moers","Römerstr. 733","Nordrhein-Westfalen","TG7/8","1995","Multiple","Gas","CCGT","Steam turbine","OPSD (2018)",0.3795,"OPSD (2018)",24,{"$f":"(1-VLOOKUP(O435,Start!$H$33:$I$40,2,FALSE)/100)*T435","v":20.88},{"$f":"VLOOKUP(N435,Start!$C$9:$D$15,2,FALSE)+VLOOKUP(N435,Start!$C$23:$D$29,2,FALSE)","v":10.67},{"$f":"(V435/R435)+Start!$D$19*(VLOOKUP(N435,Start!$M$33:$N$39,2,FALSE)/R435)+VLOOKUP(O435,Start!$C$33:$D$40,2,FALSE)","v":42.729934123847173}]
[null,null,"Yes","BNA1333a","Universität Stuttgart","HKW Pfaffenwald",70569,"Stuttgart","Pfaffenwaldring 8","Baden-Württemberg","Anlage 40","01.07.1988","Multiple","Gas","CCGT","Steam turbine","OPSD (2018)",0.37180000000000002,"OPSD (2018)",12.181000000000001,{"$f":"(1-VLOOKUP(O436,Start!$H$33:$I$40,2,FALSE)/100)*T436","v":10.597470000000001},{"$f":"VLOOKUP(N436,Start!$C$9:$D$15,2,FALSE)+VLOOKUP(N436,Start!$C$23:$D$29,2,FALSE)","v":10.67},{"$f":"(V436/R436)+Start!$D$19*(VLOOKUP(N436,Start!$M$33:$N$39,2,FALSE)/R436)+VLOOKUP(O436,Start!$C$33:$D$40,2,FALSE)","v":43.583808499193111}]
[null,null,"Yes","BNA1333b","Universität Stuttgart","HKW Pfaffenwald",70569,"Stuttgart","Pfaffenwaldring 8","Baden-Württemberg","Block 50","01.07.1969","Multiple","Gas","CCGT","Steam turbine","OPSD (2018)",0.35089999999999999,"OPSD (2018)",11.3377,{"$f":"(1-VLOOKUP(O437,Start!$H$33:$I$40,2,FALSE)/100)*T437","v":9.8637990000000002},{"$f":"VLOOKUP(N437,Start!$C$9:$D$15,2,FALSE)+VLOOKUP(N437,Start!$C$23:$D$29,2,FALSE)","v":10.67},{"$f":"(V437/R437)+Start!$D$19*(VLOOKUP(N437,Start!$M$33:$N$39,2,FALSE)/R437)+VLOOKUP(O437,Start!$C$33:$D$40,2,FALSE)","v":46.09036762610431}]
[null,null,"Yes","BNA1333c","Universität Stuttgart","HKW Pfaffenwald",70569,"Stuttgart","Pfaffenwaldring 8","Baden-Württemberg","Block 60","01.07.1968","Multiple","Gas","CCGT","Steam turbine","OPSD (2018)",0.3498,"OPSD (2018)",11.6188,{"$f":"(1-VLOOKUP(O438,Start!$H$33:$I$40,2,FALSE)/100)*T438","v":10.108356000000001},{"$f":"VLOOKUP(N438,Start!$C$9:$D$15,2,FALSE)+VLOOKUP(N438,Start!$C$23:$D$29,2,FALSE)","v":10.67},{"$f":"(V438/R438)+Start!$D$19*(VLOOKUP(N438,Start!$M$33:$N$39,2,FALSE)/R438)+VLOOKUP(O438,Start!$C$33:$D$40,2,FALSE)","v":46.2305889079474}]
[null,null,"Yes","BNA1334","CR3-Kaffeeveredelung M. Hermsen GmbH","KWK-Anlage",28237,"Bremen","Waterbergstraße 14","Bremen","GT 1-3, DT","1993 und 2002","Gas","Gas","CCGT","Combined cycle","OPSD (2018)",0.54900000000000004,"OPSD (2018)",14.8,{"$f":"(1-VLOOKUP(O439,Start!$H$33:$I$40,2,FALSE)/100)*T439","v":12.876000000000001},{"$f":"VLOOKUP(N439,Start!$C$9:$D$15,2,FALSE)+VLOOKUP(N439,Start!$C$23:$D$29,2,FALSE)","v":10.67},{"$f":"(V439/R439)+Start!$D$19*(VLOOKUP(N439,Start!$M$33:$N$39,2,FALSE)/R439)+VLOOKUP(O439,Start!$C$33:$D$40,2,FALSE)","v":30.000473588342441}]
[null,null,"Yes","BNA1335a","Papier- u. Kartonfabrik Varel GmbH & Co. KG","PKV Kraftwerk",26316,"Varel","Dangaster Straße 38","Niedersachsen","KWK-Blöcke","1989","Gas","Gas","CCGT","Steam turbine","OPSD (2018)",0.37290000000000001,"OPSD (2018)",58.1,{"$f":"(1-VLOOKUP(O440,Start!$H$33:$I$40,2,FALSE)/100)*T440","v":50.547000000000004},{"$f":"VLOOKUP(N440,Start!$C$9:$D$15,2,FALSE)+VLOOKUP(N440,Start!$C$23:$D$29,2,FALSE)","v":10.67},{"$f":"(V440/R440)+Start!$D$19*(VLOOKUP(N440,Start!$M$33:$N$39,2,FALSE)/R440)+VLOOKUP(O440,Start!$C$33:$D$40,2,FALSE)","v":43.459667471171898}]
[null,null,"Yes","BNA1335b","Papier- u. Kartonfabrik Varel GmbH & Co. KG","PKV Kraftwerk",26316,"Varel","Dangaster Straße 38","Niedersachsen","Kondensationsturbine","1968","other Gases","Gas","CCGT","Steam turbine","OPSD (2018)",0.3498,"OPSD (2018)",0.48,{"$f":"(1-VLOOKUP(O441,Start!$H$33:$I$40,2,FALSE)/100)*T441","v":0.41759999999999997},{"$f":"VLOOKUP(N441,Start!$C$9:$D$15,2,FALSE)+VLOOKUP(N441,Start!$C$23:$D$29,2,FALSE)","v":10.67},{"$f":"(V441/R441)+Start!$D$19*(VLOOKUP(N441,Start!$M$33:$N$39,2,FALSE)/R441)+VLOOKUP(O441,Start!$C$33:$D$40,2,FALSE)","v":46.2305889079474}]
[null,null,"Yes","BNA1336","Henkel AG & Co. KGaA","Holthausen",40589,"Düsseldorf","Henkelstr. 67","Nordrhein-Westfalen",null,"01.01.1948","Multiple","Gas","CCGT","Steam turbine","OPSD (2018)",0.32779999999999998,"OPSD (2018)",84,{"$f":"(1-VLOOKUP(O442,Start!$H$33:$I$40,2,FALSE)/100)*T442","v":73.08},{"$f":"VLOOKUP(N442,Start!$C$9:$D$15,2,FALSE)+VLOOKUP(N442,Start!$C$23:$D$29,2,FALSE)","v":10.67},{"$f":"(V442/R442)+Start!$D$19*(VLOOKUP(N442,Start!$M$33:$N$39,2,FALSE)/R442)+VLOOKUP(O442,Start!$C$33:$D$40,2,FALSE)","v":49.232641854789506}]
[null,null,"Yes","BNA1337d","DS Smith Paper Deutschland GmbH","Notstromdiesel",63741,"Aschaffenburg","Weichertstr. 7","Bayern","Notstromdiesel","1991","Petroleum","Oil","Oil","Steam turbine","OPSD (2018)",0.37509999999999999,"OPSD (2018)",0.52,{"$f":"(1-VLOOKUP(O443,Start!$H$33:$I$40,2,FALSE)/100)*T443","v":0.442},{"$f":"VLOOKUP(N443,Start!$C$9:$D$15,2,FALSE)+VLOOKUP(N443,Start!$C$23:$D$29,2,FALSE)","v":23.2},{"$f":"(V443/R443)+Start!$D$19*(VLOOKUP(N443,Start!$M$33:$N$39,2,FALSE)/R443)+VLOOKUP(O443,Start!$C$33:$D$40,2,FALSE)","v":81.332711276992796}]
[null,null,"Yes","BNA1337e","DS Smith Paper Deutschland GmbH","GuD-Anlage",63741,"Aschaffenburg","Weichertstr. 7","Bayern","GuD-Anlage","28.01.2013","Multiple","Gas","CCGT","Combined cycle","OPSD (2018)",0.59850000000000003,"OPSD (2018)",47,{"$f":"(1-VLOOKUP(O444,Start!$H$33:$I$40,2,FALSE)/100)*T444","v":40.89},{"$f":"VLOOKUP(N444,Start!$C$9:$D$15,2,FALSE)+VLOOKUP(N444,Start!$C$23:$D$29,2,FALSE)","v":10.67},{"$f":"(V444/R444)+Start!$D$19*(VLOOKUP(N444,Start!$M$33:$N$39,2,FALSE)/R444)+VLOOKUP(O444,Start!$C$33:$D$40,2,FALSE)","v":27.643291562238929}]
[null,null,"Yes","BNA1396","Energieversorgungscenter Dresden-Wilschdorf GmbH & Co. KG","EVC / GLOBALFOUNDRIES",1468,"Moritzburg","Boxdorf, Ringstr. 3","Sachsen","EVC I","01.10.1998","Gas","Gas","CCGT","Steam turbine","OPSD (2018)",0.38279999999999997,"OPSD (2018)",34.299999999999997,{"$f":"(1-VLOOKUP(O445,Start!$H$33:$I$40,2,FALSE)/100)*T445","v":29.840999999999998},{"$f":"VLOOKUP(N445,Start!$C$9:$D$15,2,FALSE)+VLOOKUP(N445,Start!$C$23:$D$29,2,FALSE)","v":10.67},{"$f":"(V445/R445)+Start!$D$19*(VLOOKUP(N445,Start!$M$33:$N$39,2,FALSE)/R445)+VLOOKUP(O445,Start!$C$33:$D$40,2,FALSE)","v":42.374503657262281}]
[null,null,"Yes","BNA1397a","Ineos Manufacturing Deutschland GmbH","O10",50769,"Köln","Alte Strasse 201","Nordrhein-Westfalen","T21","15.01.1964","Multiple","Gas","OCGT","Gas turbine","OPSD (2018)",0.27600000000000002,"Assumption based on DIW (2014)",15.5,{"$f":"(1-VLOOKUP(O446,Start!$H$33:$I$40,2,FALSE)/100)*T446","v":13.484999999999999},{"$f":"VLOOKUP(N446,Start!$C$9:$D$15,2,FALSE)+VLOOKUP(N446,Start!$C$23:$D$29,2,FALSE)","v":10.67},{"$f":"(V446/R446)+Start!$D$19*(VLOOKUP(N446,Start!$M$33:$N$39,2,FALSE)/R446)+VLOOKUP(O446,Start!$C$33:$D$40,2,FALSE)","v":57.69115942028985}]
[null,null,"Yes","BNA1397b","Ineos Manufacturing Deutschland GmbH","O10",50769,"Köln","Alte Strasse 201","Nordrhein-Westfalen","T22","14.04.1964","Multiple","Gas","OCGT","Gas turbine","OPSD (2018)",0.27600000000000002,"Assumption based on DIW (2014)",19.2,{"$f":"(1-VLOOKUP(O447,Start!$H$33:$I$40,2,FALSE)/100)*T447","v":16.704000000000001},{"$f":"VLOOKUP(N447,Start!$C$9:$D$15,2,FALSE)+VLOOKUP(N447,Start!$C$23:$D$29,2,FALSE)","v":10.67},{"$f":"(V447/R447)+Start!$D$19*(VLOOKUP(N447,Start!$M$33:$N$39,2,FALSE)/R447)+VLOOKUP(O447,Start!$C$33:$D$40,2,FALSE)","v":57.69115942028985}]
[null,null,"Yes","BNA1397c","Ineos Manufacturing Deutschland GmbH","O10",50769,"Köln","Alte Strasse 201","Nordrhein-Westfalen","T23","30.10.1963","Multiple","Gas","OCGT","Gas turbine","OPSD (2018)",0.27600000000000002,"Assumption based on DIW (2014)",15.5,{"$f":"(1-VLOOKUP(O448,Start!$H$33:$I$40,2,FALSE)/100)*T448","v":13.484999999999999},{"$f":"VLOOKUP(N448,Start!$C$9:$D$15,2,FALSE)+VLOOKUP(N448,Start!$C$23:$D$29,2,FALSE)","v":10.67},{"$f":"(V448/R448)+Start!$D$19*(VLOOKUP(N448,Start!$M$33:$N$39,2,FALSE)/R448)+VLOOKUP(O448,Start!$C$33:$D$40,2,FALSE)","v":57.69115942028985}]
[null,null,"Yes","BNA1397d","Ineos Manufacturing Deutschland GmbH","O10",50769,"Köln","Alte Strasse 201","Nordrhein-Westfalen","T24","15.06.1966","Multiple","Gas","OCGT","Gas turbine","OPSD (2018)",0.27600000000000002,"Assumption based on DIW (2014)",10.4,{"$f":"(1-VLOOKUP(O449,Start!$H$33:$I$40,2,FALSE)/100)*T449","v":9.048},{"$f":"VLOOKUP(N449,Start!$C$9:$D$15,2,FALSE)+VLOOKUP(N449,Start!$C$23:$D$29,2,FALSE)","v":10.67},{"$f":"(V449/R449)+Start!$D$19*(VLOOKUP(N449,Start!$M$33:$N$39,2,FALSE)/R449)+VLOOKUP(O449,Start!$C$33:$D$40,2,FALSE)","v":57.69115942028985}]
[null,null,"Yes","BNA1397e","Ineos Manufacturing Deutschland GmbH","O10",50769,"Köln","Alte Strasse 201","Nordrhein-Westfalen","T31","21.03.1967","Multiple","Gas","OCGT","Gas turbine","OPSD (2018)",0.27600000000000002,"Assumption based on DIW (2014)",33.6,{"$f":"(1-VLOOKUP(O450,Start!$H$33:$I$40,2,FALSE)/100)*T450","v":29.231999999999999},{"$f":"VLOOKUP(N450,Start!$C$9:$D$15,2,FALSE)+VLOOKUP(N450,Start!$C$23:$D$29,2,FALSE)","v":10.67},{"$f":"(V450/R450)+Start!$D$19*(VLOOKUP(N450,Start!$M$33:$N$39,2,FALSE)/R450)+VLOOKUP(O450,Start!$C$33:$D$40,2,FALSE)","v":57.69115942028985}]
[null,null,"Yes","BNA1399","OXEA Produktion GmbH & Co.KG","Oxea GmbH",46147,"Oberhausen","Otto-Roelen-Str.3","Nordrhein-Westfalen",null,"01.01.1929","Multiple","Gas","CCGT","Steam turbine","OPSD (2018)",0.33,"Assumption based on DIW (2014)",38,{"$f":"(1-VLOOKUP(O451,Start!$H$33:$I$40,2,FALSE)/100)*T451","v":33.06},{"$f":"VLOOKUP(N451,Start!$C$9:$D$15,2,FALSE)+VLOOKUP(N451,Start!$C$23:$D$29,2,FALSE)","v":10.67},{"$f":"(V451/R451)+Start!$D$19*(VLOOKUP(N451,Start!$M$33:$N$39,2,FALSE)/R451)+VLOOKUP(O451,Start!$C$33:$D$40,2,FALSE)","v":48.914424242424239}]
[null,null,"Yes","BNA1400a","Südzucker AG, Werk Zeitz","EZ1",6712,"Zeitz","Albrechtstr. 54","Sachsen-Anhalt","WSK","01.09.1993","Multiple","Lignite","Lignite","Steam turbine","OPSD (2018)",0.38319999999999999,"OPSD (2018)",23.3,{"$f":"(1-VLOOKUP(O452,Start!$H$33:$I$40,2,FALSE)/100)*T452","v":20.271000000000001},{"$f":"VLOOKUP(N452,Start!$C$9:$D$15,2,FALSE)+VLOOKUP(N452,Start!$C$23:$D$29,2,FALSE)","v":3.1},{"$f":"(V452/R452)+Start!$D$19*(VLOOKUP(N452,Start!$M$33:$N$39,2,FALSE)/R452)+VLOOKUP(O452,Start!$C$33:$D$40,2,FALSE)","v":35.8937369519833}]
[null,null,"Yes","BNA1400b","Südzucker AG, Werk Zeitz","EZ1",6712,"Zeitz","Albrechtstr. 54","Sachsen-Anhalt","DTI","01.09.1993","Multiple","Gas","CCGT","Steam turbine","OPSD (2018)",0.37730000000000002,"OPSD (2018)",23.3,{"$f":"(1-VLOOKUP(O453,Start!$H$33:$I$40,2,FALSE)/100)*T453","v":20.271000000000001},{"$f":"VLOOKUP(N453,Start!$C$9:$D$15,2,FALSE)+VLOOKUP(N453,Start!$C$23:$D$29,2,FALSE)","v":10.67},{"$f":"(V453/R453)+Start!$D$19*(VLOOKUP(N453,Start!$M$33:$N$39,2,FALSE)/R453)+VLOOKUP(O453,Start!$C$33:$D$40,2,FALSE)","v":42.97034190299496}]
[null,null,"Yes","BNA1401a","RWE Power AG","BoA 2",41517,"Grevenbroich","Energiestraße 101","Nordrhein-Westfalen","Neurath F","08.07.2012","Lignite","Lignite","Lignite","Steam turbine","OPSD (2018)",0.42880000000000001,"OPSD (2018)",1060,{"$f":"(1-VLOOKUP(O454,Start!$H$33:$I$40,2,FALSE)/100)*T454","v":922.2},{"$f":"VLOOKUP(N454,Start!$C$9:$D$15,2,FALSE)+VLOOKUP(N454,Start!$C$23:$D$29,2,FALSE)","v":3.1},{"$f":"(V454/R454)+Start!$D$19*(VLOOKUP(N454,Start!$M$33:$N$39,2,FALSE)/R454)+VLOOKUP(O454,Start!$C$33:$D$40,2,FALSE)","v":32.257462686567173}]
[null,null,"Yes","BNA1401b","RWE Power AG","BoA 3",41517,"Grevenbroich","Energiestraße 101","Nordrhein-Westfalen","Neurath G","03.08.2012","Lignite","Lignite","Lignite","Steam turbine","OPSD (2018)",0.42880000000000001,"OPSD (2018)",1060,{"$f":"(1-VLOOKUP(O455,Start!$H$33:$I$40,2,FALSE)/100)*T455","v":922.2},{"$f":"VLOOKUP(N455,Start!$C$9:$D$15,2,FALSE)+VLOOKUP(N455,Start!$C$23:$D$29,2,FALSE)","v":3.1},{"$f":"(V455/R455)+Start!$D$19*(VLOOKUP(N455,Start!$M$33:$N$39,2,FALSE)/R455)+VLOOKUP(O455,Start!$C$33:$D$40,2,FALSE)","v":32.257462686567173}]
[null,null,"Yes","BNA1402","Delkeskamp Verpackungswerke GmbH","Heizkraftwerk zur Papierfabrik",49638,"Nortrup","Hauptstrasse 15","Niedersachsen",null,"24.01.1996","Gas","Gas","CCGT","Steam turbine","OPSD (2018)",0.38059999999999999,"OPSD (2018)",18.100000000000001,{"$f":"(1-VLOOKUP(O456,Start!$H$33:$I$40,2,FALSE)/100)*T456","v":15.747000000000002},{"$f":"VLOOKUP(N456,Start!$C$9:$D$15,2,FALSE)+VLOOKUP(N456,Start!$C$23:$D$29,2,FALSE)","v":10.67},{"$f":"(V456/R456)+Start!$D$19*(VLOOKUP(N456,Start!$M$33:$N$39,2,FALSE)/R456)+VLOOKUP(O456,Start!$C$33:$D$40,2,FALSE)","v":42.610772464529688}]
[null,null,"Yes","BNA1403","Neptune Energy Deutschland GmbH","Steinitz",29416,"Steinitz","Bobbenmärsche 11 ","Sachsen-Anhalt","GUD","01.01.1999","Gas","Gas","CCGT","Steam turbine","OPSD (2018)",0.38390000000000002,"OPSD (2018)",11.4,{"$f":"(1-VLOOKUP(O457,Start!$H$33:$I$40,2,FALSE)/100)*T457","v":9.918000000000001},{"$f":"VLOOKUP(N457,Start!$C$9:$D$15,2,FALSE)+VLOOKUP(N457,Start!$C$23:$D$29,2,FALSE)","v":10.67},{"$f":"(V457/R457)+Start!$D$19*(VLOOKUP(N457,Start!$M$33:$N$39,2,FALSE)/R457)+VLOOKUP(O457,Start!$C$33:$D$40,2,FALSE)","v":42.257384735608234}]
[null,null,"Yes","BNA1404","Lausitz Energie Kraftwerke AG","Boxberg",2943,"Boxberg","Am Kraftwerk 1","Sachsen","R","06.11.2012","Lignite","Lignite","Lignite","Steam turbine","OPSD (2018)",0.42880000000000001,"OPSD (2018)",640,{"$f":"(1-VLOOKUP(O458,Start!$H$33:$I$40,2,FALSE)/100)*T458","v":556.79999999999995},{"$f":"VLOOKUP(N458,Start!$C$9:$D$15,2,FALSE)+VLOOKUP(N458,Start!$C$23:$D$29,2,FALSE)","v":3.1},{"$f":"(V458/R458)+Start!$D$19*(VLOOKUP(N458,Start!$M$33:$N$39,2,FALSE)/R458)+VLOOKUP(O458,Start!$C$33:$D$40,2,FALSE)","v":32.257462686567173}]
[null,null,"Yes","BNA1405a","Fernwärme Ulm GmbH","Heizkraftwerk Magirusstraße",89077,"Ulm","Magirusstr. 21","Baden-Württemberg",null,"17.11.1992","Multiple","Coal","Coal","Steam turbine","OPSD (2018)",0.40500000000000003,"OPSD (2018)",20.7,{"$f":"(1-VLOOKUP(O459,Start!$H$33:$I$40,2,FALSE)/100)*T459","v":15.524999999999999},{"$f":"VLOOKUP(N459,Start!$C$9:$D$15,2,FALSE)+VLOOKUP(N459,Start!$C$23:$D$29,2,FALSE)","v":7.5},{"$f":"(V459/R459)+Start!$D$19*(VLOOKUP(N459,Start!$M$33:$N$39,2,FALSE)/R459)+VLOOKUP(O459,Start!$C$33:$D$40,2,FALSE)","v":40.42128395061728}]
[null,null,"Yes","BNA1406","FS-Karton GmbH","FS-Karton",41460,"Neuss","Düsseldorfer Str. 182-184","Nordrhein-Westfalen",null,"1992","Gas","Gas","CCGT","Steam turbine","OPSD (2018)",0.37619999999999998,"OPSD (2018)",18.879000000000001,{"$f":"(1-VLOOKUP(O460,Start!$H$33:$I$40,2,FALSE)/100)*T460","v":16.42473},{"$f":"VLOOKUP(N460,Start!$C$9:$D$15,2,FALSE)+VLOOKUP(N460,Start!$C$23:$D$29,2,FALSE)","v":10.67},{"$f":"(V460/R460)+Start!$D$19*(VLOOKUP(N460,Start!$M$33:$N$39,2,FALSE)/R460)+VLOOKUP(O460,Start!$C$33:$D$40,2,FALSE)","v":43.09160021265285}]
[null,null,"Yes","BNA1407","Schoeller Technocell GmbH & Co. KG","STW",9600,"Weißenborn","Fabrikstraße 1","Sachsen",null,"14.05.1997","Gas","Gas","CCGT","Steam turbine","OPSD (2018)",0.38169999999999998,"OPSD (2018)",18.72,{"$f":"(1-VLOOKUP(O461,Start!$H$33:$I$40,2,FALSE)/100)*T461","v":16.2864},{"$f":"VLOOKUP(N461,Start!$C$9:$D$15,2,FALSE)+VLOOKUP(N461,Start!$C$23:$D$29,2,FALSE)","v":10.67},{"$f":"(V461/R461)+Start!$D$19*(VLOOKUP(N461,Start!$M$33:$N$39,2,FALSE)/R461)+VLOOKUP(O461,Start!$C$33:$D$40,2,FALSE)","v":42.492297615928749}]
[null,null,"Yes","BNA1408","Evonik Degussa GmbH","Heizkraftwerk Evonik Rheinfelden",79618,"Rheinfelden","Untere Kanalstraße 3","Baden-Württemberg",null,"13.08.1979","Gas","Gas","CCGT","Steam turbine","OPSD (2018)",0.3619,"OPSD (2018)",15.68,{"$f":"(1-VLOOKUP(O462,Start!$H$33:$I$40,2,FALSE)/100)*T462","v":13.6416},{"$f":"VLOOKUP(N462,Start!$C$9:$D$15,2,FALSE)+VLOOKUP(N462,Start!$C$23:$D$29,2,FALSE)","v":10.67},{"$f":"(V462/R462)+Start!$D$19*(VLOOKUP(N462,Start!$M$33:$N$39,2,FALSE)/R462)+VLOOKUP(O462,Start!$C$33:$D$40,2,FALSE)","v":44.735037303122411}]
[null,null,"Yes","BNA1437","Aluminium Oxid Stade GmbH","KWK AOS GmbH",21683,"Stade- Bützfleth","Johann- Rathje- Köser- Straße","Niedersachsen","GT 1/2","01.05.2012","Gas","Gas","OCGT","Gas turbine","OPSD (2018)",0.41120000000000001,"OPSD (2018)",30.72,{"$f":"(1-VLOOKUP(O463,Start!$H$33:$I$40,2,FALSE)/100)*T463","v":26.726399999999998},{"$f":"VLOOKUP(N463,Start!$C$9:$D$15,2,FALSE)+VLOOKUP(N463,Start!$C$23:$D$29,2,FALSE)","v":10.67},{"$f":"(V463/R463)+Start!$D$19*(VLOOKUP(N463,Start!$M$33:$N$39,2,FALSE)/R463)+VLOOKUP(O463,Start!$C$33:$D$40,2,FALSE)","v":39.05145914396887}]
[null,null,"Yes","BNA1444a","Prinovis GmbH & Co. KG","GT1 ",90471,"Nürnberg","Breslauer Str. 300","Bayern",null,"01.01.1993","Gas","Gas","OCGT","Gas turbine","OPSD (2018)",0.36180000000000001,"OPSD (2018)",4.2,{"$f":"(1-VLOOKUP(O464,Start!$H$33:$I$40,2,FALSE)/100)*T464","v":3.6539999999999999},{"$f":"VLOOKUP(N464,Start!$C$9:$D$15,2,FALSE)+VLOOKUP(N464,Start!$C$23:$D$29,2,FALSE)","v":10.67},{"$f":"(V464/R464)+Start!$D$19*(VLOOKUP(N464,Start!$M$33:$N$39,2,FALSE)/R464)+VLOOKUP(O464,Start!$C$33:$D$40,2,FALSE)","v":44.246987285793253}]
[null,null,"Yes","BNA1444b","Prinovis GmbH & Co. KG","GT2 ",90471,"Nürnberg","Breslauer Str. 300","Bayern",null,"01.01.1993","Gas","Gas","OCGT","Gas turbine","OPSD (2018)",0.36180000000000001,"OPSD (2018)",4.2,{"$f":"(1-VLOOKUP(O465,Start!$H$33:$I$40,2,FALSE)/100)*T465","v":3.6539999999999999},{"$f":"VLOOKUP(N465,Start!$C$9:$D$15,2,FALSE)+VLOOKUP(N465,Start!$C$23:$D$29,2,FALSE)","v":10.67},{"$f":"(V465/R465)+Start!$D$19*(VLOOKUP(N465,Start!$M$33:$N$39,2,FALSE)/R465)+VLOOKUP(O465,Start!$C$33:$D$40,2,FALSE)","v":44.246987285793253}]
[null,null,"Yes","BNA1444c","Prinovis GmbH & Co. KG","GT3 ",90471,"Nürnberg","Breslauer Str. 300","Bayern",null,"01.01.1994","Gas","Gas","OCGT","Gas turbine","OPSD (2018)",0.3644,"OPSD (2018)",5.0999999999999996,{"$f":"(1-VLOOKUP(O466,Start!$H$33:$I$40,2,FALSE)/100)*T466","v":4.4369999999999994},{"$f":"VLOOKUP(N466,Start!$C$9:$D$15,2,FALSE)+VLOOKUP(N466,Start!$C$23:$D$29,2,FALSE)","v":10.67},{"$f":"(V466/R466)+Start!$D$19*(VLOOKUP(N466,Start!$M$33:$N$39,2,FALSE)/R466)+VLOOKUP(O466,Start!$C$33:$D$40,2,FALSE)","v":43.938419319429201}]
[null,null,"Yes","BNA1444d","Prinovis GmbH & Co. KG","GT4 ",90471,"Nürnberg","Breslauer Str. 300","Bayern",null,"01.01.1995","Gas","Gas","OCGT","Gas turbine","OPSD (2018)",0.36699999999999999,"OPSD (2018)",5.0999999999999996,{"$f":"(1-VLOOKUP(O467,Start!$H$33:$I$40,2,FALSE)/100)*T467","v":4.4369999999999994},{"$f":"VLOOKUP(N467,Start!$C$9:$D$15,2,FALSE)+VLOOKUP(N467,Start!$C$23:$D$29,2,FALSE)","v":10.67},{"$f":"(V467/R467)+Start!$D$19*(VLOOKUP(N467,Start!$M$33:$N$39,2,FALSE)/R467)+VLOOKUP(O467,Start!$C$33:$D$40,2,FALSE)","v":43.634223433242511}]
[null,null,"Yes","BNA1447a","Evonik Röhm GmbH",null,67547,"Worms","Im Pfaffenwinkel 6","Rheinland-Pfalz","G2","20.11.1990","Waste","Waste","Waste","Steam turbine","own assumption",0.33,"eigene Annahme",11.9,{"$f":"(1-VLOOKUP(O468,Start!$H$33:$I$40,2,FALSE)/100)*T468","v":10.115},{"$f":"VLOOKUP(N468,Start!$C$9:$D$15,2,FALSE)+VLOOKUP(N468,Start!$C$23:$D$29,2,FALSE)","v":0},{"$f":"(V468/R468)+Start!$D$19*(VLOOKUP(N468,Start!$M$33:$N$39,2,FALSE)/R468)+VLOOKUP(O468,Start!$C$33:$D$40,2,FALSE)","v":1}]
[null,null,"Yes","BNA1447b","Evonik Röhm GmbH",null,67547,"Worms","Im Pfaffenwinkel 6","Rheinland-Pfalz","G3/Kontu","12.03.2012","Waste","Waste","Waste","Steam turbine","own assumption",0.33,"eigene Annahme",6.9,{"$f":"(1-VLOOKUP(O469,Start!$H$33:$I$40,2,FALSE)/100)*T469","v":5.8650000000000002},{"$f":"VLOOKUP(N469,Start!$C$9:$D$15,2,FALSE)+VLOOKUP(N469,Start!$C$23:$D$29,2,FALSE)","v":0},{"$f":"(V469/R469)+Start!$D$19*(VLOOKUP(N469,Start!$M$33:$N$39,2,FALSE)/R469)+VLOOKUP(O469,Start!$C$33:$D$40,2,FALSE)","v":1}]
[null,null,"Yes","BNA1448","EEW Energy from Waste Saarbrücken GmbH","AHKW Neunkirchen",66538,"Neunkirchen","Am Blücherflöz 12","Saarland","Linie 3 + 4","02.06.1977","Waste","Waste","Waste","Steam turbine","OPSD (2018)",0.33,"OPSD (2018)",11.6,{"$f":"(1-VLOOKUP(O470,Start!$H$33:$I$40,2,FALSE)/100)*T470","v":9.86},{"$f":"VLOOKUP(N470,Start!$C$9:$D$15,2,FALSE)+VLOOKUP(N470,Start!$C$23:$D$29,2,FALSE)","v":0},{"$f":"(V470/R470)+Start!$D$19*(VLOOKUP(N470,Start!$M$33:$N$39,2,FALSE)/R470)+VLOOKUP(O470,Start!$C$33:$D$40,2,FALSE)","v":1}]
[null,null,"Yes","BNA1449a","Zweckverband Abfallwirtschaft Raum Würzburg","Turbosatz 1",97076,"Würzburg","Gattingerstr. 31","Bayern",null,"04.06.1984","Waste","Waste","Waste","Steam turbine","OPSD (2018)",0.33,"OPSD (2018)",8.6999999999999993,{"$f":"(1-VLOOKUP(O471,Start!$H$33:$I$40,2,FALSE)/100)*T471","v":7.3949999999999996},{"$f":"VLOOKUP(N471,Start!$C$9:$D$15,2,FALSE)+VLOOKUP(N471,Start!$C$23:$D$29,2,FALSE)","v":0},{"$f":"(V471/R471)+Start!$D$19*(VLOOKUP(N471,Start!$M$33:$N$39,2,FALSE)/R471)+VLOOKUP(O471,Start!$C$33:$D$40,2,FALSE)","v":1}]
[null,null,"Yes","BNA1449b","Zweckverband Abfallwirtschaft Raum Würzburg","Turbosatz 2",97076,"Würzburg","Gattingerstr. 31","Bayern",null,"09.11.1998","Waste","Waste","Waste","Steam turbine","OPSD (2018)",0.33,"OPSD (2018)",12,{"$f":"(1-VLOOKUP(O472,Start!$H$33:$I$40,2,FALSE)/100)*T472","v":10.199999999999999},{"$f":"VLOOKUP(N472,Start!$C$9:$D$15,2,FALSE)+VLOOKUP(N472,Start!$C$23:$D$29,2,FALSE)","v":0},{"$f":"(V472/R472)+Start!$D$19*(VLOOKUP(N472,Start!$M$33:$N$39,2,FALSE)/R472)+VLOOKUP(O472,Start!$C$33:$D$40,2,FALSE)","v":1}]
[null,null,"Yes","BNA1450","DREWSEN SPEZIALPAPIERE GmbH & Co. KG","GUD-Anlage DREWSEN",29331,"Lachendorf","Georg-Drewsen-Weg 2","Niedersachsen",null,"01.09.2000","Gas","Gas","CCGT","Combined cycle","OPSD (2018)",0.54,"OPSD (2018)",13,{"$f":"(1-VLOOKUP(O473,Start!$H$33:$I$40,2,FALSE)/100)*T473","v":11.31},{"$f":"VLOOKUP(N473,Start!$C$9:$D$15,2,FALSE)+VLOOKUP(N473,Start!$C$23:$D$29,2,FALSE)","v":10.67},{"$f":"(V473/R473)+Start!$D$19*(VLOOKUP(N473,Start!$M$33:$N$39,2,FALSE)/R473)+VLOOKUP(O473,Start!$C$33:$D$40,2,FALSE)","v":30.475481481481481}]
[null,null,"Yes","BNA1451","Venator Germany GmbH","HKW Sachtleben",47198,"Duisburg",null,"Nordrhein-Westfalen",null,"30.06.1964","Multiple","Lignite","Lignite","Steam turbine","OPSD (2018)",0.31359999999999999,"OPSD (2018)",27.5,{"$f":"(1-VLOOKUP(O474,Start!$H$33:$I$40,2,FALSE)/100)*T474","v":23.925000000000001},{"$f":"VLOOKUP(N474,Start!$C$9:$D$15,2,FALSE)+VLOOKUP(N474,Start!$C$23:$D$29,2,FALSE)","v":3.1},{"$f":"(V474/R474)+Start!$D$19*(VLOOKUP(N474,Start!$M$33:$N$39,2,FALSE)/R474)+VLOOKUP(O474,Start!$C$33:$D$40,2,FALSE)","v":43.482653061224497}]
[null,null,"Yes","BNA1458",null,null,76855,"Annweiler",null,"Rheinland-Pfalz",null,"15.01.1976","Multiple","Gas","CCGT","Combustion Engine","https://blockheizkraftwerk24.com/annweiler-am-trifels-bhkw/",0.4,"Assumption based on DIW (2014)",27.95,{"$f":"(1-VLOOKUP(O475,Start!$H$33:$I$40,2,FALSE)/100)*T475","v":24.316499999999998},{"$f":"VLOOKUP(N475,Start!$C$9:$D$15,2,FALSE)+VLOOKUP(N475,Start!$C$23:$D$29,2,FALSE)","v":10.67},{"$f":"(V475/R475)+Start!$D$19*(VLOOKUP(N475,Start!$M$33:$N$39,2,FALSE)/R475)+VLOOKUP(O475,Start!$C$33:$D$40,2,FALSE)","v":40.616899999999994}]
[null,null,"Yes","BNA1461","CropEnergies Bioethanol GmbH Zeitz",null,6712,"Zeitz","Albrechtstr. 54","Sachsen-Anhalt",null,"15.01.2005","Multiple","Lignite","Lignite","Steam turbine","own assumption",0.4,"Assumption based on DIW (2014)",17.5,{"$f":"(1-VLOOKUP(O476,Start!$H$33:$I$40,2,FALSE)/100)*T476","v":15.225},{"$f":"VLOOKUP(N476,Start!$C$9:$D$15,2,FALSE)+VLOOKUP(N476,Start!$C$23:$D$29,2,FALSE)","v":3.1},{"$f":"(V476/R476)+Start!$D$19*(VLOOKUP(N476,Start!$M$33:$N$39,2,FALSE)/R476)+VLOOKUP(O476,Start!$C$33:$D$40,2,FALSE)","v":34.457599999999999}]
[null,null,"Yes","BNA1463","Smurfit Kappa Herzberger Papierfabrik GmbH",null,37412,"Herzberg","Andreasberger Str. 1","Niedersachsen",null,"01.01.1978","Gas","Gas","CCGT","Combustion Engine","own assumption",0.4,"Assumption based on DIW (2014)",19.5,{"$f":"(1-VLOOKUP(O477,Start!$H$33:$I$40,2,FALSE)/100)*T477","v":16.965},{"$f":"VLOOKUP(N477,Start!$C$9:$D$15,2,FALSE)+VLOOKUP(N477,Start!$C$23:$D$29,2,FALSE)","v":10.67},{"$f":"(V477/R477)+Start!$D$19*(VLOOKUP(N477,Start!$M$33:$N$39,2,FALSE)/R477)+VLOOKUP(O477,Start!$C$33:$D$40,2,FALSE)","v":40.616899999999994}]
[null,null,"Yes","BNA1464","ZF Friedrichshafen AG","Gas- u. Dampfturbinenanlage Südraum",66117,"Saarbrücken","Untertürkheimer Straße 5","Saarland",null,"01.04.2012","Gas","Gas","CCGT","Steam turbine","OPSD (2018)",0.3982,"OPSD (2018)",38.61,{"$f":"(1-VLOOKUP(O478,Start!$H$33:$I$40,2,FALSE)/100)*T478","v":33.590699999999998},{"$f":"VLOOKUP(N478,Start!$C$9:$D$15,2,FALSE)+VLOOKUP(N478,Start!$C$23:$D$29,2,FALSE)","v":10.67},{"$f":"(V478/R478)+Start!$D$19*(VLOOKUP(N478,Start!$M$33:$N$39,2,FALSE)/R478)+VLOOKUP(O478,Start!$C$33:$D$40,2,FALSE)","v":40.793721747865398}]
[null,null,"Yes","BNA1465a","B+T Energie GmbH","EBS-Kraftwerk Witzenhausen",37213,"Witzenhausen","Kasseler Landstr. 23","Hessen",null,"24.06.2009","Other","Waste","Waste","Steam turbine","OPSD (2018)",0.33,"eigene Annahme",28,{"$f":"(1-VLOOKUP(O479,Start!$H$33:$I$40,2,FALSE)/100)*T479","v":23.8},{"$f":"VLOOKUP(N479,Start!$C$9:$D$15,2,FALSE)+VLOOKUP(N479,Start!$C$23:$D$29,2,FALSE)","v":0},{"$f":"(V479/R479)+Start!$D$19*(VLOOKUP(N479,Start!$M$33:$N$39,2,FALSE)/R479)+VLOOKUP(O479,Start!$C$33:$D$40,2,FALSE)","v":1}]
[null,null,"Yes","BNA1467","Koehler SE",null,77704,"Oberkirch","Hauptstraße 2-4","Baden-Württemberg",null,"01.12.1986","Coal","Coal","Coal","Steam turbine","own assumption",0.375,"Assumption based on DIW (2014)",18.5,{"$f":"(1-VLOOKUP(O480,Start!$H$33:$I$40,2,FALSE)/100)*T480","v":13.875},{"$f":"VLOOKUP(N480,Start!$C$9:$D$15,2,FALSE)+VLOOKUP(N480,Start!$C$23:$D$29,2,FALSE)","v":7.5},{"$f":"(V480/R480)+Start!$D$19*(VLOOKUP(N480,Start!$M$33:$N$39,2,FALSE)/R480)+VLOOKUP(O480,Start!$C$33:$D$40,2,FALSE)","v":43.550986666666667}]
[null,null,"Yes","BNA1486","ROMONTA GmbH","Grubenheizkraftwerk",6317,"Seegebiet Mansfelder Land","Chausseestraße 1","Sachsen-Anhalt",null,"01.07.1979","Lignite","Lignite","Lignite","Steam turbine","OPSD (2018)",0.34960000000000002,"OPSD (2018)",45,{"$f":"(1-VLOOKUP(O481,Start!$H$33:$I$40,2,FALSE)/100)*T481","v":39.15},{"$f":"VLOOKUP(N481,Start!$C$9:$D$15,2,FALSE)+VLOOKUP(N481,Start!$C$23:$D$29,2,FALSE)","v":3.1},{"$f":"(V481/R481)+Start!$D$19*(VLOOKUP(N481,Start!$M$33:$N$39,2,FALSE)/R481)+VLOOKUP(O481,Start!$C$33:$D$40,2,FALSE)","v":39.180091533180786}]
[null,null,"Yes","BNA1488","KG Deutsche Gasrußwerke GmbH & Co.",null,44147,"Dortmund","Weidenstr. 70-72","Nordrhein-Westfalen",null,"1984 / 1989","Other","Gas","CCGT","Combustion Engine","own assumption",0.41399999999999998,"Assumption based on DIW (2014)",16,{"$f":"(1-VLOOKUP(O482,Start!$H$33:$I$40,2,FALSE)/100)*T482","v":13.92},{"$f":"VLOOKUP(N482,Start!$C$9:$D$15,2,FALSE)+VLOOKUP(N482,Start!$C$23:$D$29,2,FALSE)","v":10.67},{"$f":"(V482/R482)+Start!$D$19*(VLOOKUP(N482,Start!$M$33:$N$39,2,FALSE)/R482)+VLOOKUP(O482,Start!$C$33:$D$40,2,FALSE)","v":39.29410628019324}]
[null,null,"Yes","BNA1489","Stadtwerke - Altmärkische Gas-, Wasser- u. E-Werke Stendal GmbH","Heizkraftwerk Stendal",39576,"Stendal","Schillerstraße","Sachsen-Anhalt",null,"04.10.1994","Gas","Gas","CCGT","Steam turbine","OPSD (2018)",0.37840000000000001,"OPSD (2018)",13.2,{"$f":"(1-VLOOKUP(O483,Start!$H$33:$I$40,2,FALSE)/100)*T483","v":11.484},{"$f":"VLOOKUP(N483,Start!$C$9:$D$15,2,FALSE)+VLOOKUP(N483,Start!$C$23:$D$29,2,FALSE)","v":10.67},{"$f":"(V483/R483)+Start!$D$19*(VLOOKUP(N483,Start!$M$33:$N$39,2,FALSE)/R483)+VLOOKUP(O483,Start!$C$33:$D$40,2,FALSE)","v":42.849788583509508}]
[null,null,"Yes","BNA1490","EBS - Kraftwerk GmbH","EBKW Knapsack",50354,"Hürth","Industriestr. 300","Nordrhein-Westfalen",null,"01.01.2009","Multiple","Waste","Waste","Steam turbine","OPSD (2018)",0.33,"OPSD (2018)",33.4,{"$f":"(1-VLOOKUP(O484,Start!$H$33:$I$40,2,FALSE)/100)*T484","v":28.389999999999997},{"$f":"VLOOKUP(N484,Start!$C$9:$D$15,2,FALSE)+VLOOKUP(N484,Start!$C$23:$D$29,2,FALSE)","v":0},{"$f":"(V484/R484)+Start!$D$19*(VLOOKUP(N484,Start!$M$33:$N$39,2,FALSE)/R484)+VLOOKUP(O484,Start!$C$33:$D$40,2,FALSE)","v":1}]
[null,null,"Yes","BNA1492a","Papierfabrik Adolf Jass GmbH & Co. KG","Kraftwerk 3",36039,"Fulda","Hermann-Muth-Str. 6","Hessen",null,"01.09.2012","Gas","Gas","CCGT","Steam turbine","OPSD (2018)",0.3982,"OPSD (2018)",26.2,{"$f":"(1-VLOOKUP(O485,Start!$H$33:$I$40,2,FALSE)/100)*T485","v":22.794},{"$f":"VLOOKUP(N485,Start!$C$9:$D$15,2,FALSE)+VLOOKUP(N485,Start!$C$23:$D$29,2,FALSE)","v":10.67},{"$f":"(V485/R485)+Start!$D$19*(VLOOKUP(N485,Start!$M$33:$N$39,2,FALSE)/R485)+VLOOKUP(O485,Start!$C$33:$D$40,2,FALSE)","v":40.793721747865398}]
[null,null,"Yes","BNA1492b","Papierfabrik Adolf Jass GmbH & Co. KG","Kraftwerk 2",36039,"Fulda","Hermann-Muth-Str. 6","Hessen",null,"30.03.1982","Gas","Gas","CCGT","Steam turbine","OPSD (2018)",0.36520000000000002,"OPSD (2018)",7.48,{"$f":"(1-VLOOKUP(O486,Start!$H$33:$I$40,2,FALSE)/100)*T486","v":6.5076000000000001},{"$f":"VLOOKUP(N486,Start!$C$9:$D$15,2,FALSE)+VLOOKUP(N486,Start!$C$23:$D$29,2,FALSE)","v":10.67},{"$f":"(V486/R486)+Start!$D$19*(VLOOKUP(N486,Start!$M$33:$N$39,2,FALSE)/R486)+VLOOKUP(O486,Start!$C$33:$D$40,2,FALSE)","v":44.344359255202633}]
[null,null,"Yes","BNA1502","SWK ENERGIE GmbH","Heizkraftwerk Krefeld",47804,"Krefeld",null,"Nordrhein-Westfalen",null,"01.03.2011","Gas","Gas","CCGT","Steam turbine","OPSD (2018)",0.39710000000000001,"OPSD (2018)",12.6,{"$f":"(1-VLOOKUP(O487,Start!$H$33:$I$40,2,FALSE)/100)*T487","v":10.962},{"$f":"VLOOKUP(N487,Start!$C$9:$D$15,2,FALSE)+VLOOKUP(N487,Start!$C$23:$D$29,2,FALSE)","v":10.67},{"$f":"(V487/R487)+Start!$D$19*(VLOOKUP(N487,Start!$M$33:$N$39,2,FALSE)/R487)+VLOOKUP(O487,Start!$C$33:$D$40,2,FALSE)","v":40.902568622513222}]
[null,null,"Yes","BNA1503","Daimler AG","BHKW H.120",40476,"Düsseldorf","Rather Str. 51","Nordrhein-Westfalen",null,"31.10.2012","Gas","Gas","CCGT","Steam turbine","OPSD (2018)",0.3982,"OPSD (2018)",21.1,{"$f":"(1-VLOOKUP(O488,Start!$H$33:$I$40,2,FALSE)/100)*T488","v":18.357000000000003},{"$f":"VLOOKUP(N488,Start!$C$9:$D$15,2,FALSE)+VLOOKUP(N488,Start!$C$23:$D$29,2,FALSE)","v":10.67},{"$f":"(V488/R488)+Start!$D$19*(VLOOKUP(N488,Start!$M$33:$N$39,2,FALSE)/R488)+VLOOKUP(O488,Start!$C$33:$D$40,2,FALSE)","v":40.793721747865398}]
[null,null,"Yes","BNA1504","Daimler AG","BHKW",76742,"Woerth","Daimler Str. 1","Rheinland-Pfalz",null,"20.02.2013","Gas","Gas","CCGT","Steam turbine","OPSD (2018)",0.39929999999999999,"OPSD (2018)",13.04,{"$f":"(1-VLOOKUP(O489,Start!$H$33:$I$40,2,FALSE)/100)*T489","v":11.344799999999999},{"$f":"VLOOKUP(N489,Start!$C$9:$D$15,2,FALSE)+VLOOKUP(N489,Start!$C$23:$D$29,2,FALSE)","v":10.67},{"$f":"(V489/R489)+Start!$D$19*(VLOOKUP(N489,Start!$M$33:$N$39,2,FALSE)/R489)+VLOOKUP(O489,Start!$C$33:$D$40,2,FALSE)","v":40.685474580515901}]
[null,null,"Yes","BNA1505","Opel Automobile GmbH","HKW Wiesengrund",99817,"Eisenach","Adam-Opel-Str.","Thüringen",null,"12.10.1993","Multiple","Gas","CCGT","Steam turbine","OPSD (2018)",0.37730000000000002,"OPSD (2018)",22.1,{"$f":"(1-VLOOKUP(O490,Start!$H$33:$I$40,2,FALSE)/100)*T490","v":19.227},{"$f":"VLOOKUP(N490,Start!$C$9:$D$15,2,FALSE)+VLOOKUP(N490,Start!$C$23:$D$29,2,FALSE)","v":10.67},{"$f":"(V490/R490)+Start!$D$19*(VLOOKUP(N490,Start!$M$33:$N$39,2,FALSE)/R490)+VLOOKUP(O490,Start!$C$33:$D$40,2,FALSE)","v":42.97034190299496}]
[null,null,"Yes","BNA1507","Michelin Reifenwerke AG & Co. KGaA \nStandort Bad Kreuznach",null,55543,"Bad Kreuznach","Michelinstr. 1","Rheinland-Pfalz",null,"2006","Gas","Gas","CCGT","Combustion Engine","own assumption",0.442,"Assumption based on DIW (2014)",10.7,{"$f":"(1-VLOOKUP(O491,Start!$H$33:$I$40,2,FALSE)/100)*T491","v":9.3089999999999993},{"$f":"VLOOKUP(N491,Start!$C$9:$D$15,2,FALSE)+VLOOKUP(N491,Start!$C$23:$D$29,2,FALSE)","v":10.67},{"$f":"(V491/R491)+Start!$D$19*(VLOOKUP(N491,Start!$M$33:$N$39,2,FALSE)/R491)+VLOOKUP(O491,Start!$C$33:$D$40,2,FALSE)","v":36.899909502262446}]
[null,null,"Yes","BNA1508","Trianel Kohlekraftwerk Lünen GmbH & Co. KG","Trianel Kohlekraftwerk Lünen",44536,"Lünen","Frydagstr. 40","Nordrhein-Westfalen",null,"01.01.2013","Coal","Coal","Coal","Steam turbine","OPSD (2018)",0.45750000000000002,"OPSD (2018)",735,{"$f":"(1-VLOOKUP(O492,Start!$H$33:$I$40,2,FALSE)/100)*T492","v":551.25},{"$f":"VLOOKUP(N492,Start!$C$9:$D$15,2,FALSE)+VLOOKUP(N492,Start!$C$23:$D$29,2,FALSE)","v":7.5},{"$f":"(V492/R492)+Start!$D$19*(VLOOKUP(N492,Start!$M$33:$N$39,2,FALSE)/R492)+VLOOKUP(O492,Start!$C$33:$D$40,2,FALSE)","v":35.931956284153003}]
[null,null,"Yes","BNA1509","BP Europa SE","BP Werk Lingen",49808,"Lingen","Raffineriestrasse","Niedersachsen",null,"01.01.1996","Gas","Gas","CCGT","Steam turbine","OPSD (2018)",0.38059999999999999,"OPSD (2018)",66,{"$f":"(1-VLOOKUP(O493,Start!$H$33:$I$40,2,FALSE)/100)*T493","v":57.42},{"$f":"VLOOKUP(N493,Start!$C$9:$D$15,2,FALSE)+VLOOKUP(N493,Start!$C$23:$D$29,2,FALSE)","v":10.67},{"$f":"(V493/R493)+Start!$D$19*(VLOOKUP(N493,Start!$M$33:$N$39,2,FALSE)/R493)+VLOOKUP(O493,Start!$C$33:$D$40,2,FALSE)","v":42.610772464529688}]
[null,null,"Yes","BNA1510","Spreestromerzeugungs GmbH","Hamburger Rieger",3130,"Spremberg","An der Heide B5","Brandenburg",null,"01.01.2013","Waste","Waste","Waste","Steam turbine","OPSD (2018)",0.33,"OPSD (2018)",18.7,{"$f":"(1-VLOOKUP(O494,Start!$H$33:$I$40,2,FALSE)/100)*T494","v":15.895},{"$f":"VLOOKUP(N494,Start!$C$9:$D$15,2,FALSE)+VLOOKUP(N494,Start!$C$23:$D$29,2,FALSE)","v":0},{"$f":"(V494/R494)+Start!$D$19*(VLOOKUP(N494,Start!$M$33:$N$39,2,FALSE)/R494)+VLOOKUP(O494,Start!$C$33:$D$40,2,FALSE)","v":1}]
[null,null,"Yes","BNA1511a","Papierfabrik Schoellershammer H. A. Schoeller Söhne GmbH & Co KG","Kessel 4",52355,"Düren","Kreuzauer Str. 18","Nordrhein-Westfalen",null,"25.03.1983","Lignite","Lignite","Lignite","Steam turbine","OPSD (2018)",0.35920000000000002,"OPSD (2018)",9.3000000000000007,{"$f":"(1-VLOOKUP(O495,Start!$H$33:$I$40,2,FALSE)/100)*T495","v":8.0910000000000011},{"$f":"VLOOKUP(N495,Start!$C$9:$D$15,2,FALSE)+VLOOKUP(N495,Start!$C$23:$D$29,2,FALSE)","v":3.1},{"$f":"(V495/R495)+Start!$D$19*(VLOOKUP(N495,Start!$M$33:$N$39,2,FALSE)/R495)+VLOOKUP(O495,Start!$C$33:$D$40,2,FALSE)","v":38.178396436525617}]
[null,null,"Yes","BNA1516","Südzucker AG Mannheim","HKW 1 Werk Offstein",67283,"Obrigheim","Wormser Straße 11","Rheinland-Pfalz",null,"01.08.1961","Gas","Gas","CCGT","Steam turbine","OPSD (2018)",0.34210000000000002,"OPSD (2018)",30,{"$f":"(1-VLOOKUP(O496,Start!$H$33:$I$40,2,FALSE)/100)*T496","v":26.1},{"$f":"VLOOKUP(N496,Start!$C$9:$D$15,2,FALSE)+VLOOKUP(N496,Start!$C$23:$D$29,2,FALSE)","v":10.67},{"$f":"(V496/R496)+Start!$D$19*(VLOOKUP(N496,Start!$M$33:$N$39,2,FALSE)/R496)+VLOOKUP(O496,Start!$C$33:$D$40,2,FALSE)","v":47.237386729026596}]
[null,null,"Yes","BNA1520","ESWE BioEnergie GmbH","Biomasseheizkraftwerk Wiesbaden",65205,"Wiesbaden","Deponiestraße 14","Hessen",null,"01.01.2014","Waste","Waste","Waste","Steam turbine","OPSD (2018)",0.33,"OPSD (2018)",10.5,{"$f":"(1-VLOOKUP(O497,Start!$H$33:$I$40,2,FALSE)/100)*T497","v":8.9249999999999989},{"$f":"VLOOKUP(N497,Start!$C$9:$D$15,2,FALSE)+VLOOKUP(N497,Start!$C$23:$D$29,2,FALSE)","v":0},{"$f":"(V497/R497)+Start!$D$19*(VLOOKUP(N497,Start!$M$33:$N$39,2,FALSE)/R497)+VLOOKUP(O497,Start!$C$33:$D$40,2,FALSE)","v":1}]
[null,null,"Yes","BNA1523a","Moritz J. Weig GmbH & Co KG","Gemeinschaftskraftwerk Weig",56727,"Mayen","Polcher Str. 113","Rheinland-Pfalz","Block 1 (Kessel2, GT 1, DT 2)","01.01.1992","Gas","Gas","CCGT","Combined cycle","OPSD (2018)",0.504,"OPSD (2018)",11.4,{"$f":"(1-VLOOKUP(O498,Start!$H$33:$I$40,2,FALSE)/100)*T498","v":9.918000000000001},{"$f":"VLOOKUP(N498,Start!$C$9:$D$15,2,FALSE)+VLOOKUP(N498,Start!$C$23:$D$29,2,FALSE)","v":10.67},{"$f":"(V498/R498)+Start!$D$19*(VLOOKUP(N498,Start!$M$33:$N$39,2,FALSE)/R498)+VLOOKUP(O498,Start!$C$33:$D$40,2,FALSE)","v":32.545158730158732}]
[null,null,"Yes","BNA1523b","Moritz J. Weig GmbH & Co KG","Gemeinschaftskraftwerk Weig",56727,"Mayen","Polcher Str. 113","Rheinland-Pfalz","Block 2 (Kessel 6, GT 2, DT 3)","01.01.2013","Gas","Gas","CCGT","Combined cycle","OPSD (2018)",0.59850000000000003,"OPSD (2018)",27.4,{"$f":"(1-VLOOKUP(O499,Start!$H$33:$I$40,2,FALSE)/100)*T499","v":23.837999999999997},{"$f":"VLOOKUP(N499,Start!$C$9:$D$15,2,FALSE)+VLOOKUP(N499,Start!$C$23:$D$29,2,FALSE)","v":10.67},{"$f":"(V499/R499)+Start!$D$19*(VLOOKUP(N499,Start!$M$33:$N$39,2,FALSE)/R499)+VLOOKUP(O499,Start!$C$33:$D$40,2,FALSE)","v":27.643291562238929}]
[null,null,"Yes","BNA1523c","Moritz J. Weig GmbH & Co KG","Gemeinschaftskraftwerk Weig",56727,"Mayen","Polcher Str. 113","Rheinland-Pfalz","Block 3 (Kessel 3 und 4, DT 2 und 3 anteilig)","01.01.1992","Other","Gas","CCGT","Steam turbine","OPSD (2018)",0.374,"Assumption based on DIW (2014)",10.3,{"$f":"(1-VLOOKUP(O500,Start!$H$33:$I$40,2,FALSE)/100)*T500","v":8.9610000000000003},{"$f":"VLOOKUP(N500,Start!$C$9:$D$15,2,FALSE)+VLOOKUP(N500,Start!$C$23:$D$29,2,FALSE)","v":10.67},{"$f":"(V500/R500)+Start!$D$19*(VLOOKUP(N500,Start!$M$33:$N$39,2,FALSE)/R500)+VLOOKUP(O500,Start!$C$33:$D$40,2,FALSE)","v":43.336256684491978}]
[null,null,"Yes","BNA1524","Sales & Solutions GmbH","Heizkraftwerk Bomlitz",29699,"Bomlitz","Industriepark Walsrode, \nAugust-Wolff-Str. 13","Niedersachsen",null,"01.06.1969","Gas","Gas","CCGT","Steam turbine","OPSD (2018)",0.35089999999999999,"OPSD (2018)",12.75,{"$f":"(1-VLOOKUP(O501,Start!$H$33:$I$40,2,FALSE)/100)*T501","v":11.092499999999999},{"$f":"VLOOKUP(N501,Start!$C$9:$D$15,2,FALSE)+VLOOKUP(N501,Start!$C$23:$D$29,2,FALSE)","v":10.67},{"$f":"(V501/R501)+Start!$D$19*(VLOOKUP(N501,Start!$M$33:$N$39,2,FALSE)/R501)+VLOOKUP(O501,Start!$C$33:$D$40,2,FALSE)","v":46.09036762610431}]
[null,null,"Yes","BNA1526","Raffinerie Heide GmbH","Kraftwerk Raffinerie Heide",25770,"Hemminstedt","Meldorfer Str. 43","Schleswig-Holstein",null,"23.09.1962","Multiple","Oil","Oil","Steam turbine","OPSD (2018)",0.34320000000000001,"OPSD (2018)",44.5,{"$f":"(1-VLOOKUP(O502,Start!$H$33:$I$40,2,FALSE)/100)*T502","v":37.824999999999996},{"$f":"VLOOKUP(N502,Start!$C$9:$D$15,2,FALSE)+VLOOKUP(N502,Start!$C$23:$D$29,2,FALSE)","v":23.2},{"$f":"(V502/R502)+Start!$D$19*(VLOOKUP(N502,Start!$M$33:$N$39,2,FALSE)/R502)+VLOOKUP(O502,Start!$C$33:$D$40,2,FALSE)","v":88.799533799533805}]
[null,null,"Yes","BNA1528","Stadtwerke Kempen GmbH",null,47906,"Kempen",null,"Nordrhein-Westfalen",null,"01.01.1990","Gas","Gas","CCGT","Combustion Engine","https://www.stadtwerke-kempen.de/nachhaltige-fernwaerme",0.42799999999999999,"Assumption based on DIW (2014)",13.2,{"$f":"(1-VLOOKUP(O503,Start!$H$33:$I$40,2,FALSE)/100)*T503","v":11.484},{"$f":"VLOOKUP(N503,Start!$C$9:$D$15,2,FALSE)+VLOOKUP(N503,Start!$C$23:$D$29,2,FALSE)","v":10.67},{"$f":"(V503/R503)+Start!$D$19*(VLOOKUP(N503,Start!$M$33:$N$39,2,FALSE)/R503)+VLOOKUP(O503,Start!$C$33:$D$40,2,FALSE)","v":38.057850467289718}]
[null,null,"Yes","BNA1531","Industriekraftwerk Greifswald GmbH","Industriekraftwerk Greifswald",17509,"Lubmin",null,"Mecklenburg-Vorpommern",null,"01.12.2013","Gas","Gas","CCGT","Steam turbine","OPSD (2018)",0.39929999999999999,"OPSD (2018)",38,{"$f":"(1-VLOOKUP(O504,Start!$H$33:$I$40,2,FALSE)/100)*T504","v":33.06},{"$f":"VLOOKUP(N504,Start!$C$9:$D$15,2,FALSE)+VLOOKUP(N504,Start!$C$23:$D$29,2,FALSE)","v":10.67},{"$f":"(V504/R504)+Start!$D$19*(VLOOKUP(N504,Start!$M$33:$N$39,2,FALSE)/R504)+VLOOKUP(O504,Start!$C$33:$D$40,2,FALSE)","v":40.685474580515901}]
[null,null,"Yes","BNA1541","Freiberger Erdgas GmbH","HKW Freiberg",9599,"Freiberg",null,"Sachsen",null,"25.09.2013","Gas","Gas","CCGT","Steam turbine","OPSD (2018)",0.39929999999999999,"OPSD (2018)",13.382999999999999,{"$f":"(1-VLOOKUP(O505,Start!$H$33:$I$40,2,FALSE)/100)*T505","v":11.64321},{"$f":"VLOOKUP(N505,Start!$C$9:$D$15,2,FALSE)+VLOOKUP(N505,Start!$C$23:$D$29,2,FALSE)","v":10.67},{"$f":"(V505/R505)+Start!$D$19*(VLOOKUP(N505,Start!$M$33:$N$39,2,FALSE)/R505)+VLOOKUP(O505,Start!$C$33:$D$40,2,FALSE)","v":40.685474580515901}]
[null,null,"Yes","BNA1553","Gunvor Raffinerie Ingolstadt GmbH",null,85092,"Kösching",null,"Bayern",null,"24.08.2012","Multiple","Gas","CCGT","Combustion Engine","own assumption",0.45600000000000002,"Assumption based on DIW (2014)",23.3,{"$f":"(1-VLOOKUP(O506,Start!$H$33:$I$40,2,FALSE)/100)*T506","v":20.271000000000001},{"$f":"VLOOKUP(N506,Start!$C$9:$D$15,2,FALSE)+VLOOKUP(N506,Start!$C$23:$D$29,2,FALSE)","v":10.67},{"$f":"(V506/R506)+Start!$D$19*(VLOOKUP(N506,Start!$M$33:$N$39,2,FALSE)/R506)+VLOOKUP(O506,Start!$C$33:$D$40,2,FALSE)","v":35.813070175438597}]
[null,null,"Yes","BNA1556","Sachsenmilch Leppersdorf GmbH",null,1454,"Leppersdorf","An den Breiten","Sachsen",null,"09.05.2014","Gas","Gas","CCGT","Steam turbine","https://www.muellergroup.com/medien/pressemitteilungen/sachsenmilch-leppersdorf-nimmt-eigenstromanlage-in-betrieb/",0.45600000000000002,"Assumption based on DIW (2014)",36,{"$f":"(1-VLOOKUP(O507,Start!$H$33:$I$40,2,FALSE)/100)*T507","v":31.32},{"$f":"VLOOKUP(N507,Start!$C$9:$D$15,2,FALSE)+VLOOKUP(N507,Start!$C$23:$D$29,2,FALSE)","v":10.67},{"$f":"(V507/R507)+Start!$D$19*(VLOOKUP(N507,Start!$M$33:$N$39,2,FALSE)/R507)+VLOOKUP(O507,Start!$C$33:$D$40,2,FALSE)","v":35.813070175438597}]
[null,null,"Yes","BNA1557","Volkswagen Sachsen GmbH ",null,8056,"Zwickau","Glauchauer Str. 40","Sachsen",null,"13.02.2014","Gas","Gas","CCGT","Combustion Engine","http://autogramm.volkswagen.de/01-02_14/standorte/standorte_09.html",0.45600000000000002,"Assumption based on DIW (2014)",12.9,{"$f":"(1-VLOOKUP(O508,Start!$H$33:$I$40,2,FALSE)/100)*T508","v":11.223000000000001},{"$f":"VLOOKUP(N508,Start!$C$9:$D$15,2,FALSE)+VLOOKUP(N508,Start!$C$23:$D$29,2,FALSE)","v":10.67},{"$f":"(V508/R508)+Start!$D$19*(VLOOKUP(N508,Start!$M$33:$N$39,2,FALSE)/R508)+VLOOKUP(O508,Start!$C$33:$D$40,2,FALSE)","v":35.813070175438597}]
[null,null,"Yes","BNA1558","Vattenfall Heizkraftwerk Moorburg GmbH","Moorburg B",21079,"Hamburg","Moorburger Schanze 2","Hamburg","B","28.02.2015","Coal","Coal","Coal","Steam turbine","OPSD (2018)",0.46250000000000002,"OPSD (2018)",800,{"$f":"(1-VLOOKUP(O509,Start!$H$33:$I$40,2,FALSE)/100)*T509","v":600},{"$f":"VLOOKUP(N509,Start!$C$9:$D$15,2,FALSE)+VLOOKUP(N509,Start!$C$23:$D$29,2,FALSE)","v":7.5},{"$f":"(V509/R509)+Start!$D$19*(VLOOKUP(N509,Start!$M$33:$N$39,2,FALSE)/R509)+VLOOKUP(O509,Start!$C$33:$D$40,2,FALSE)","v":35.557556756756753}]
[null,null,"Yes","BNA1658","Stadtwerke Lemgo GmbH","HKW-Mitte",32657,"Lemgo","Bruchweg 24","Nordrhein-Westfalen",null,"01.04.1980","Gas","Gas","CCGT","Steam turbine","OPSD (2018)",0.36299999999999999,"OPSD (2018)",10.1,{"$f":"(1-VLOOKUP(O510,Start!$H$33:$I$40,2,FALSE)/100)*T510","v":8.786999999999999},{"$f":"VLOOKUP(N510,Start!$C$9:$D$15,2,FALSE)+VLOOKUP(N510,Start!$C$23:$D$29,2,FALSE)","v":10.67},{"$f":"(V510/R510)+Start!$D$19*(VLOOKUP(N510,Start!$M$33:$N$39,2,FALSE)/R510)+VLOOKUP(O510,Start!$C$33:$D$40,2,FALSE)","v":44.604022038567493}]
[null,null,"Yes","BNA1671","Kronos Titan GmbH",null,26954,"Bremerhaven",null,"Niedersachsen",null,"03.03.2014","Gas","Gas","CCGT","Combustion Engine","own assumption",0.45600000000000002,"Assumption based on DIW (2014)",17.100000000000001,{"$f":"(1-VLOOKUP(O511,Start!$H$33:$I$40,2,FALSE)/100)*T511","v":14.877000000000001},{"$f":"VLOOKUP(N511,Start!$C$9:$D$15,2,FALSE)+VLOOKUP(N511,Start!$C$23:$D$29,2,FALSE)","v":10.67},{"$f":"(V511/R511)+Start!$D$19*(VLOOKUP(N511,Start!$M$33:$N$39,2,FALSE)/R511)+VLOOKUP(O511,Start!$C$33:$D$40,2,FALSE)","v":35.813070175438597}]
[null,null,"Yes","BNA1673","Vattenfall Heizkraftwerk Moorburg GmbH","Moorburg A",21079,"Hamburg","Moorburger Schanze 2","Hamburg","A","31.08.2015","Coal","Coal","Coal","Steam turbine","OPSD (2018)",0.46250000000000002,"OPSD (2018)",800,{"$f":"(1-VLOOKUP(O512,Start!$H$33:$I$40,2,FALSE)/100)*T512","v":600},{"$f":"VLOOKUP(N512,Start!$C$9:$D$15,2,FALSE)+VLOOKUP(N512,Start!$C$23:$D$29,2,FALSE)","v":7.5},{"$f":"(V512/R512)+Start!$D$19*(VLOOKUP(N512,Start!$M$33:$N$39,2,FALSE)/R512)+VLOOKUP(O512,Start!$C$33:$D$40,2,FALSE)","v":35.557556756756753}]
[null,null,"Yes","BNA1674","ENGIE Deutschland AG","Kraftwerk Wilhelmshaven",26386,"Wilhelmshaven","Niedersachsendamm","Niedersachsen","Kraftwerk Wilhelmshaven","30.10.2015","Coal","Coal","Coal","Steam turbine","OPSD (2018)",0.46250000000000002,"OPSD (2018)",731,{"$f":"(1-VLOOKUP(O513,Start!$H$33:$I$40,2,FALSE)/100)*T513","v":548.25},{"$f":"VLOOKUP(N513,Start!$C$9:$D$15,2,FALSE)+VLOOKUP(N513,Start!$C$23:$D$29,2,FALSE)","v":7.5},{"$f":"(V513/R513)+Start!$D$19*(VLOOKUP(N513,Start!$M$33:$N$39,2,FALSE)/R513)+VLOOKUP(O513,Start!$C$33:$D$40,2,FALSE)","v":35.557556756756753}]
[null,null,"Yes","BNA1676","Evonik Degussa GmbH","Kraftwerk IV",45772,"Marl","Paul-Baumann-Str. 1","Nordrhein-Westfalen",1,"13.02.2016","Gas","Gas","CCGT","Steam turbine","OPSD (2018)",0.40260000000000001,"OPSD (2018)",60.76,{"$f":"(1-VLOOKUP(O514,Start!$H$33:$I$40,2,FALSE)/100)*T514","v":52.861199999999997},{"$f":"VLOOKUP(N514,Start!$C$9:$D$15,2,FALSE)+VLOOKUP(N514,Start!$C$23:$D$29,2,FALSE)","v":10.67},{"$f":"(V514/R514)+Start!$D$19*(VLOOKUP(N514,Start!$M$33:$N$39,2,FALSE)/R514)+VLOOKUP(O514,Start!$C$33:$D$40,2,FALSE)","v":40.364282165921509}]
[null,null,"Yes","BNA1677","Volkswagen AG","BHKW Braunschweig",38436,"Wolfsburg","Berliner Ring","Niedersachsen",null,"27.07.2014","Gas","Gas","CCGT","Steam turbine","OPSD (2018)",0.40039999999999998,"OPSD (2018)",10.4,{"$f":"(1-VLOOKUP(O515,Start!$H$33:$I$40,2,FALSE)/100)*T515","v":9.048},{"$f":"VLOOKUP(N515,Start!$C$9:$D$15,2,FALSE)+VLOOKUP(N515,Start!$C$23:$D$29,2,FALSE)","v":10.67},{"$f":"(V515/R515)+Start!$D$19*(VLOOKUP(N515,Start!$M$33:$N$39,2,FALSE)/R515)+VLOOKUP(O515,Start!$C$33:$D$40,2,FALSE)","v":40.577822177822185}]
[null,null,"Yes","BNA1678","Flughafen München GmbH","Energiezentrale 2016",85326,"München",null,"Bayern",null,"09.12.2014","Gas","Gas","CCGT","Steam turbine","OPSD (2018)",0.40039999999999998,"OPSD (2018)",16.8,{"$f":"(1-VLOOKUP(O516,Start!$H$33:$I$40,2,FALSE)/100)*T516","v":14.616},{"$f":"VLOOKUP(N516,Start!$C$9:$D$15,2,FALSE)+VLOOKUP(N516,Start!$C$23:$D$29,2,FALSE)","v":10.67},{"$f":"(V516/R516)+Start!$D$19*(VLOOKUP(N516,Start!$M$33:$N$39,2,FALSE)/R516)+VLOOKUP(O516,Start!$C$33:$D$40,2,FALSE)","v":40.577822177822185}]
[null,null,"Yes","BNA1810","Exxon Mobil Production Deutschland GmbH",null,30659,"Hannover","Riethorst 12","Niedersachsen",null,"31.07.2014","Gas","Gas","CCGT","Combustion Engine","own assumption",0.45600000000000002,"Assumption based on DIW (2014)",30.2,{"$f":"(1-VLOOKUP(O517,Start!$H$33:$I$40,2,FALSE)/100)*T517","v":26.274000000000001},{"$f":"VLOOKUP(N517,Start!$C$9:$D$15,2,FALSE)+VLOOKUP(N517,Start!$C$23:$D$29,2,FALSE)","v":10.67},{"$f":"(V517/R517)+Start!$D$19*(VLOOKUP(N517,Start!$M$33:$N$39,2,FALSE)/R517)+VLOOKUP(O517,Start!$C$33:$D$40,2,FALSE)","v":35.813070175438597}]
[null,null,"Yes","BNA1817","Stadtwerke Düsseldorf AG","GuD",40221,"Düsseldorf","Auf der Lausward 75","Nordrhein-Westfalen","GuD F","22.01.2016","Gas","Gas","CCGT","Combined cycle","OPSD (2018)",0.61199999999999999,"OPSD (2018)",595,{"$f":"(1-VLOOKUP(O518,Start!$H$33:$I$40,2,FALSE)/100)*T518","v":517.65},{"$f":"VLOOKUP(N518,Start!$C$9:$D$15,2,FALSE)+VLOOKUP(N518,Start!$C$23:$D$29,2,FALSE)","v":10.67},{"$f":"(V518/R518)+Start!$D$19*(VLOOKUP(N518,Start!$M$33:$N$39,2,FALSE)/R518)+VLOOKUP(O518,Start!$C$33:$D$40,2,FALSE)","v":27.066601307189543}]
[null,null,"Yes","BNA1818","RheinEnergie AG","Niehl 3",50735,"Köln",null,"Nordrhein-Westfalen","Niehl 31","29.04.2016","Gas","Gas","CCGT","Steam turbine","OPSD (2018)",0.40260000000000001,"OPSD (2018)",459.9,{"$f":"(1-VLOOKUP(O519,Start!$H$33:$I$40,2,FALSE)/100)*T519","v":400.113},{"$f":"VLOOKUP(N519,Start!$C$9:$D$15,2,FALSE)+VLOOKUP(N519,Start!$C$23:$D$29,2,FALSE)","v":10.67},{"$f":"(V519/R519)+Start!$D$19*(VLOOKUP(N519,Start!$M$33:$N$39,2,FALSE)/R519)+VLOOKUP(O519,Start!$C$33:$D$40,2,FALSE)","v":40.364282165921509}]
[null,null,"Yes","BNA1819","Stadtwerke Flensburg GmbH","Heizkraftwerk FL",24939,"Flensburg","Batteriestr. 48","Schleswig-Holstein","Block 12","01.10.2016","Gas","Gas","CCGT","Combined cycle","OPSD (2018)",0.61199999999999999,"OPSD (2018)",78,{"$f":"(1-VLOOKUP(O520,Start!$H$33:$I$40,2,FALSE)/100)*T520","v":67.86},{"$f":"VLOOKUP(N520,Start!$C$9:$D$15,2,FALSE)+VLOOKUP(N520,Start!$C$23:$D$29,2,FALSE)","v":10.67},{"$f":"(V520/R520)+Start!$D$19*(VLOOKUP(N520,Start!$M$33:$N$39,2,FALSE)/R520)+VLOOKUP(O520,Start!$C$33:$D$40,2,FALSE)","v":27.066601307189543}]
[null,null,"Yes","BNA1820","Gemeinschaftskraftwerk Bremen GmbH und Co. KG","KW Mittelsbüren",28237,"Bremen",null,"Bremen","GuD MiBÜ","01.10.2016","Gas","Gas","CCGT","Combined cycle","OPSD (2018)",0.61199999999999999,"OPSD (2018)",444.5,{"$f":"(1-VLOOKUP(O521,Start!$H$33:$I$40,2,FALSE)/100)*T521","v":386.71499999999997},{"$f":"VLOOKUP(N521,Start!$C$9:$D$15,2,FALSE)+VLOOKUP(N521,Start!$C$23:$D$29,2,FALSE)","v":10.67},{"$f":"(V521/R521)+Start!$D$19*(VLOOKUP(N521,Start!$M$33:$N$39,2,FALSE)/R521)+VLOOKUP(O521,Start!$C$33:$D$40,2,FALSE)","v":27.066601307189543}]
[null,null,"Yes","BNA1821","Bayer AG","Energieversogung Wedding",13353,"Berlin","Fennstr. 22","Berlin",null,"25.05.1972","Multiple","Gas","CCGT","Steam turbine","OPSD (2018)",0.35420000000000001,"OPSD (2018)",15,{"$f":"(1-VLOOKUP(O522,Start!$H$33:$I$40,2,FALSE)/100)*T522","v":13.05},{"$f":"VLOOKUP(N522,Start!$C$9:$D$15,2,FALSE)+VLOOKUP(N522,Start!$C$23:$D$29,2,FALSE)","v":10.67},{"$f":"(V522/R522)+Start!$D$19*(VLOOKUP(N522,Start!$M$33:$N$39,2,FALSE)/R522)+VLOOKUP(O522,Start!$C$33:$D$40,2,FALSE)","v":45.674929418407679}]
[null,null,"Yes","BNA1859","Ford-Werke GmbH","Ford Saarlouis",66740,"Saarlouis",null,"Saarland",null,"2016","Gas","Gas","CCGT","Steam turbine","OPSD (2018)",0.40260000000000001,"OPSD (2018)",22,{"$f":"(1-VLOOKUP(O523,Start!$H$33:$I$40,2,FALSE)/100)*T523","v":19.14},{"$f":"VLOOKUP(N523,Start!$C$9:$D$15,2,FALSE)+VLOOKUP(N523,Start!$C$23:$D$29,2,FALSE)","v":10.67},{"$f":"(V523/R523)+Start!$D$19*(VLOOKUP(N523,Start!$M$33:$N$39,2,FALSE)/R523)+VLOOKUP(O523,Start!$C$33:$D$40,2,FALSE)","v":40.364282165921509}]
[null,null,"Yes","BNA1861","BMW AG","Regensburg",93055,"Regensburg","Herbert-Quandt-Allee","Bayern",null,"29.10.2012","Gas","Gas","CCGT","Steam turbine","OPSD (2018)",0.3982,"OPSD (2018)",10.6,{"$f":"(1-VLOOKUP(O524,Start!$H$33:$I$40,2,FALSE)/100)*T524","v":9.2219999999999995},{"$f":"VLOOKUP(N524,Start!$C$9:$D$15,2,FALSE)+VLOOKUP(N524,Start!$C$23:$D$29,2,FALSE)","v":10.67},{"$f":"(V524/R524)+Start!$D$19*(VLOOKUP(N524,Start!$M$33:$N$39,2,FALSE)/R524)+VLOOKUP(O524,Start!$C$33:$D$40,2,FALSE)","v":40.793721747865398}]
[null,null,"Yes","BNA1862","BMW AG","Regensburg",93055,"Regensburg","Herbert-Quandt-Allee","Bayern",null,"20.08.2016","Gas","Gas","CCGT","Steam turbine","OPSD (2018)",0.40260000000000001,"OPSD (2018)",2.65,{"$f":"(1-VLOOKUP(O525,Start!$H$33:$I$40,2,FALSE)/100)*T525","v":2.3054999999999999},{"$f":"VLOOKUP(N525,Start!$C$9:$D$15,2,FALSE)+VLOOKUP(N525,Start!$C$23:$D$29,2,FALSE)","v":10.67},{"$f":"(V525/R525)+Start!$D$19*(VLOOKUP(N525,Start!$M$33:$N$39,2,FALSE)/R525)+VLOOKUP(O525,Start!$C$33:$D$40,2,FALSE)","v":40.364282165921509}]
[null,null,"Yes","BNA1863","Fresenius Medical Care Deutschland GmbH","Gasturbinen-HKW St. Wendel",66606,"St. Wendel","Frankfurter Straße 6-8","Saarland",null,"21.01.2014","Gas","Gas","OCGT","Gas turbine","OPSD (2018)",0.41639999999999999,"OPSD (2018)",19.5,{"$f":"(1-VLOOKUP(O526,Start!$H$33:$I$40,2,FALSE)/100)*T526","v":16.965},{"$f":"VLOOKUP(N526,Start!$C$9:$D$15,2,FALSE)+VLOOKUP(N526,Start!$C$23:$D$29,2,FALSE)","v":10.67},{"$f":"(V526/R526)+Start!$D$19*(VLOOKUP(N526,Start!$M$33:$N$39,2,FALSE)/R526)+VLOOKUP(O526,Start!$C$33:$D$40,2,FALSE)","v":38.576272814601346}]
[null,null,"Yes","BNA1864","KÄMMERER Energie GmbH","Turbine 4",49084,"Osnabrück","Römereschstrasse 33","Niedersachsen",null,"1905-05-15","Multiple","Waste","Waste","Steam turbine","OPSD (2018)",0.33,"eigene Annahme",9.5,{"$f":"(1-VLOOKUP(O527,Start!$H$33:$I$40,2,FALSE)/100)*T527","v":8.0749999999999993},{"$f":"VLOOKUP(N527,Start!$C$9:$D$15,2,FALSE)+VLOOKUP(N527,Start!$C$23:$D$29,2,FALSE)","v":0},{"$f":"(V527/R527)+Start!$D$19*(VLOOKUP(N527,Start!$M$33:$N$39,2,FALSE)/R527)+VLOOKUP(O527,Start!$C$33:$D$40,2,FALSE)","v":1}]
[null,null,"Yes","BNA1865","KÄMMERER Energie GmbH","Turbine 5",49084,"Osnabrück","Römereschstrasse 33","Niedersachsen",null,"1905-05-25","Multiple","Waste","Waste","Steam turbine","OPSD (2018)",0.33,"eigene Annahme",9.8000000000000007,{"$f":"(1-VLOOKUP(O528,Start!$H$33:$I$40,2,FALSE)/100)*T528","v":8.33},{"$f":"VLOOKUP(N528,Start!$C$9:$D$15,2,FALSE)+VLOOKUP(N528,Start!$C$23:$D$29,2,FALSE)","v":0},{"$f":"(V528/R528)+Start!$D$19*(VLOOKUP(N528,Start!$M$33:$N$39,2,FALSE)/R528)+VLOOKUP(O528,Start!$C$33:$D$40,2,FALSE)","v":1}]
[null,null,"Yes","BNA1866","Zweite Energieversorgungscenter Dresden-Wilschdorf GmbH & Co. KG",null,1468,"Moritzburg",null,"Sachsen",null,"01.04.2005","Gas","Gas","CCGT","Combustion Engine","own assumption",0.442,"Assumption based on DIW (2014)",33.9,{"$f":"(1-VLOOKUP(O529,Start!$H$33:$I$40,2,FALSE)/100)*T529","v":29.492999999999999},{"$f":"VLOOKUP(N529,Start!$C$9:$D$15,2,FALSE)+VLOOKUP(N529,Start!$C$23:$D$29,2,FALSE)","v":10.67},{"$f":"(V529/R529)+Start!$D$19*(VLOOKUP(N529,Start!$M$33:$N$39,2,FALSE)/R529)+VLOOKUP(O529,Start!$C$33:$D$40,2,FALSE)","v":36.899909502262446}]
[null,null,"Yes","BNA1867","AVG Köln mbH","AVG Köln",50735,"Köln","Geestemünder Straße 23","Nordrhein-Westfalen","Turbosatz 2","01.05.2017","Waste","Waste","Waste","Steam turbine","OPSD (2018)",0.33,"OPSD (2018)",18,{"$f":"(1-VLOOKUP(O530,Start!$H$33:$I$40,2,FALSE)/100)*T530","v":15.299999999999999},{"$f":"VLOOKUP(N530,Start!$C$9:$D$15,2,FALSE)+VLOOKUP(N530,Start!$C$23:$D$29,2,FALSE)","v":0},{"$f":"(V530/R530)+Start!$D$19*(VLOOKUP(N530,Start!$M$33:$N$39,2,FALSE)/R530)+VLOOKUP(O530,Start!$C$33:$D$40,2,FALSE)","v":1}]
[null,null,"Yes","BNA1868","Mainova AG","HKW West M5",60327,"Frankfurt am Main","Gutleutstraße 231","Hessen","M5","01.01.2018","Multiple","Gas","CCGT","Steam turbine","OPSD (2018)",0.40479999999999999,"OPSD (2018)",38.700000000000003,{"$f":"(1-VLOOKUP(O531,Start!$H$33:$I$40,2,FALSE)/100)*T531","v":33.669000000000004},{"$f":"VLOOKUP(N531,Start!$C$9:$D$15,2,FALSE)+VLOOKUP(N531,Start!$C$23:$D$29,2,FALSE)","v":10.67},{"$f":"(V531/R531)+Start!$D$19*(VLOOKUP(N531,Start!$M$33:$N$39,2,FALSE)/R531)+VLOOKUP(O531,Start!$C$33:$D$40,2,FALSE)","v":40.153063241106722}]
[null,null,"Yes","BNA1870","Orion Engineered Carbons GmbH","Werk Kalscheuren",50997,"Köln","Harry-Kloepfer-Straße 1","Nordrhein-Westfalen",null,"01.01.1967","Other","Gas","CCGT","Steam turbine","OPSD (2018)",0.34100000000000003,"Assumption based on DIW (2014)",26.5,{"$f":"(1-VLOOKUP(O532,Start!$H$33:$I$40,2,FALSE)/100)*T532","v":23.055},{"$f":"VLOOKUP(N532,Start!$C$9:$D$15,2,FALSE)+VLOOKUP(N532,Start!$C$23:$D$29,2,FALSE)","v":10.67},{"$f":"(V532/R532)+Start!$D$19*(VLOOKUP(N532,Start!$M$33:$N$39,2,FALSE)/R532)+VLOOKUP(O532,Start!$C$33:$D$40,2,FALSE)","v":47.384926686217007}]
[null,null,"Yes","BNA1873","BMW AG","KWK Dingolfing BA 1",84130,"Dingolfing","Landshuter Strasse 56","Bayern","KWK Dingolfing BA1","15.11.2017","Gas","Gas","CCGT","Steam turbine","OPSD (2018)",0.4037,"OPSD (2018)",16,{"$f":"(1-VLOOKUP(O533,Start!$H$33:$I$40,2,FALSE)/100)*T533","v":13.92},{"$f":"VLOOKUP(N533,Start!$C$9:$D$15,2,FALSE)+VLOOKUP(N533,Start!$C$23:$D$29,2,FALSE)","v":10.67},{"$f":"(V533/R533)+Start!$D$19*(VLOOKUP(N533,Start!$M$33:$N$39,2,FALSE)/R533)+VLOOKUP(O533,Start!$C$33:$D$40,2,FALSE)","v":40.25838493931137}]
[null,null,"Yes","BNA1894","Holcim (Süddeutschland) GmbH",null,72359,"Dotternhausen","Dormettingerstrasse 23","Baden-Württemberg",null,"20.03.2007","Other","Other","Other","Steam turbine","own assumption",0.33,"eigene Annahme",10.119999999999999,{"$f":"(1-VLOOKUP(O534,Start!$H$33:$I$40,2,FALSE)/100)*T534","v":8.6019999999999985},{"$f":"VLOOKUP(N534,Start!$C$9:$D$15,2,FALSE)+VLOOKUP(N534,Start!$C$23:$D$29,2,FALSE)","v":22.9},{"$f":"(V534/R534)+Start!$D$19*(VLOOKUP(N534,Start!$M$33:$N$39,2,FALSE)/R534)+VLOOKUP(O534,Start!$C$33:$D$40,2,FALSE)","v":86.450424242424248}]
[null,null,"Yes","BNA1904","Stadtwerke Flensburg GmbH","K5/T7",24939,"Flensburg","Batteriestr. 48","Schleswig-Holstein",null,"01.10.2016","Multiple","Gas","CCGT","Steam turbine","OPSD (2018)",0.40260000000000001,"OPSD (2018)",29,{"$f":"(1-VLOOKUP(O535,Start!$H$33:$I$40,2,FALSE)/100)*T535","v":25.23},{"$f":"VLOOKUP(N535,Start!$C$9:$D$15,2,FALSE)+VLOOKUP(N535,Start!$C$23:$D$29,2,FALSE)","v":10.67},{"$f":"(V535/R535)+Start!$D$19*(VLOOKUP(N535,Start!$M$33:$N$39,2,FALSE)/R535)+VLOOKUP(O535,Start!$C$33:$D$40,2,FALSE)","v":40.364282165921509}]
[null,null,"Yes","BNA1909","EnBW Energie Baden-Württemberg AG","HKW 3 Stuttgart-Gaisburg",70188,"Stuttgart",null,"Baden-Württemberg","HKW3","29.08.2018","Gas","Gas","CCGT","Steam turbine","OPSD (2018)",0.40479999999999999,"OPSD (2018)",29.151,{"$f":"(1-VLOOKUP(O536,Start!$H$33:$I$40,2,FALSE)/100)*T536","v":25.361370000000001},{"$f":"VLOOKUP(N536,Start!$C$9:$D$15,2,FALSE)+VLOOKUP(N536,Start!$C$23:$D$29,2,FALSE)","v":10.67},{"$f":"(V536/R536)+Start!$D$19*(VLOOKUP(N536,Start!$M$33:$N$39,2,FALSE)/R536)+VLOOKUP(O536,Start!$C$33:$D$40,2,FALSE)","v":40.153063241106722}]
[null,null,"Yes","BNA1911","DREWAG Stadtwerke Dresden GmbH","HKW Dresden-Nord",1099,"Dresden ","Hermann-Mende-Straße, 2","Sachsen","HKW Dresden-Nord","07.12.2018","Gas","Gas","CCGT","Combustion Engine","own assumption",0.45600000000000002,"Assumption based on DIW (2014)",11.5,{"$f":"(1-VLOOKUP(O537,Start!$H$33:$I$40,2,FALSE)/100)*T537","v":10.005000000000001},{"$f":"VLOOKUP(N537,Start!$C$9:$D$15,2,FALSE)+VLOOKUP(N537,Start!$C$23:$D$29,2,FALSE)","v":10.67},{"$f":"(V537/R537)+Start!$D$19*(VLOOKUP(N537,Start!$M$33:$N$39,2,FALSE)/R537)+VLOOKUP(O537,Start!$C$33:$D$40,2,FALSE)","v":35.813070175438597}]
[null,null,"Yes","BNA1925","ENGIE Deutschland GmbH","HKW Lusan",7546,"Gera",null,"Thüringen",null,"18.12.2018","Gas","Gas","CCGT","Combustion Engine","https://www.energieversorgung-gera.de/privatkunden/unternehmen/aktuelles/mitteilung/vorbereitungen-fuer-neues-heizkraftwerk-gera-lusan.html",0.45600000000000002,"Assumption based on DIW (2014)",17.3,{"$f":"(1-VLOOKUP(O538,Start!$H$33:$I$40,2,FALSE)/100)*T538","v":15.051},{"$f":"VLOOKUP(N538,Start!$C$9:$D$15,2,FALSE)+VLOOKUP(N538,Start!$C$23:$D$29,2,FALSE)","v":10.67},{"$f":"(V538/R538)+Start!$D$19*(VLOOKUP(N538,Start!$M$33:$N$39,2,FALSE)/R538)+VLOOKUP(O538,Start!$C$33:$D$40,2,FALSE)","v":35.813070175438597}]
[null,null,"Yes","BNA1926","ENGIE Deutschland GmbH","HKW Tinz",7549,"Gera",null,"Thüringen",null,"18.12.2018","Gas","Gas","CCGT","Combustion Engine","https://www.engie-deutschland.de/de/media/pressemitteilungen/details/Richtfest-im-Heizkraftwerk-Gera-Tinz/",0.45600000000000002,"Assumption based on DIW (2014)",22.05,{"$f":"(1-VLOOKUP(O539,Start!$H$33:$I$40,2,FALSE)/100)*T539","v":19.183500000000002},{"$f":"VLOOKUP(N539,Start!$C$9:$D$15,2,FALSE)+VLOOKUP(N539,Start!$C$23:$D$29,2,FALSE)","v":10.67},{"$f":"(V539/R539)+Start!$D$19*(VLOOKUP(N539,Start!$M$33:$N$39,2,FALSE)/R539)+VLOOKUP(O539,Start!$C$33:$D$40,2,FALSE)","v":35.813070175438597}]
[null,null,"Yes","BNA1927","TEAG Thüringer Energie AG","GM",36433,"Bad Salzungen",null,"Thüringen","GM","04.12.2018","Gas","Gas","CCGT","Combustion Engine","https://www.thueringerenergie.de/einblicke/waerme/ein_echt_dickes_ding",0.45600000000000002,"Assumption based on DIW (2014)",10,{"$f":"(1-VLOOKUP(O540,Start!$H$33:$I$40,2,FALSE)/100)*T540","v":8.6999999999999993},{"$f":"VLOOKUP(N540,Start!$C$9:$D$15,2,FALSE)+VLOOKUP(N540,Start!$C$23:$D$29,2,FALSE)","v":10.67},{"$f":"(V540/R540)+Start!$D$19*(VLOOKUP(N540,Start!$M$33:$N$39,2,FALSE)/R540)+VLOOKUP(O540,Start!$C$33:$D$40,2,FALSE)","v":35.813070175438597}]
[null,null,"Yes","BNA1934","BMW AG","KWK Landshut",84030,"Landshut","Neidenburger Straße 13","Bayern","KWK Landshut","09.01.2019","Gas","Gas","CCGT","Combustion Engine","https://www.bmwgroup-werke.com/landshut/de/aktuelles/pressemitteilungen/2018/kwk-zentrale.html",0.45600000000000002,"Assumption based on DIW (2014)",17.600000000000001,{"$f":"(1-VLOOKUP(O541,Start!$H$33:$I$40,2,FALSE)/100)*T541","v":15.312000000000001},{"$f":"VLOOKUP(N541,Start!$C$9:$D$15,2,FALSE)+VLOOKUP(N541,Start!$C$23:$D$29,2,FALSE)","v":10.67},{"$f":"(V541/R541)+Start!$D$19*(VLOOKUP(N541,Start!$M$33:$N$39,2,FALSE)/R541)+VLOOKUP(O541,Start!$C$33:$D$40,2,FALSE)","v":35.813070175438597}]
[null,null,"Yes","BNA1935","Vattenfall Wärme Berlin AG","Lichterfelde",12207,"Berlin",null,"Berlin",null,"2019-04-11","Gas","Gas","CCGT","Steam turbine","own assumption",0.39600000000000002,"Assumption based on DIW (2014) ",289,{"$f":"(1-VLOOKUP(O542,Start!$H$33:$I$40,2,FALSE)/100)*T542","v":251.43},{"$f":"VLOOKUP(N542,Start!$C$9:$D$15,2,FALSE)+VLOOKUP(N542,Start!$C$23:$D$29,2,FALSE)","v":10.67},{"$f":"(V542/R542)+Start!$D$19*(VLOOKUP(N542,Start!$M$33:$N$39,2,FALSE)/R542)+VLOOKUP(O542,Start!$C$33:$D$40,2,FALSE)","v":41.012020202020203}]
[null,null,"Yes","BNA1937","Mainova AG","Dampfturbine 5",60327,"Frankfurt am Main","Gutleutstraße 231","Hessen","DT 5","2018-01-01","Multiple","Gas","CCGT","Steam turbine","own assumption",0.39600000000000002,"Assumption based on DIW (2014) ",38.700000000000003,{"$f":"(1-VLOOKUP(O543,Start!$H$33:$I$40,2,FALSE)/100)*T543","v":33.669000000000004},{"$f":"VLOOKUP(N543,Start!$C$9:$D$15,2,FALSE)+VLOOKUP(N543,Start!$C$23:$D$29,2,FALSE)","v":10.67},{"$f":"(V543/R543)+Start!$D$19*(VLOOKUP(N543,Start!$M$33:$N$39,2,FALSE)/R543)+VLOOKUP(O543,Start!$C$33:$D$40,2,FALSE)","v":41.012020202020203}]
[null,null,"Yes","BNA1938","Papierfabrik Palm GmbH & Co. KG","KWK-Anlage Neukochen",73432,"Aalen",null,"Baden-Württemberg","Neukochen 10","1960-01-01","Gas","Gas","CCGT","Steam turbine","own assumption",0.34100000000000003,"Assumption based on DIW (2014) ",15,{"$f":"(1-VLOOKUP(O544,Start!$H$33:$I$40,2,FALSE)/100)*T544","v":13.05},{"$f":"VLOOKUP(N544,Start!$C$9:$D$15,2,FALSE)+VLOOKUP(N544,Start!$C$23:$D$29,2,FALSE)","v":10.67},{"$f":"(V544/R544)+Start!$D$19*(VLOOKUP(N544,Start!$M$33:$N$39,2,FALSE)/R544)+VLOOKUP(O544,Start!$C$33:$D$40,2,FALSE)","v":47.384926686217007}]
[null,null,"Yes","BNA0098","Stadtwerke Bielefeld GmbH","HKW Schildescher Straße",33611,"Bielefeld",null,"Nordrhein-Westfalen",null,"1977-05-20","Multiple","Gas","CCGT","Steam turbine","OPSD (2018)",0.35970000000000002,"OPSD (2018)",23,{"$f":"(1-VLOOKUP(O545,Start!$H$33:$I$40,2,FALSE)/100)*T545","v":20.010000000000002},{"$f":"VLOOKUP(N545,Start!$C$9:$D$15,2,FALSE)+VLOOKUP(N545,Start!$C$23:$D$29,2,FALSE)","v":10.67},{"$f":"(V545/R545)+Start!$D$19*(VLOOKUP(N545,Start!$M$33:$N$39,2,FALSE)/R545)+VLOOKUP(O545,Start!$C$33:$D$40,2,FALSE)","v":44.999471782040587}]
[null,null,"Yes","BNA1944","BMW AG","Dingolfing BA2",84130,"Dingolfing","Landshuter Straße 56","Bayern","BA2","2019-03-31","Gas","Gas","CCGT","Combustion Engine","own assumption",0.45600000000000002,"Assumption based on DIW (2014)",13.5,{"$f":"(1-VLOOKUP(O546,Start!$H$33:$I$40,2,FALSE)/100)*T546","v":11.744999999999999},{"$f":"VLOOKUP(N546,Start!$C$9:$D$15,2,FALSE)+VLOOKUP(N546,Start!$C$23:$D$29,2,FALSE)","v":10.67},{"$f":"(V546/R546)+Start!$D$19*(VLOOKUP(N546,Start!$M$33:$N$39,2,FALSE)/R546)+VLOOKUP(O546,Start!$C$33:$D$40,2,FALSE)","v":35.813070175438597}]
[null,null,"Yes","BNA1945","Stadtwerke Kiel AG","Küstenkraftwerk K.I.E.L.",24149,"Kiel","Hasselfelde 30","Schleswig-Holstein","BHKW Modul 1-20","2019-11-28","Gas","Gas","CCGT","Combustion Engine","own assumption",0.45600000000000002,"Assumption based on DIW (2014)",188,{"$f":"(1-VLOOKUP(O547,Start!$H$33:$I$40,2,FALSE)/100)*T547","v":163.56},{"$f":"VLOOKUP(N547,Start!$C$9:$D$15,2,FALSE)+VLOOKUP(N547,Start!$C$23:$D$29,2,FALSE)","v":10.67},{"$f":"(V547/R547)+Start!$D$19*(VLOOKUP(N547,Start!$M$33:$N$39,2,FALSE)/R547)+VLOOKUP(O547,Start!$C$33:$D$40,2,FALSE)","v":35.813070175438597}]
[null,null,"Yes","BNA1946","BMW AG","Werk 1.1",80809,"München","Lerchennauerstraße 76","Bayern","KWK 1-3","2019-10-01","Gas","Gas","CCGT","Combustion Engine","own assumption",0.45600000000000002,"Assumption based on DIW (2014)",13.5,{"$f":"(1-VLOOKUP(O548,Start!$H$33:$I$40,2,FALSE)/100)*T548","v":11.744999999999999},{"$f":"VLOOKUP(N548,Start!$C$9:$D$15,2,FALSE)+VLOOKUP(N548,Start!$C$23:$D$29,2,FALSE)","v":10.67},{"$f":"(V548/R548)+Start!$D$19*(VLOOKUP(N548,Start!$M$33:$N$39,2,FALSE)/R548)+VLOOKUP(O548,Start!$C$33:$D$40,2,FALSE)","v":35.813070175438597}]
[null,null,"Yes","BNA1947","BMW AG","Werk 1.5",80937,"München","Knorrstraße 147","Bayern","KWK 1-4","2019-10-01","Gas","Gas","CCGT","Combustion Engine","own assumption",0.45600000000000002,"Assumption based on DIW (2014)",13.6,{"$f":"(1-VLOOKUP(O549,Start!$H$33:$I$40,2,FALSE)/100)*T549","v":11.831999999999999},{"$f":"VLOOKUP(N549,Start!$C$9:$D$15,2,FALSE)+VLOOKUP(N549,Start!$C$23:$D$29,2,FALSE)","v":10.67},{"$f":"(V549/R549)+Start!$D$19*(VLOOKUP(N549,Start!$M$33:$N$39,2,FALSE)/R549)+VLOOKUP(O549,Start!$C$33:$D$40,2,FALSE)","v":35.813070175438597}]
[null,null,"Yes",null,"Nicht-EEG-Anlagen < 10 MW",null,null,null,null,null,null,null,"Waste","Waste","Waste","Steam turbine","own assumption",0.33,"eigene Annahme",141.44049999999999,{"$f":"(1-VLOOKUP(O550,Start!$H$33:$I$40,2,FALSE)/100)*T550","v":120.22442499999998},{"$f":"VLOOKUP(N550,Start!$C$9:$D$15,2,FALSE)+VLOOKUP(N550,Start!$C$23:$D$29,2,FALSE)","v":0},{"$f":"(V550/R550)+Start!$D$19*(VLOOKUP(N550,Start!$M$33:$N$39,2,FALSE)/R550)+VLOOKUP(O550,Start!$C$33:$D$40,2,FALSE)","v":1}]
[null,null,"Yes",null,"Nicht-EEG-Anlagen < 10 MW",null,null,null,null,null,null,null,"Lignite","Lignite","Lignite","Steam turbine","own assumption",0.376,"Assumption based on DIW (2014)",22.234000000000002,{"$f":"(1-VLOOKUP(O551,Start!$H$33:$I$40,2,FALSE)/100)*T551","v":19.343580000000003},{"$f":"VLOOKUP(N551,Start!$C$9:$D$15,2,FALSE)+VLOOKUP(N551,Start!$C$23:$D$29,2,FALSE)","v":3.1},{"$f":"(V551/R551)+Start!$D$19*(VLOOKUP(N551,Start!$M$33:$N$39,2,FALSE)/R551)+VLOOKUP(O551,Start!$C$33:$D$40,2,FALSE)","v":36.548510638297877}]
[null,null,"Yes",null,"Nicht-EEG-Anlagen < 10 MW",null,null,null,null,null,null,null,"Coal","Coal","Coal","Steam turbine","own assumption",0.375,"Assumption based on DIW (2014)",19.742000000000001,{"$f":"(1-VLOOKUP(O552,Start!$H$33:$I$40,2,FALSE)/100)*T552","v":14.8065},{"$f":"VLOOKUP(N552,Start!$C$9:$D$15,2,FALSE)+VLOOKUP(N552,Start!$C$23:$D$29,2,FALSE)","v":7.5},{"$f":"(V552/R552)+Start!$D$19*(VLOOKUP(N552,Start!$M$33:$N$39,2,FALSE)/R552)+VLOOKUP(O552,Start!$C$33:$D$40,2,FALSE)","v":43.550986666666667}]
[null,null,"Yes",null,"Nicht-EEG-Anlagen < 10 MW",null,null,null,null,null,null,null,"Gas","Gas","OCGT","Gas turbine","own assumption",0.35399999999999998,"Assumption based on DIW (2014)",3569.626650854399,{"$f":"(1-VLOOKUP(O553,Start!$H$33:$I$40,2,FALSE)/100)*T553","v":3105.5751862433272},{"$f":"VLOOKUP(N553,Start!$C$9:$D$15,2,FALSE)+VLOOKUP(N553,Start!$C$23:$D$29,2,FALSE)","v":10.67},{"$f":"(V553/R553)+Start!$D$19*(VLOOKUP(N553,Start!$M$33:$N$39,2,FALSE)/R553)+VLOOKUP(O553,Start!$C$33:$D$40,2,FALSE)","v":45.199887005649721}]
[null,null,"Yes",null,"Nicht-EEG-Anlagen < 10 MW",null,null,null,null,null,null,null,"Petroleum","Oil","Oil","Steam turbine","own assumption",0.374,"Assumption based on DIW (2014)",502.32882714560208,{"$f":"(1-VLOOKUP(O554,Start!$H$33:$I$40,2,FALSE)/100)*T554","v":426.97950307376175},{"$f":"VLOOKUP(N554,Start!$C$9:$D$15,2,FALSE)+VLOOKUP(N554,Start!$C$23:$D$29,2,FALSE)","v":23.2},{"$f":"(V554/R554)+Start!$D$19*(VLOOKUP(N554,Start!$M$33:$N$39,2,FALSE)/R554)+VLOOKUP(O554,Start!$C$33:$D$40,2,FALSE)","v":81.56898395721926}]
[null,null,"Yes",null,"Nicht-EEG-Anlagen < 10 MW",null,null,null,null,null,null,null,"Other","Other","Other","Steam turbine","own assumption",0.33,"eigene Annahme",561.28760999999997,{"$f":"(1-VLOOKUP(O555,Start!$H$33:$I$40,2,FALSE)/100)*T555","v":477.09446849999995},{"$f":"VLOOKUP(N555,Start!$C$9:$D$15,2,FALSE)+VLOOKUP(N555,Start!$C$23:$D$29,2,FALSE)","v":22.9},{"$f":"(V555/R555)+Start!$D$19*(VLOOKUP(N555,Start!$M$33:$N$39,2,FALSE)/R555)+VLOOKUP(O555,Start!$C$33:$D$40,2,FALSE)","v":86.450424242424248}]

{"sheet":"Sources","index":4,"n_rows":16,"n_cols":4,"rows_kept":16,"cut":false,"hidden":false,"merged":[]}
[]
[]
[null,null," EWI Merit Order Tool 2021"]
[]
[null,null," Sources",{"$f":"Imprint!F5","v":"Version 2021.4_en "}]
[]
[null,null,"Abbrevation","Sources"]
[null,null,"BNetzA (2020)","Bundesnetzagentur; Kraftwerksliste der Bundesnetzagentur as of 01.04.2020. Licensed under \"dl-en/by-2-0\": www.govdata.de/dl-de/by-2-0; URL: https://www.bundesnetzagentur.de/DE/Sachgebiete/ElektrizitaetundGas/Unternehmen_Institutionen/Versorgungssicherheit/\nErzeugungskapazitaeten/Kraftwerksliste/kraftwerksliste-node.html (accessed on 17.12.2020)"]
[null,null,"DIW (2014)","Jonas Egerer & Clemens Gerbaulet & Richard Ihlenburg & Friedrich Kunz & Benjamin Reinhard & Christian von Hirschhausen & Alexander Weber & Jens Weibezahn, 2014. \"Electricity Sector Data for Policy-Relevant Modeling: Data Documentation and Applications to the German and European Electricity Markets,\" Data Documentation 72, DIW Berlin, German Institute for Economic Research."]
[null,null,"ENTSO-E (2020)","ENTSO-E; Transparency Platform, URL: https://transparency.entsoe.eu/ (accessed on  28.12.2020)"]
[null,null,"EWI (2019)","Energiewirtschaftliches Institut an der Universität zu Köln gGmbH; Auswirkungen einer Beendigung der Kohleverstromung bis 2038 auf den Strommarkt, CO2-Emissionen und ausgewählte Industrien - Eine Analyse des Abschlussberichts der WSB-Kommission, August 2019."]
[null,null,"OPSD (2018)","Open Power System Data. 2018. Data Package Conventional power plants. Version 2018-12-20."]
[null,null,"R2B (2019)","R2b energy consulting GmbH, Consentec GmbH, Fraunhofer ISI, TEP Energy GmbH; Definition und Monitoring der Versorgungssicherheit an den europäischen Strommärkten, Projekt Nr. 047/16, Januar 2019."]
[null,null,"Sandbag (2020)","Sandbag; Carbon Price Viewer, URL: https://sandbag.org.uk/carbon-price-viewer/ (accessed on  05.01.2021)"]
[null,null,"SDKW (2020)","Statistik der Kohlewirtschaft e.V.; Entwicklung ausgewählter Energiepreise, Stand 22.12.2020.\n(Assumed value of November 2020 for December 2020)"]
[null,null,"ÜNB (2019)","50Hertz Transmission GmbH, Amprio GmbH, TenneT TSO GmbH und TransnetBW GmbH; Netzentwicklungsplan Strom 2030, Version 2019, 2. Entwurf. April 2019."]

{"sheet":"Imprint","index":5,"n_rows":29,"n_cols":6,"rows_kept":29,"cut":false,"hidden":false,"merged":[[12,4,12,5],[18,4,18,5],[13,4,13,5],[22,4,22,5]]}
[]
[]
[null,null," EWI Merit Order Tool 2021"]
[]
[null,null," Imprint",null,null,{"$f":"CONCATENATE(\"Version \",F11,\" \")","v":"Version 2021.4_en "}]
[]
[]
[null,null,null,"EWI Merit Order Tool 2021"]
[]
[null,null," ","Institute of Energy Economics at the University of Cologne (EWI)","Last updated:","28.10.2021"]
[null,null,null,"Alte Wagenfabrik","Model version:","2021.4_en"]
[null,null,null,"Vogelsanger Straße 321a"]
[null,null,null,"50827 Köln"]
[null,null,null,"Tel.: +49 (0)221 277 29-100"]
[null,null,null,"Fax:  +49 (0)221 277 29-400"]
[null,null,null,"www.ewi.uni-koeln.de"]
[]
[null,null,null,"Authors:"]
[null,null,null,"Fabian Arnold"]
[null,null,null,"David Schlund"]
[null,null,null,"Dr. Simon Schulte"]
[]
[null,null,null,"For questions, remarks and criticism contact:","© Institute of Energy Economics at the University of Cologne (EWI)."]
[null,null,null,"Fabian Arnold","All rights reserved. Use of the tool and results only permitted with"]
[null,null,null,"Tel.: +49 (0)221 277 29-232","reference to the authors and the Institute of Energy Economics at "]
[null,null,null,"fabian.arnold@ewi.uni-koeln.de","the University of Cologne gGmbH (EWI). Liability for consequential "]
[null,null,null,null,"damages is excluded. This also and in particular applies to damages "]
[null,null,null,null,"or lost profits arising as a result of using the information provided in "]
[null,null,null,null,"this document."]

{"sheet":"Start Reset","index":6,"n_rows":40,"n_cols":16,"rows_kept":40,"cut":false,"hidden":true,"merged":[[30,2,30,5],[30,7,30,10],[30,12,30,15],[6,2,6,5],[6,7,6,15],[7,7,10,13],[16,2,16,5],[20,2,20,5]]}
[]
[]
[null,null," EWI Merit Order Tool 2021"]
[]
[null,null," Start",null,null,null,null,null,null,null,null,null,null,null,null,{"$f":"Imprint!F5","v":"Version 2021.4_en "}]
[]
[null,null,{"$f":"Start!C7","v":"Fuel Prices"},null,null,null,null,"Übersicht über die Grenzkosten der Kraftwerke"]
[null,null,{"$f":"Start!C8","v":"Fuel Type"},{"$f":"Start!D8","v":"Price"},{"$f":"Start!E8","v":"Unit"},{"$f":"Start!F8","v":"Source"},null,{"$f":"Start!H8","v":"The boxplot diagram gives a first overview of the marginal cost distribution of power plants. In the illustration to the right of this text box, the individual elements of the diagram are explained. Changes in assumptions are reflected in the diagram immediately. In order to transfer the assumptions to the merit order in the Merit Order sheet, the button Update Merit Order must be clicked."}]
[null,null,{"$f":"Start!C9","v":"Nuclear"},5.5,"EUR/MWhth","refer to documentation"]
[null,null,{"$f":"Start!C10","v":"Lignite"},3.1,"EUR/MWhth","EWI (2019)"]
[null,null,{"$f":"Start!C11","v":"Coal"},6.25,"EUR/MWhth","VDKi (2020)"]
[null,null,{"$f":"Start!C12","v":"Gas"},10.17,"EUR/MWhth","Spot TTF"]
[null,null,{"$f":"Start!C13","v":"Oil"},22.9,"EUR/MWhth","SDKW (2019)"]
[null,null,{"$f":"Start!C14","v":"Waste"},0,"EUR/MWhth","refer to documentation"]
[null,null,{"$f":"Start!C15","v":"Other"},22.9,"EUR/MWhth","refer to documentation"]
[]
[null,null,{"$f":"Start!C17","v":"Emission Certificate Price"}]
[null,null,null,{"$f":"D8","v":"Price"},{"$f":"E8","v":"Unit"},"Source Default Value"]
[null,null,{"$f":"Start!C19","v":"Emission certificate price"},24.76,"EUR/tCO2","Sandbag (2020)"]
[]
[null,null,{"$f":"Start!C21","v":"Transport Costs"}]
[null,null,"Power Plant Type",{"$f":"D8","v":"Price"},{"$f":"E8","v":"Unit"},"Source Default Value"]
[null,null,"Nuclear",0,"EUR/MWhth","refer to documentation"]
[null,null,{"$f":"C10","v":"Lignite"},0,"EUR/MWhth","refer to documentation"]
[null,null,"Coal",1.25,"EUR/MWhth","R2B (2019)"]
[null,null,"Gas",0.5,"EUR/MWhth","R2B (2019)"]
[null,null,"Oil",0.3,"EUR/MWhth","R2B (2019)"]
[null,null,"Waste",0,"EUR/MWhth","refer to documentation"]
[null,null,"Other",0,"EUR/MWhth","refer to documentation",null,{"$f":"Start!H29","v":"Available RES generation capacity"},0,"MWh"]
[]
[null,null,{"$f":"Start!C31","v":"Other Variable Costs"},null,null,null,null,{"$f":"Start!H31","v":"Outages"},null,null,null,null,{"$f":"Start!M31","v":"Emission Levels"}]
[null,null,"Power Plant Type",{"$f":"D8","v":"Price"},{"$f":"E8","v":"Unit"},"Source Default Value",null,"Power Plant Type",{"$f":"D8","v":"Price"},{"$f":"E8","v":"Unit"},"Source Default Value",null,{"$f":"Start!M32","v":"Fuel Type"},{"$f":"D8","v":"Price"},{"$f":"E8","v":"Unit"},"Source Default Value"]
[null,null,"Nuclear",1.2,"EUR/Mwhel","refer to documentation",null,"Nuclear",7,"%","ENTSO-E (2020)",null,"Nuclear",0,"tCO2/MWhth","refer to documentation"]
[null,null,{"$f":"C10","v":"Lignite"},1.7,"EUR/Mwhel","R2B (2019)",null,{"$f":"C10","v":"Lignite"},13,"%","ENTSO-E (2020)",null,{"$f":"C10","v":"Lignite"},0.40400000000000003,"tCO2/MWhth","ÜNB (2019)"]
[null,null,{"$f":"C11","v":"Coal"},1.3,"EUR/Mwhel","R2B (2019)",null,{"$f":"C11","v":"Coal"},25,"%","ENTSO-E (2020)",null,"Coal",0.33700000000000002,"tCO2/MWhth","ÜNB (2019)"]
[null,null,"GuD",1.5,"EUR/Mwhel","R2B (2019)",null,"GuD",13,"%","ENTSO-E (2020)",null,"Gas",0.20100000000000001,"tCO2/MWhth","ÜNB (2019)"]
[null,null,"Gasturbine",1,"EUR/Mwhel","R2B (2019)",null,"Gasturbine",13,"%","ENTSO-E (2020)",null,"Oil",0.28000000000000003,"tCO2/MWhth","ÜNB (2019)"]
[null,null,{"$f":"C13","v":"Oil"},1,"EUR/Mwhel","refer to documentation",null,{"$f":"C13","v":"Oil"},15,"%","refer to documentation",null,"Waste",0,"tCO2/MWhth","refer to documentation"]
[null,null,{"$f":"C14","v":"Waste"},1,"EUR/Mwhel","refer to documentation",null,{"$f":"C14","v":"Waste"},15,"%","refer to documentation",null,"Other",0.214,"tCO2/MWhth","ÜNB (2019)"]
[null,null,{"$f":"C15","v":"Other"},1,"EUR/Mwhel","refer to documentation",null,{"$f":"C15","v":"Other"},15,"%","refer to documentation"]

{"sheet":"Backend I","index":7,"n_rows":536,"n_cols":5,"rows_kept":536,"cut":false,"hidden":true,"merged":[]}
["Index","Power Plant Type","Performance","cumulated performance","marginal costs"]
["BNA0084","Waste",30.599999999999998,30.599999999999998,1]
["BNA0088b","Waste",29.75,60.349999999999994,1]
["BNA0097","Waste",28.9,89.25,1]
["BNA0117a","Waste",10.199999999999999,99.45,1]
["BNA0139","Waste",28.05,127.5,1]
["BNA0223b","Waste",45.645000000000003,173.14500000000001,1]
["BNA0237","Waste",19.974999999999998,193.12,1]
["BNA0287a","Waste",22.099999999999998,215.22,1]
["BNA0287b","Waste",39.524999999999999,254.745,1]
["BNA0380","Waste",19.805,274.55,1]
["BNA0398","Waste",20.399999999999999,294.95,1]
["BNA0407","Waste",11.219999999999999,306.16999999999996,1]
["BNA0417","Waste",19.125,325.29499999999996,1]
["BNA0438","Waste",31.875,357.16999999999996,1]
["BNA0519","Waste",32.299999999999997,389.46999999999997,1]
["BNA0590","Waste",13.8125,403.28249999999997,1]
["BNA0591","Waste",13.8125,417.09499999999997,1]
["BNA0599","Waste",9.86,426.95499999999998,1]
["BNA0622","Waste",24.82,451.77499999999998,1]
["BNA0623","Waste",24.82,476.59499999999997,1]
["BNA0640","Waste",7.3525,483.94749999999999,1]
["BNA0641a","Waste",18.785,502.73250000000002,1]
["BNA0641b","Waste",4.5644999999999998,507.29700000000003,1]
["BNA0641c","Waste",3.298,510.59500000000003,1]
["BNA0693","Waste",45.56,556.15499999999997,1]
["BNA0746","Waste",15.299999999999999,571.45499999999993,1]
["BNA0750","Waste",34.339999999999996,605.79499999999996,1]
["BNA0751","Waste",17.935000000000002,623.73,1]
["BNA0845","Waste",7.6499999999999995,631.38,1]
["BNA0855","Waste",25.5,656.88,1]
["BNA0895","Waste",20.74,677.62,1]
["BNA0939a","Waste",16.574999999999999,694.19500000000005,1]
["BNA0969a","Waste",15.299999999999999,709.495,1]
["BNA0969c","Waste",18.7,728.19500000000005,1]
["BNA1020","Waste",22.95,751.1450000000001,1]
["BNA1108","Waste",8.4150000000000009,759.56000000000006,1]
["BNA1110","Waste",8.0749999999999993,767.6350000000001,1]
["BNA1114","Waste",37.4,805.03500000000008,1]
["BNA1116","Waste",11.9,816.93500000000006,1]
["BNA1119","Waste",10.625,827.56000000000006,1]
["BNA1139","Waste",11.559999999999999,839.12,1]
["BNA1144","Waste",9.35,848.47,1]
["BNA1148","Waste",12.392999999999999,860.86300000000006,1]
["BNA1154","Waste",13.174999999999999,874.03800000000001,1]
["BNA1155","Waste",9.9449999999999985,883.98300000000006,1]
["BNA1161","Waste",21.675000000000001,905.65800000000002,1]
["BNA1167","Waste",13.6,919.25800000000004,1]
["BNA1168","Waste",12.494999999999999,931.75300000000004,1]
["BNA1184","Waste",38.335000000000001,970.08800000000008,1]
["BNA1186b","Waste",11.73,981.8180000000001,1]
["BNA1186c","Waste",1.2749999999999999,983.09300000000007,1]
["BNA1186d","Waste",2.38,985.47300000000007,1]
["BNA1186e","Waste",1.2749999999999999,986.74800000000005,1]
["BNA1190","Waste",13.344999999999999,1000.0930000000001,1]
["BNA1197","Waste",23.8,1023.893,1]
["BNA1198","Waste",19.55,1043.443,1]
["BNA1199","Waste",13.26,1056.703,1]
["BNA1222","Waste",12.324999999999999,1069.028,1]
["BNA1229","Waste",12.75,1081.778,1]
["BNA1232","Waste",2.125,1083.903,1]
["BNA1233","Waste",12.324999999999999,1096.2280000000001,1]
["BNA1243","Waste",14.45,1110.6780000000001,1]
["BNA1244","Waste",13.6,1124.278,1]
["BNA1254","Waste",45.9,1170.1780000000001,1]
["BNA1255","Waste",24.564999999999998,1194.7430000000002,1]
["BNA1261","Waste",13.939999999999998,1208.6830000000002,1]
["BNA1262","Waste",20.399999999999999,1229.0830000000003,1]
["BNA1286","Waste",10.285,1239.3680000000004,1]
["BNA1289","Waste",10.718499999999999,1250.0865000000003,1]
["BNA1291","Waste",10.625,1260.7115000000003,1]
["BNA1295","Waste",8.5,1269.2115000000003,1]
["BNA1316","Waste",25.5,1294.7115000000003,1]
["BNA1330","Waste",14.45,1309.1615000000004,1]
["BNA1447a","Waste",10.115,1319.2765000000004,1]
["BNA1447b","Waste",5.8650000000000002,1325.1415000000004,1]
["BNA1448","Waste",9.86,1335.0015000000003,1]
["BNA1449a","Waste",7.3949999999999996,1342.3965000000003,1]
["BNA1449b","Waste",10.199999999999999,1352.5965000000003,1]
["BNA1465a","Waste",23.8,1376.3965000000003,1]
["BNA1490","Waste",28.389999999999997,1404.7865000000004,1]
["BNA1510","Waste",15.895,1420.6815000000004,1]
["BNA1520","Waste",8.9249999999999989,1429.6065000000003,1]
["BNA1864","Waste",8.0749999999999993,1437.6815000000004,1]
["BNA1865","Waste",8.33,1446.0115000000003,1]
["BNA1867","Waste",15.299999999999999,1461.3115000000003,1]
[null,"Waste",120.22442499999998,1581.5359250000001,1]
["BNA0157","Nuclear",1311.3,2892.8359250000003,17.866666666666664]
["BNA0251","Nuclear",1264.8,4157.6359250000005,17.866666666666664]
["BNA0263","Nuclear",1311.3,5468.9359250000007,17.866666666666664]
["BNA0382","Nuclear",1197.8399999999999,6666.7759250000008,17.866666666666664]
["BNA0607","Nuclear",1242.48,7909.2559250000013,17.866666666666664]
["BNA0686","Nuclear",1218.3,9127.5559250000006,17.866666666666664]
["BNA1817","CCGT",517.65,9645.2059250000002,27.066601307189543]
["BNA1819","CCGT",67.86,9713.0659250000008,27.066601307189543]
["BNA1820","CCGT",386.71499999999997,10099.780925000001,27.066601307189543]
["BNA0918b","CCGT",136.59,10236.370925000001,27.25598353909465]
["BNA0922","CCGT",87,10323.370925000001,27.25598353909465]
["BNA0256b","CCGT",28.362000000000002,10351.732925,27.448192371475955]
["BNA0261c","CCGT",5.8289999999999997,10357.561925,27.448192371475955]
["BNA0392b","CCGT",48.841799999999999,10406.403725,27.643291562238929]
["BNA0418","CCGT",200.1,10606.503725,27.643291562238929]
["BNA0548b","CCGT",374.1,10980.603725000001,27.643291562238929]
["BNA1337e","CCGT",40.89,11021.493725,27.643291562238929]
["BNA1523b","CCGT",23.837999999999997,11045.331725,27.643291562238929]
["BNA0059b","CCGT",67.86,11113.191725000001,28.042425784563193]
["BNA0136","CCGT",64.38,11177.571725,28.246598290598293]
["BNA0588","CCGT",145.29,11322.861725000001,28.246598290598293]
["BNA0598b","CCGT",17.399999999999999,11340.261725,28.246598290598293]
["BNA0606","CCGT",771.68999999999994,12111.951725000001,28.246598290598293]
["BNA0805","CCGT",103.095,12215.046725,28.246598290598293]
["BNA0400","CCGT",110.49,12325.536725,28.453936261843239]
["BNA0444","CCGT",60.03,12385.566725000001,28.453936261843239]
["BNA1087","CCGT",25.664999999999999,12411.231725000001,28.453936261843239]
["BNA0410","CCGT",354.09,12765.321725000002,28.664513888888891]
["BNA0411","CCGT",356.7,13122.021725000002,28.664513888888891]
["BNA0545","CCGT",359.31,13481.331725000002,28.664513888888891]
["BNA0442","CCGT",362.79,13844.121725000003,28.878407699037624]
["BNA0548a","CCGT",696,14540.121725000003,29.095696649029986]
["BNA0100","CCGT",32.581500000000005,14572.703225000003,29.316462222222221]
["BNA0214","CCGT",203.58,14776.283225000003,29.316462222222221]
["BNA0261a","CCGT",18.792000000000002,14795.075225000002,29.316462222222221]
["BNA0614b","CCGT",432.82499999999999,15227.900225000003,29.316462222222221]
["BNA0685","CCGT",90.601799999999997,15318.502025000003,29.316462222222221]
["BNA0742","CCGT",65.25,15383.752025000003,29.316462222222221]
["BNA0743","CCGT",65.25,15449.002025000003,29.316462222222221]
["BNA0861a","CCGT",65.25,15514.252025000003,29.316462222222221]
["BNA1082","CCGT",76.576530000000005,15590.828555000004,29.316462222222221]
["BNA1088","CCGT",38.714999999999996,15629.543555000004,29.316462222222221]
["BNA0546","CCGT",93.96,15723.503555000003,29.540788530465946]
["BNA0684a","CCGT",108.66300000000001,15832.166555000003,29.540788530465946]
["BNA0684b","CCGT",107.79300000000001,15939.959555000003,29.540788530465946]
["BNA0684c","CCGT",111.012,16050.971555000004,29.540788530465946]
["BNA0499","CCGT",74.819999999999993,16125.791555000003,29.768762420957543]
["BNA0658","CCGT",53.183100000000003,16178.974655000004,29.768762420957543]
["BNA1196b","CCGT",10.405200000000001,16189.379855000003,29.768762420957543]
["BNA1334","CCGT",12.876000000000001,16202.255855000003,30.000473588342441]
["BNA0172a","CCGT",104.4,16306.655855000003,30.236014692378326]
["BNA1183","CCGT",13.746,16320.401855000002,30.236014692378326]
["BNA0105","CCGT",92.22,16412.621855000001,30.475481481481481]
["BNA0199","CCGT",509.82,16922.441855000001,30.475481481481481]
["BNA0220","CCGT",87,17009.441855000001,30.475481481481481]
["BNA0397","CCGT",195.75,17205.191855000001,30.475481481481481]
["BNA0626","CCGT",377.75399999999996,17582.945855000002,30.475481481481481]
["BNA1450","CCGT",11.31,17594.255855000003,30.475481481481481]
["BNA0256a","CCGT",66.554999999999993,17660.810855000003,30.718972922502338]
["BNA0857","CCGT",97.527000000000001,17758.337855000002,30.718972922502338]
["BNA0592","CCGT",33.93,17792.267855000002,30.96659133709981]
["BNA0615","CCGT",356.7,18148.967855000003,31.218442545109212]
["BNA0688","CCGT",65.25,18214.217855000003,31.218442545109212]
["BNA0073","CCGT",386.28,18600.497855000001,31.474636015325672]
["BNA0504","CCGT",158.34,18758.837855000002,31.474636015325672]
["BNA0848","CCGT",93.96,18852.797855000001,31.474636015325672]
["BNA1279","CCGT",45.152999999999999,18897.950854999999,31.474636015325672]
["BNA0207","CCGT",226.2,19124.150855,31.735285024154592]
["BNA0755b","CCGT",52.2,19176.350855000001,31.735285024154592]
["BNA1185","Lignite",17.661000000000001,19194.011855000001,31.919188191881918]
["BNA0088a","CCGT",122.235,19316.246855000001,32.000506822612081]
["BNA0130","CCGT",139.19999999999999,19455.446855000002,32.000506822612081]
["BNA0593","CCGT",30.45,19485.896855000003,32.000506822612081]
["BNA0594","CCGT",30.45,19516.346855000003,32.000506822612081]
["BNA0595","CCGT",32.19,19548.536855000002,32.000506822612081]
["BNA0893","CCGT",106.14,19654.676855000002,32.000506822612081]
["BNA1164","Lignite",20.2014,19674.878255000003,32.0873840445269]
["BNA1401a","Lignite",922.2,20597.078255000004,32.257462686567173]
["BNA1401b","Lignite",922.2,21519.278255000005,32.257462686567173]
["BNA1404","Lignite",556.79999999999995,22076.078255000004,32.257462686567173]
["BNA1086","CCGT",21.75,22097.828255000004,32.270422812192727]
["BNA1329","CCGT",11.4057,22109.233955000003,32.270422812192727]
["BNA1523a","CCGT",9.918000000000001,22119.151955000005,32.545158730158732]
["BNA0179","Lignite",78.995999999999995,22198.147955000004,32.6033962264151]
["BNA0543","Lignite",65.510999999999996,22263.658955000003,32.6033962264151]
["BNA0270","Coal",23.25,22286.908955000003,32.73674603174603]
["BNA0707","Lignite",563.76,22850.668955000001,32.77931688804555]
["BNA0708","Lignite",546.36,23397.028955000002,32.957251908396948]
["BNA0597","CCGT",7.5689999999999991,23404.597955000001,33.109616161616167]
["BNA0271","Coal",24.75,23429.347955000001,33.601977573904179]
["BNA0498","Coal",49.5,23478.847955000001,33.601977573904179]
["BNA0709","Lignite",821.28,24300.127955,34.069169960474319]
["BNA0115","Lignite",761.25,25061.377955,34.457599999999999]
["BNA0124","Lignite",745.59,25806.967955,34.457599999999999]
["BNA1461","Lignite",15.225,25822.192954999999,34.457599999999999]
["BNA0116","Lignite",761.25,26583.442954999999,34.655331991951719]
["BNA0183","Lignite",64.38,26647.822955,34.655331991951719]
["BNA0284","CCGT",41.76,26689.582954999998,34.790978723404258]
["BNA0272","Coal",24.75,26714.332954999998,34.832529100529101]
["BNA0915","Lignite",652.5,27366.832954999998,34.855465587044542]
["BNA0914","Lignite",652.5,28019.332954999998,35.058044806517316]
["BNA0138","Coal",32.474999999999994,28051.807954999997,35.154957264957261]
["BNA0785","Lignite",404.55,28456.357954999996,35.263114754098368]
["BNA0786","Lignite",404.55,28860.907954999995,35.263114754098368]
["BNA0787","Lignite",404.55,29265.457954999994,35.263114754098368]
["BNA0788","Lignite",404.55,29670.007954999994,35.263114754098368]
["BNA0878","Lignite",391.5,30061.507954999994,35.263114754098368]
["BNA0879","Lignite",391.5,30453.007954999994,35.263114754098368]
["BNA1293a","Lignite",8.6999999999999993,30461.707954999994,35.470721649484545]
["BNA1293b","Lignite",8.6999999999999993,30470.407954999995,35.470721649484545]
["BNA0662a","Coal",51.300000000000004,30521.707954999994,35.483646170442285]
["BNA0842b","CCGT",8.0039999999999996,30529.711954999995,35.499913081269014]
["BNA0646b","Coal",632.25,31161.961954999995,35.557556756756753]
["BNA1558","Coal",600,31761.961954999995,35.557556756756753]
["BNA1673","Coal",600,32361.961954999995,35.557556756756753]
["BNA1674","Coal",548.25,32910.211954999992,35.557556756756753]
["BNA0843","CCGT",3.7409999999999997,32913.952954999993,35.603661726242372]
["BNA0123","Lignite",404.55,33318.502954999996,35.680912863070546]
["BNA1002","Lignite",26.97,33345.472954999997,35.680912863070546]
["BNA0832","CCGT",8.5608000000000004,33354.033754999997,35.708045474420643]
["BNA0842a","CCGT",8.5347000000000008,33362.568454999993,35.708045474420643]
["BNA0144","Coal",89.25,33451.818454999993,35.743739130434783]
["BNA0413c","Coal",572.77500000000009,34024.593454999995,35.743739130434783]
["BNA0518b","Coal",625.5,34650.093454999995,35.743739130434783]
["BNA1553","CCGT",20.271000000000001,34670.364454999995,35.813070175438597]
["BNA1556","CCGT",31.32,34701.684454999995,35.813070175438597]
["BNA1557","CCGT",11.223000000000001,34712.907454999993,35.813070175438597]
["BNA1671","CCGT",14.877000000000001,34727.784454999994,35.813070175438597]
["BNA1810","CCGT",26.274000000000001,34754.058454999991,35.813070175438597]
["BNA1911","CCGT",10.005000000000001,34764.063454999989,35.813070175438597]
["BNA1925","CCGT",15.051,34779.114454999988,35.813070175438597]
["BNA1926","CCGT",19.183500000000002,34798.297954999987,35.813070175438597]
["BNA1927","CCGT",8.6999999999999993,34806.997954999984,35.813070175438597]
["BNA1934","CCGT",15.312000000000001,34822.309954999982,35.813070175438597]
["BNA1944","CCGT",11.744999999999999,34834.054954999985,35.813070175438597]
["BNA1945","CCGT",163.56,34997.614954999983,35.813070175438597]
["BNA1946","CCGT",11.744999999999999,35009.359954999985,35.813070175438597]
["BNA1947","CCGT",11.831999999999999,35021.191954999988,35.813070175438597]
["BNA0122","Lignite",404.55,35425.74195499999,35.8937369519833]
["BNA1400a","Lignite",20.271000000000001,35446.012954999991,35.8937369519833]
["BNA0531","CCGT",108.75,35554.762954999991,35.926314631463143]
["BNA0216b","Coal",543.75,36098.512954999991,35.931956284153003]
["BNA0450","Coal",336.75,36435.262954999991,35.931956284153003]
["BNA1508","Coal",551.25,36986.512954999991,35.931956284153003]
["BNA0485","CCGT",263.61,37250.122954999992,36.270577777777781]
["BNA0486","CCGT",263.61,37513.732954999992,36.270577777777781]
["BNA0616b","CCGT",76.125,37589.857954999992,36.270577777777781]
["BNA0683a","CCGT",69.338999999999999,37659.196954999992,36.270577777777781]
["BNA0683b","CCGT",85.173000000000002,37744.369954999995,36.270577777777781]
["BNA0683c","CCGT",85.173000000000002,37829.542954999997,36.270577777777781]
["BNA0800","CCGT",35.844000000000001,37865.386954999994,36.270577777777781]
["BNA1093","Coal",354,38219.386954999994,36.314629834254148]
["BNA1141","Lignite",12.615,38232.001954999992,36.327484143763222]
[null,"Lignite",19.343580000000003,38251.345534999993,36.548510638297877]
["BNA0434","Coal",583.5,38834.845534999993,36.70585474860335]
["BNA0493","Coal",595.5,39430.345534999993,36.70585474860335]
["BNA0523","Lignite",29.145,39459.49053499999,36.772376873661678]
["BNA1507","CCGT",9.3089999999999993,39468.799534999991,36.899909502262446]
["BNA1866","CCGT",29.492999999999999,39498.292534999993,36.899909502262446]
["BNA0177","Lignite",49.415999999999997,39547.708534999991,36.99913793103449]
["BNA0292","Lignite",153.12,39700.828534999993,36.99913793103449]
["BNA0556b","CCGT",12.18,39713.008534999994,37.012392192464823]
["BNA0147","Coal",262.5,39975.508534999994,37.105920903954804]
["BNA0019","Coal",252,40227.508534999994,37.309363636363642]
["BNA0518a","Coal",387.75,40615.258534999994,37.515131428571429]
["BNA0644","Coal",191.25,40806.508534999994,37.515131428571429]
["BNA0861b","Coal",37.5,40844.008534999994,37.515131428571429]
["BNA0745","CCGT",382.8,41226.808534999996,37.719351851851854]
["BNA0464","Coal",517.5,41744.308534999996,37.93380346820809]
["BNA1528","CCGT",11.484,41755.792534999993,38.057850467289718]
["BNA1511a","Lignite",8.0910000000000011,41763.883534999994,38.178396436525617]
["BNA0602","CCGT",100.92,41864.803534999992,38.489976359338065]
["BNA0605","CCGT",312.33,42177.133534999994,38.489976359338065]
["BNA1863","OCGT",16.965,42194.09853499999,38.576272814601346]
["BNA1075a","Coal",46.125,42240.22353499999,38.580282352941175]
["BNA1075b","Coal",46.125,42286.34853499999,38.580282352941175]
["BNA0603","CCGT",100.92,42387.268534999988,38.887718040621266]
["BNA0604","CCGT",312.33,42699.59853499999,38.887718040621266]
["BNA0744","CCGT",333.21,43032.808534999989,38.887718040621266]
["BNA1039","CCGT",47.85,43080.658534999988,38.887718040621266]
["BNA1040","CCGT",47.85,43128.508534999986,38.887718040621266]
["BNA1045","CCGT",308.85000000000002,43437.358534999985,38.887718040621266]
["BNA0497","OCGT",83.954999999999998,43521.313534999987,39.05145914396887]
["BNA1437","OCGT",26.726399999999998,43548.039934999986,39.05145914396887]
["BNA1486","Lignite",39.15,43587.189934999988,39.180091533180786]
["BNA1488","CCGT",13.92,43601.109934999986,39.29410628019324]
["BNA0510b","Coal",10.050000000000001,43611.159934999989,39.478602409638555]
["BNA1044","CCGT",308.85000000000002,43920.009934999987,39.66282926829269]
["BNA0135","CCGT",17.399999999999999,43937.409934999989,39.709426129426134]
["BNA1085","CCGT",20.010000000000002,43957.419934999991,39.709426129426134]
["BNA0849","Coal",385.5,44342.919934999991,39.944195121951225]
["BNA0700","Lignite",525.48,44868.399934999994,39.968224299065426]
["BNA0660","Coal",41.67,44910.069934999992,39.991379731379737]
["BNA1868","CCGT",33.669000000000004,44943.738934999994,40.153063241106722]
["BNA1909","CCGT",25.361370000000001,44969.100304999993,40.153063241106722]
["BNA0402","Coal",145.5,45114.600304999993,40.181276073619628]
["BNA0403","Coal",92.25,45206.850304999993,40.181276073619628]
["BNA0404","Coal",102.75,45309.600304999993,40.181276073619628]
["BNA0646a","Coal",326.25,45635.850304999993,40.181276073619628]
["BNA0699","Lignite",528.09,46163.940304999989,40.238352941176473]
["BNA1028","Lignite",570.72,46734.66030499999,40.238352941176473]
["BNA0081","CCGT",142.68,46877.340304999991,40.25838493931137]
["BNA0361","CCGT",26.1,46903.440304999989,40.25838493931137]
["BNA1187","CCGT",8.8739999999999988,46912.314304999993,40.25838493931137]
["BNA1873","CCGT",13.92,46926.234304999991,40.25838493931137]
["BNA1676","CCGT",52.861199999999997,46979.09550499999,40.364282165921509]
["BNA1818","CCGT",400.113,47379.208504999988,40.364282165921509]
["BNA1859","CCGT",19.14,47398.348504999987,40.364282165921509]
["BNA1862","CCGT",2.3054999999999999,47400.654004999989,40.364282165921509]
["BNA1904","CCGT",25.23,47425.884004999993,40.364282165921509]
["BNA0377","Coal",382.5,47808.384004999993,40.42128395061728]
["BNA1405a","Coal",15.524999999999999,47823.909004999994,40.42128395061728]
["BNA1027","Lignite",576.80999999999995,48400.719004999992,40.512322274881519]
["BNA0239","OCGT",279.27,48679.989004999989,40.551971688574319]
["BNA1023","OCGT",174,48853.989004999989,40.551971688574319]
["BNA1024","OCGT",174,49027.989004999989,40.551971688574319]
["BNA1248b","CCGT",66.12,49094.109004999991,40.577822177822185]
["BNA1292b","CCGT",16.442999999999998,49110.55200499999,40.577822177822185]
["BNA1677","CCGT",9.048,49119.600004999993,40.577822177822185]
["BNA1678","CCGT",14.616,49134.216004999995,40.577822177822185]
["BNA0863","CCGT",82.215000000000003,49216.431004999991,40.616899999999994]
["BNA1458","CCGT",24.316499999999998,49240.747504999992,40.616899999999994]
["BNA1463","CCGT",16.965,49257.712504999989,40.616899999999994]
["BNA0969b","Coal",249.52499999999998,49507.23750499999,40.664273291925468]
["BNA0111","CCGT",38.28,49545.517504999989,40.685474580515901]
["BNA0117b","CCGT",82.65,49628.16750499999,40.685474580515901]
["BNA0804","CCGT",45.24,49673.407504999988,40.685474580515901]
["BNA1260","CCGT",82.65,49756.05750499999,40.685474580515901]
["BNA1504","CCGT",11.344799999999999,49767.402304999989,40.685474580515901]
["BNA1531","CCGT",33.06,49800.462304999986,40.685474580515901]
["BNA1541","CCGT",11.64321,49812.105514999988,40.685474580515901]
["BNA1464","CCGT",33.590699999999998,49845.696214999989,40.793721747865398]
["BNA1492a","CCGT",22.794,49868.490214999991,40.793721747865398]
["BNA1503","CCGT",18.357000000000003,49886.847214999994,40.793721747865398]
["BNA1861","CCGT",9.2219999999999995,49896.069214999996,40.793721747865398]
["BNA1502","CCGT",10.962,49907.031214999995,40.902568622513222]
["BNA0085a","Coal",66.75,49973.781214999995,40.910299999999999]
["BNA0758","Coal",40.5,50014.281214999995,40.910299999999999]
["BNA0801","Coal",20.174999999999997,50034.456214999998,40.910299999999999]
["BNA0194","CCGT",33.93,50068.386214999999,41.012020202020203]
["BNA0238b","CCGT",48.72,50117.106215,41.012020202020203]
["BNA0864","CCGT",84.39,50201.496214999999,41.012020202020203]
["BNA0865b","CCGT",84.39,50285.886214999999,41.012020202020203]
["BNA1115","CCGT",73.95,50359.836214999996,41.012020202020203]
["BNA1182","CCGT",13.484999999999999,50373.321214999996,41.012020202020203]
["BNA1935","CCGT",251.43,50624.751214999997,41.012020202020203]
["BNA1937","CCGT",33.669000000000004,50658.420214999998,41.012020202020203]
["BNA0696","Lignite",255.78,50914.200214999997,41.072115384615401]
["BNA0697","Lignite",255.78,51169.980214999996,41.072115384615401]
["BNA0033","OCGT",26.709,51196.689214999999,41.078790983606552]
["BNA0290","Coal",46.125,51242.814214999999,41.159421383647796]
["BNA0420","Coal",102,51344.814214999999,41.159421383647796]
["BNA0421","Coal",102,51446.814214999999,41.159421383647796]
["BNA0999","Coal",158.25,51605.064214999999,41.159421383647796]
["BNA1196a","CCGT",10.875,51615.939214999999,41.232757745048254]
["BNA0243","CCGT",49.589999999999996,51665.529214999995,41.34405398523046]
["BNA1078","CCGT",51.33,51716.859214999997,41.34405398523046]
["BNA0087","Coal",211.5,51928.359214999997,41.411696202531644]
["BNA0216a","Coal",277.5,52205.859214999997,41.411696202531644]
["BNA0289b","Coal",46.125,52251.984214999997,41.411696202531644]
["BNA1056","CCGT",21.76305,52273.747264999998,41.455975485188972]
["BNA0392a","CCGT",84.39,52358.137264999998,41.56852752880922]
["BNA0527","CCGT",18.704999999999998,52376.842264999999,41.56852752880922]
["BNA1121","CCGT",0.76559999999999995,52377.607864999998,41.56852752880922]
["BNA0086","Coal",211.5,52589.107864999998,41.667184713375789]
["BNA0793","Coal",656.25,53245.357864999998,41.667184713375789]
["BNA0202","CCGT",22.62,53267.977865000001,41.681715459681563]
["BNA0285","CCGT",60.9,53328.877865000002,41.681715459681563]
["BNA1327b","CCGT",6.4728000000000003,53335.350665000005,41.79554468194695]
["BNA0174","CCGT",63.596999999999994,53398.947665000007,41.910020661157027]
["BNA0213","CCGT",34.799999999999997,53433.74766500001,41.910020661157027]
["BNA1165","CCGT",9.918000000000001,53443.665665000008,41.910020661157027]
["BNA1151","CCGT",11.744999999999999,53455.41066500001,42.025148925148926]
["BNA1193","CCGT",10.962,53466.37266500001,42.025148925148926]
["BNA1315","CCGT",23.49,53489.862665000008,42.025148925148926]
["BNA1328","CCGT",20.88,53510.742665000005,42.025148925148926]
["BNA0598a","CCGT",12.18,53522.922665000006,42.140935064935064]
["BNA0957","CCGT",11.657999999999999,53534.580665000009,42.140935064935064]
["BNA1138","CCGT",8.8739999999999988,53543.454665000012,42.140935064935064]
["BNA1238","CCGT",13.137,53556.591665000014,42.140935064935064]
["BNA0074","OCGT",125.28,53681.871665000013,42.175684210526313]
["BNA0336","Coal",52.5,53734.371665000013,42.188051612903223]
["BNA1076a","Coal",103.875,53838.246665000013,42.188051612903223]
["BNA1076b","Coal",103.875,53942.121665000013,42.188051612903223]
["BNA0705","Lignite",258.39,54200.511665000013,42.241584158415847]
["BNA0556a","CCGT",22.446000000000002,54222.957665000016,42.257384735608234]
["BNA1117","CCGT",9.918000000000001,54232.875665000014,42.257384735608234]
["BNA1403","CCGT",9.918000000000001,54242.793665000012,42.257384735608234]
["BNA0354","CCGT",16.356000000000002,54259.149665000012,42.374503657262281]
["BNA1396","CCGT",29.840999999999998,54288.990665000012,42.374503657262281]
["BNA0936","Coal",33.75,54322.740665000012,42.453558441558442]
["BNA1125","OCGT",8.6999999999999993,54331.440665000009,42.459353471118177]
["BNA0129","CCGT",31.32,54362.760665000009,42.492297615928749]
["BNA1074","CCGT",34.799999999999997,54397.560665000012,42.492297615928749]
["BNA1407","CCGT",16.2864,54413.847065000009,42.492297615928749]
["BNA1026","Lignite",279.27,54693.117065000006,42.544887780548642]
["BNA0814","CCGT",71.165999999999997,54764.283065000003,42.610772464529688]
["BNA1089","CCGT",23.49,54787.773065000001,42.610772464529688]
["BNA1094","CCGT",13.137,54800.910065000004,42.610772464529688]
["BNA1402","CCGT",15.747000000000002,54816.657065000007,42.610772464529688]
["BNA1509","CCGT",57.42,54874.077065000005,42.610772464529688]
["BNA1264","CCGT",11.744999999999999,54885.822065000008,42.729934123847173]
["BNA1271","CCGT",17.399999999999999,54903.222065000009,42.729934123847173]
["BNA1293c","CCGT",2.61,54905.83206500001,42.729934123847173]
["BNA1332","CCGT",20.88,54926.712065000007,42.729934123847173]
["BNA0051","CCGT",15.486000000000001,54942.198065000004,42.849788583509508]
["BNA0286","CCGT",86.13,55028.328065000002,42.849788583509508]
["BNA0386","CCGT",21.75,55050.078065000002,42.849788583509508]
["BNA0896","CCGT",39.062999999999995,55089.141065000003,42.849788583509508]
["BNA0897","CCGT",20.010000000000002,55109.151065000005,42.849788583509508]
["BNA1105","CCGT",8.4390000000000001,55117.590065000004,42.849788583509508]
["BNA1489","CCGT",11.484,55129.074065000001,42.849788583509508]
["BNA0025","CCGT",13.137,55142.211065000003,42.97034190299496]
["BNA0233","CCGT",40.542000000000002,55182.753065000004,42.97034190299496]
["BNA0401","CCGT",19.574999999999999,55202.328065000002,42.97034190299496]
["BNA1400b","CCGT",20.271000000000001,55222.599065000002,42.97034190299496]
["BNA1505","CCGT",19.227,55241.826065000001,42.97034190299496]
["BNA0261b","Coal",13.049999999999999,55254.876065000004,42.995052631578943]
["BNA0645","Coal",318.75,55573.626065000004,42.995052631578943]
["BNA0935","Coal",33.75,55607.376065000004,42.995052631578943]
["BNA0998","Coal",134.25,55741.626065000004,42.995052631578943]
["BNA0015","OCGT",56.55,55798.176065000007,43.03858140784525]
["BNA1406","CCGT",16.42473,55814.600795000006,43.09160021265285]
["BNA0712","Lignite",256.64999999999998,56071.250795000007,43.165316455696214]
["BNA1025","Lignite",279.27,56350.520795000004,43.165316455696214]
["BNA1284","CCGT",10.005000000000001,56360.525795000001,43.213569714742739]
["BNA0067","Coal",537.75,56898.275795000001,43.271178807947024]
["BNA0156b","OCGT",11.744999999999999,56910.020795000004,43.33430735930736]
["BNA0360","OCGT",12.789,56922.809795000001,43.33430735930736]
["BNA1523c","CCGT",8.9610000000000003,56931.770795000004,43.336256684491978]
["BNA0510a","CCGT",10.092000000000001,56941.862795000001,43.459667471171898]
["BNA1335a","CCGT",50.547000000000004,56992.409795,43.459667471171898]
["BNA1097","Lignite",16.965,57009.374794999996,43.482653061224497]
["BNA1451","Lignite",23.925000000000001,57033.299794999999,43.482653061224497]
["BNA1467","Coal",13.875,57047.174794999999,43.550986666666667]
[null,"Coal",14.8065,57061.981294999998,43.550986666666667]
["BNA0521","CCGT",42.029699999999998,57104.010994999997,43.583808499193111]
["BNA1333a","CCGT",10.597470000000001,57114.608464999998,43.583808499193111]
["BNA1444d","OCGT",4.4369999999999994,57119.045464999996,43.634223433242511]
["BNA0146","Coal",227.25,57346.295464999996,43.834550335570469]
["BNA1444c","OCGT",4.4369999999999994,57350.732464999994,43.938419319429201]
["BNA0515","CCGT",32.19,57382.922464999996,44.087806205770278]
["BNA1444a","OCGT",3.6539999999999999,57386.576464999998,44.246987285793253]
["BNA1444b","OCGT",3.6539999999999999,57390.230465000001,44.246987285793253]
["BNA1492b","CCGT",6.5076000000000001,57396.738064999998,44.344359255202633]
["BNA0600a","CCGT",21.75,57418.488064999998,44.47379840703104]
["BNA0614a","OCGT",40.89,57459.378064999997,44.560022271714928]
["BNA1249","CCGT",5.22,57464.598064999998,44.604022038567493]
["BNA1658","CCGT",8.786999999999999,57473.385064999995,44.604022038567493]
["BNA1061","Coal",567.75,58041.135064999995,44.708547945205481]
["BNA0172b","CCGT",43.5,58084.635064999995,44.735037303122411]
["BNA1408","CCGT",13.6416,58098.276664999998,44.735037303122411]
["BNA1120","OCGT",8.8739999999999988,58107.150665000001,44.877621985417839]
["BNA0232c","CCGT",3.48,58110.630665000004,44.999471782040587]
["BNA0098","CCGT",20.010000000000002,58130.640665000006,44.999471782040587]
["BNA1104","CCGT",17.747999999999998,58148.388665000006,45.132905744562194]
[null,"OCGT",3105.5751862433272,61253.96385124333,45.199887005649721]
["BNA1285","CCGT",9.57,61263.53385124333,45.402244668911337]
["BNA0834","Coal",59.25,61322.78385124333,45.619216783216785]
["BNA1821","CCGT",13.05,61335.833851243333,45.674929418407679]
["BNA0752","CCGT",20.097000000000001,61355.930851243334,45.812546020957235]
["BNA0142","CCGT",139.19999999999999,61495.130851243332,45.951022727272729]
["BNA0396","CCGT",87.87,61583.000851243334,45.951022727272729]
["BNA1333b","CCGT",9.8637990000000002,61592.864650243333,46.09036762610431]
["BNA1524","CCGT",11.092499999999999,61603.957150243332,46.09036762610431]
["BNA1333c","CCGT",10.108356000000001,61614.065506243329,46.2305889079474]
["BNA1335b","CCGT",0.41759999999999997,61614.48310624333,46.2305889079474]
["BNA0557b","Coal",82.5,61696.98310624333,46.247858156028371]
["BNA0926b","Coal",18.592500000000001,61715.575606243328,46.568914285714285]
["BNA0331","Coal",258.75,61974.325606243328,46.894589928057556]
["BNA0332","Coal",258.75,62233.075606243328,47.22498550724638]
["BNA1516","CCGT",26.1,62259.175606243327,47.237386729026596]
["BNA1046b","OCGT",97.44,62356.615606243329,47.237470449172584]
["BNA0218","CCGT",82.65,62439.265606243331,47.384926686217007]
["BNA0219","CCGT",147.9,62587.165606243332,47.384926686217007]
["BNA1870","CCGT",23.055,62610.220606243332,47.384926686217007]
["BNA1938","CCGT",13.05,62623.270606243335,47.384926686217007]
["BNA0217","CCGT",52.2,62675.470606243332,48.914424242424239]
["BNA0238a","CCGT",39.15,62714.620606243334,48.914424242424239]
["BNA0395","CCGT",51.33,62765.950606243336,48.914424242424239]
["BNA1399","CCGT",33.06,62799.010606243333,48.914424242424239]
["BNA1336","CCGT",73.08,62872.090606243335,49.232641854789506]
["BNA0600b","Coal",77.25,62949.340606243335,49.312484848484843]
["BNA0012b","CCGT",9.57,62958.910606243335,49.393357820630548]
["BNA1131","CCGT",12.18,62971.090606243335,50.549404388714741]
["BNA0018","OCGT",70.47,63041.560606243336,50.672253968253969]
["BNA0221a","OCGT",56.289000000000001,63097.849606243333,50.672253968253969]
["BNA0221b","OCGT",58.029000000000003,63155.878606243336,51.08565941101152]
["BNA0557a","Coal",19.5,63175.378606243336,51.202740157480321]
["BNA0856","CCGT",23.055,63198.433606243336,51.235410044500959]
["BNA0017","OCGT",49.589999999999996,63248.023606243332,51.506003873466753]
["BNA0574a","OCGT",48.72,63296.743606243333,51.506003873466753]
["BNA1042","OCGT",47.85,63344.593606243332,51.506003873466753]
["BNA0016","OCGT",43.5,63388.093606243332,52.368220617202894]
["BNA0714","Lignite",13.05,63401.143606243335,53.368138801261843]
["BNA0196","Lignite",58.29,63459.433606243336,54.877922077922086]
["BNA0137","OCGT",21.75,63481.183606243336,55.141038062283741]
["BNA1397a","OCGT",13.484999999999999,63494.668606243336,57.69115942028985]
["BNA1397b","OCGT",16.704000000000001,63511.372606243334,57.69115942028985]
["BNA1397c","OCGT",13.484999999999999,63524.857606243335,57.69115942028985]
["BNA1397d","OCGT",9.048,63533.905606243337,57.69115942028985]
["BNA1397e","OCGT",29.231999999999999,63563.137606243341,57.69115942028985]
["BNA0491","Lignite",85.26,63648.397606243343,66.954183266932276]
["BNA1331","Coal",14.2425,63662.640106243343,69.44675268817204]
["BNA0318","Oil",21.0885,63683.728606243341,76.882145555275741]
["BNA0894e","Oil",50.15,63733.878606243343,76.882145555275741]
["BNA0894c","Oil",90.1,63823.978606243341,79.716823406478582]
["BNA0894d","Oil",90.1,63914.07860624334,79.716823406478582]
["BNA1166","Oil",4.08,63918.158606243342,79.943673041655757]
["BNA0547","Oil",82.534999999999997,64000.693606243345,80.296842105263153]
["BNA0596","Oil",78.625,64079.318606243345,80.296842105263153]
["BNA1083","Oil",51,64130.318606243345,80.296842105263153]
["BNA1280","Oil",76.5,64206.818606243345,80.296842105263153]
["BNA0369","Oil",14.45,64221.268606243342,80.401317523056662]
["BNA0516","Oil",38.25,64259.518606243342,80.401317523056662]
["BNA0517","Oil",21.25,64280.768606243342,80.401317523056662]
["BNA1293d","Oil",0.64600000000000002,64281.414606243343,80.401317523056662]
["BNA0894b","Oil",29.324999999999999,64310.73960624334,80.632135306553906]
["BNA1337d","Oil",0.442,64311.181606243343,81.332711276992796]
[null,"Oil",426.97950307376175,64738.161109317101,81.56898395721926]
["BNA1212","Oil",9.69,64747.851109317104,82.045723507261968]
["BNA0373","Oil",102,64849.851109317104,83.691547749725572]
["BNA1007b","Oil",8.9249999999999989,64858.776109317107,84.516629711751662]
["BNA1227","Oil",9.69,64868.466109317109,84.516629711751662]
["BNA0083","Oil",156.4,65024.86610931711,84.772032249096469]
["BNA0766","Oil",73.95,65098.816109317107,85.809456797072897]
["BNA0759","Oil",74.8,65173.61610931711,86.072840203274978]
["BNA0894a","Oil",23.8,65197.416109317113,86.072840203274978]
["BNA1894","Other",8.6019999999999985,65206.018109317112,86.450424242424248]
[null,"Other",477.09446849999995,65683.112577817112,86.450424242424248]
["BNA1007a","Oil",20.399999999999999,65703.512577817106,87.389908256880744]
["BNA0755a","CCGT",34.799999999999997,65738.312577817109,88.426444444444456]
["BNA1526","Oil",37.824999999999996,65776.137577817106,88.799533799533805]
["BNA0427","Oil",19.872999999999998,65796.010577817113,91.434573829531814]
["BNA0428","Oil",19.872999999999998,65815.88357781712,91.434573829531814]
["BNA0429","Oil",19.872999999999998,65835.756577817127,91.434573829531814]
["BNA0430","Oil",19.872999999999998,65855.629577817133,91.434573829531814]
["BNA1004","Oil",115.6,65971.229577817139,92.145795523290985]
["BNA1092","Oil",42.5,66013.729577817139,95.876574307304793]
["BNA0141","Oil",73.099999999999994,66086.829577817145,96.659682539682535]
["BNA0937","Oil",19.805,66106.634577817138,97.455825864276562]
["BNA0938","Oil",19.805,66126.439577817131,97.455825864276562]
["BNA0939b","Oil",19.805,66146.244577817124,97.455825864276562]
["BNA1060","Oil",47.6,66193.84457781713,98.265332472562932]
["BNA0222","Oil",73.27,66267.114577817134,99.088541666666686]
["BNA1015","Oil",42.924999999999997,66310.039577817137,99.088541666666686]
["BNA1016","Oil",42.924999999999997,66352.96457781714,99.088541666666686]
["BNA0085b","Oil",28.9,66381.864577817134,99.925804333552207]
["BNA0662b","Other",143.922,66525.78657781714,105.4394074074074]

{"sheet":"Backend II","index":8,"n_rows":1004,"n_cols":10,"rows_kept":1004,"cut":false,"hidden":true,"merged":[]}
["Power","Renewables","Waste","Nuclear","Lignite","Coal","CCGT","OCGT","Oil","Other"]
[0,0,1,0,0,0,0,0,0,0]
[1581.5359250000001,0,1,0,0,0,0,0,0,0]
[1581.5359250000001,0,0,17.866700000000002,0,0,0,0,0,0]
[9127.5559250000006,0,0,17.866700000000002,0,0,0,0,0,0]
[9127.5559250000006,0,0,0,0,0,27.066600000000001,0,0,0]
[10099.780925000001,0,0,0,0,0,27.066600000000001,0,0,0]
[10099.780925000001,0,0,0,0,0,27.256,0,0,0]
[10323.370925000001,0,0,0,0,0,27.256,0,0,0]
[10323.370925000001,0,0,0,0,0,27.4482,0,0,0]
[10357.561925,0,0,0,0,0,27.4482,0,0,0]
[10357.561925,0,0,0,0,0,27.6433,0,0,0]
[11045.331725,0,0,0,0,0,27.6433,0,0,0]
[11045.331725,0,0,0,0,0,28.042400000000001,0,0,0]
[11113.191725000001,0,0,0,0,0,28.042400000000001,0,0,0]
[11113.191725000001,0,0,0,0,0,28.246600000000001,0,0,0]
[12215.046725,0,0,0,0,0,28.246600000000001,0,0,0]
[12215.046725,0,0,0,0,0,28.453900000000001,0,0,0]
[12411.231725000001,0,0,0,0,0,28.453900000000001,0,0,0]
[12411.231725000001,0,0,0,0,0,28.6645,0,0,0]
[13481.331725000002,0,0,0,0,0,28.6645,0,0,0]
[13481.331725000002,0,0,0,0,0,28.878399999999999,0,0,0]
[13844.121725000003,0,0,0,0,0,28.878399999999999,0,0,0]
[13844.121725000003,0,0,0,0,0,29.095700000000001,0,0,0]
[14540.121725000003,0,0,0,0,0,29.095700000000001,0,0,0]
[14540.121725000003,0,0,0,0,0,29.316500000000001,0,0,0]
[15629.543555000004,0,0,0,0,0,29.316500000000001,0,0,0]
[15629.543555000004,0,0,0,0,0,29.540800000000001,0,0,0]
[16050.971555000004,0,0,0,0,0,29.540800000000001,0,0,0]
[16050.971555000004,0,0,0,0,0,29.768799999999999,0,0,0]
[16189.379855000003,0,0,0,0,0,29.768799999999999,0,0,0]
[16189.379855000003,0,0,0,0,0,30.000499999999999,0,0,0]
[16202.255855000003,0,0,0,0,0,30.000499999999999,0,0,0]
[16202.255855000003,0,0,0,0,0,30.236000000000001,0,0,0]
[16320.401855000002,0,0,0,0,0,30.236000000000001,0,0,0]
[16320.401855000002,0,0,0,0,0,30.4755,0,0,0]
[17594.255855000003,0,0,0,0,0,30.4755,0,0,0]
[17594.255855000003,0,0,0,0,0,30.719000000000001,0,0,0]
[17758.337855000002,0,0,0,0,0,30.719000000000001,0,0,0]
[17758.337855000002,0,0,0,0,0,30.9666,0,0,0]
[17792.267855000002,0,0,0,0,0,30.9666,0,0,0]
[17792.267855000002,0,0,0,0,0,31.218399999999999,0,0,0]
[18214.217855000003,0,0,0,0,0,31.218399999999999,0,0,0]
[18214.217855000003,0,0,0,0,0,31.474599999999999,0,0,0]
[18897.950854999999,0,0,0,0,0,31.474599999999999,0,0,0]
[18897.950854999999,0,0,0,0,0,31.735299999999999,0,0,0]
[19176.350855000001,0,0,0,0,0,31.735299999999999,0,0,0]
[19176.350855000001,0,0,0,31.9192,0,0,0,0,0]
[19194.011855000001,0,0,0,31.9192,0,0,0,0,0]
[19194.011855000001,0,0,0,0,0,32.000500000000002,0,0,0]
[19654.676855000002,0,0,0,0,0,32.000500000000002,0,0,0]
[19654.676855000002,0,0,0,32.087400000000002,0,0,0,0,0]
[19674.878255000003,0,0,0,32.087400000000002,0,0,0,0,0]
[19674.878255000003,0,0,0,32.2575,0,0,0,0,0]
[22076.078255000004,0,0,0,32.2575,0,0,0,0,0]
[22076.078255000004,0,0,0,0,0,32.270400000000002,0,0,0]
[22109.233955000003,0,0,0,0,0,32.270400000000002,0,0,0]
[22109.233955000003,0,0,0,0,0,32.545200000000001,0,0,0]
[22119.151955000005,0,0,0,0,0,32.545200000000001,0,0,0]
[22119.151955000005,0,0,0,32.603400000000001,0,0,0,0,0]
[22263.658955000003,0,0,0,32.603400000000001,0,0,0,0,0]
[22263.658955000003,0,0,0,0,32.736699999999999,0,0,0,0]
[22286.908955000003,0,0,0,0,32.736699999999999,0,0,0,0]
[22286.908955000003,0,0,0,32.779299999999999,0,0,0,0,0]
[22850.668955000001,0,0,0,32.779299999999999,0,0,0,0,0]
[22850.668955000001,0,0,0,32.957299999999996,0,0,0,0,0]
[23397.028955000002,0,0,0,32.957299999999996,0,0,0,0,0]
[23397.028955000002,0,0,0,0,0,33.1096,0,0,0]
[23404.597955000001,0,0,0,0,0,33.1096,0,0,0]
[23404.597955000001,0,0,0,0,33.601999999999997,0,0,0,0]
[23478.847955000001,0,0,0,0,33.601999999999997,0,0,0,0]
[23478.847955000001,0,0,0,34.069200000000002,0,0,0,0,0]
[24300.127955,0,0,0,34.069200000000002,0,0,0,0,0]
[24300.127955,0,0,0,34.457599999999999,0,0,0,0,0]
[25822.192954999999,0,0,0,34.457599999999999,0,0,0,0,0]
[25822.192954999999,0,0,0,34.655299999999997,0,0,0,0,0]
[26647.822955,0,0,0,34.655299999999997,0,0,0,0,0]
[26647.822955,0,0,0,0,0,34.790999999999997,0,0,0]
[26689.582954999998,0,0,0,0,0,34.790999999999997,0,0,0]
[26689.582954999998,0,0,0,0,34.832500000000003,0,0,0,0]
[26714.332954999998,0,0,0,0,34.832500000000003,0,0,0,0]
[26714.332954999998,0,0,0,34.855499999999999,0,0,0,0,0]
[27366.832954999998,0,0,0,34.855499999999999,0,0,0,0,0]
[27366.832954999998,0,0,0,35.058,0,0,0,0,0]
[28019.332954999998,0,0,0,35.058,0,0,0,0,0]
[28019.332954999998,0,0,0,0,35.155000000000001,0,0,0,0]
[28051.807954999997,0,0,0,0,35.155000000000001,0,0,0,0]
[28051.807954999997,0,0,0,35.263100000000001,0,0,0,0,0]
[30453.007954999994,0,0,0,35.263100000000001,0,0,0,0,0]
[30453.007954999994,0,0,0,35.470700000000001,0,0,0,0,0]
[30470.407954999995,0,0,0,35.470700000000001,0,0,0,0,0]
[30470.407954999995,0,0,0,0,35.483600000000003,0,0,0,0]
[30521.707954999994,0,0,0,0,35.483600000000003,0,0,0,0]
[30521.707954999994,0,0,0,0,0,35.499899999999997,0,0,0]
[30529.711954999995,0,0,0,0,0,35.499899999999997,0,0,0]
[30529.711954999995,0,0,0,0,35.557600000000001,0,0,0,0]
[32910.211954999992,0,0,0,0,35.557600000000001,0,0,0,0]
[32910.211954999992,0,0,0,0,0,35.603700000000003,0,0,0]
[32913.952954999993,0,0,0,0,0,35.603700000000003,0,0,0]
[32913.952954999993,0,0,0,35.680900000000001,0,0,0,0,0]
[33345.472954999997,0,0,0,35.680900000000001,0,0,0,0,0]
[33345.472954999997,0,0,0,0,0,35.707999999999998,0,0,0]
[33362.568454999993,0,0,0,0,0,35.707999999999998,0,0,0]
[33362.568454999993,0,0,0,0,35.743699999999997,0,0,0,0]
[34650.093454999995,0,0,0,0,35.743699999999997,0,0,0,0]
[34650.093454999995,0,0,0,0,0,35.813099999999999,0,0,0]
[35021.191954999988,0,0,0,0,0,35.813099999999999,0,0,0]
[35021.191954999988,0,0,0,35.893700000000003,0,0,0,0,0]
[35446.012954999991,0,0,0,35.893700000000003,0,0,0,0,0]
[35446.012954999991,0,0,0,0,0,35.926299999999998,0,0,0]
[35554.762954999991,0,0,0,0,0,35.926299999999998,0,0,0]
[35554.762954999991,0,0,0,0,35.932000000000002,0,0,0,0]
[36986.512954999991,0,0,0,0,35.932000000000002,0,0,0,0]
[36986.512954999991,0,0,0,0,0,36.270600000000002,0,0,0]
[37865.386954999994,0,0,0,0,0,36.270600000000002,0,0,0]
[37865.386954999994,0,0,0,0,36.314599999999999,0,0,0,0]
[38219.386954999994,0,0,0,0,36.314599999999999,0,0,0,0]
[38219.386954999994,0,0,0,36.327500000000001,0,0,0,0,0]
[38232.001954999992,0,0,0,36.327500000000001,0,0,0,0,0]
[38232.001954999992,0,0,0,36.548499999999997,0,0,0,0,0]
[38251.345534999993,0,0,0,36.548499999999997,0,0,0,0,0]
[38251.345534999993,0,0,0,0,36.7059,0,0,0,0]
[39430.345534999993,0,0,0,0,36.7059,0,0,0,0]
[39430.345534999993,0,0,0,36.772399999999998,0,0,0,0,0]
[39459.49053499999,0,0,0,36.772399999999998,0,0,0,0,0]
[39459.49053499999,0,0,0,0,0,36.899900000000002,0,0,0]
[39498.292534999993,0,0,0,0,0,36.899900000000002,0,0,0]
[39498.292534999993,0,0,0,36.999099999999999,0,0,0,0,0]
[39700.828534999993,0,0,0,36.999099999999999,0,0,0,0,0]
[39700.828534999993,0,0,0,0,0,37.0124,0,0,0]
[39713.008534999994,0,0,0,0,0,37.0124,0,0,0]
[39713.008534999994,0,0,0,0,37.105899999999998,0,0,0,0]
[39975.508534999994,0,0,0,0,37.105899999999998,0,0,0,0]
[39975.508534999994,0,0,0,0,37.309399999999997,0,0,0,0]
[40227.508534999994,0,0,0,0,37.309399999999997,0,0,0,0]
[40227.508534999994,0,0,0,0,37.515099999999997,0,0,0,0]
[40844.008534999994,0,0,0,0,37.515099999999997,0,0,0,0]
[40844.008534999994,0,0,0,0,0,37.7194,0,0,0]
[41226.808534999996,0,0,0,0,0,37.7194,0,0,0]
[41226.808534999996,0,0,0,0,37.933799999999998,0,0,0,0]
[41744.308534999996,0,0,0,0,37.933799999999998,0,0,0,0]
[41744.308534999996,0,0,0,0,0,38.057899999999997,0,0,0]
[41755.792534999993,0,0,0,0,0,38.057899999999997,0,0,0]
[41755.792534999993,0,0,0,38.178400000000003,0,0,0,0,0]
[41763.883534999994,0,0,0,38.178400000000003,0,0,0,0,0]
[41763.883534999994,0,0,0,0,0,38.49,0,0,0]
[42177.133534999994,0,0,0,0,0,38.49,0,0,0]
[42177.133534999994,0,0,0,0,0,0,38.576300000000003,0,0]
[42194.09853499999,0,0,0,0,0,0,38.576300000000003,0,0]
[42194.09853499999,0,0,0,0,38.580300000000001,0,0,0,0]
[42286.34853499999,0,0,0,0,38.580300000000001,0,0,0,0]
[42286.34853499999,0,0,0,0,0,38.887700000000002,0,0,0]
[43437.358534999985,0,0,0,0,0,38.887700000000002,0,0,0]
[43437.358534999985,0,0,0,0,0,0,39.051499999999997,0,0]
[43548.039934999986,0,0,0,0,0,0,39.051499999999997,0,0]
[43548.039934999986,0,0,0,39.180100000000003,0,0,0,0,0]
[43587.189934999988,0,0,0,39.180100000000003,0,0,0,0,0]
[43587.189934999988,0,0,0,0,0,39.2941,0,0,0]
[43601.109934999986,0,0,0,0,0,39.2941,0,0,0]
[43601.109934999986,0,0,0,0,39.4786,0,0,0,0]
[43611.159934999989,0,0,0,0,39.4786,0,0,0,0]
[43611.159934999989,0,0,0,0,0,39.662799999999997,0,0,0]
[43920.009934999987,0,0,0,0,0,39.662799999999997,0,0,0]
[43920.009934999987,0,0,0,0,0,39.709400000000002,0,0,0]
[43957.419934999991,0,0,0,0,0,39.709400000000002,0,0,0]
[43957.419934999991,0,0,0,0,39.944200000000002,0,0,0,0]
[44342.919934999991,0,0,0,0,39.944200000000002,0,0,0,0]
[44342.919934999991,0,0,0,39.968200000000003,0,0,0,0,0]
[44868.399934999994,0,0,0,39.968200000000003,0,0,0,0,0]
[44868.399934999994,0,0,0,0,39.991399999999999,0,0,0,0]
[44910.069934999992,0,0,0,0,39.991399999999999,0,0,0,0]
[44910.069934999992,0,0,0,0,0,40.153100000000002,0,0,0]
[44969.100304999993,0,0,0,0,0,40.153100000000002,0,0,0]
[44969.100304999993,0,0,0,0,40.1813,0,0,0,0]
[45635.850304999993,0,0,0,0,40.1813,0,0,0,0]
[45635.850304999993,0,0,0,40.238399999999999,0,0,0,0,0]
[46734.66030499999,0,0,0,40.238399999999999,0,0,0,0,0]
[46734.66030499999,0,0,0,0,0,40.258400000000002,0,0,0]
[46926.234304999991,0,0,0,0,0,40.258400000000002,0,0,0]
[46926.234304999991,0,0,0,0,0,40.3643,0,0,0]
[47425.884004999993,0,0,0,0,0,40.3643,0,0,0]
[47425.884004999993,0,0,0,0,40.421300000000002,0,0,0,0]
[47823.909004999994,0,0,0,0,40.421300000000002,0,0,0,0]
[47823.909004999994,0,0,0,40.512300000000003,0,0,0,0,0]
[48400.719004999992,0,0,0,40.512300000000003,0,0,0,0,0]
[48400.719004999992,0,0,0,0,0,0,40.552,0,0]
[49027.989004999989,0,0,0,0,0,0,40.552,0,0]
[49027.989004999989,0,0,0,0,0,40.577800000000003,0,0,0]
[49134.216004999995,0,0,0,0,0,40.577800000000003,0,0,0]
[49134.216004999995,0,0,0,0,0,40.616900000000001,0,0,0]
[49257.712504999989,0,0,0,0,0,40.616900000000001,0,0,0]
[49257.712504999989,0,0,0,0,40.664299999999997,0,0,0,0]
[49507.23750499999,0,0,0,0,40.664299999999997,0,0,0,0]
[49507.23750499999,0,0,0,0,0,40.685499999999998,0,0,0]
[49812.105514999988,0,0,0,0,0,40.685499999999998,0,0,0]
[49812.105514999988,0,0,0,0,0,40.793700000000001,0,0,0]
[49896.069214999996,0,0,0,0,0,40.793700000000001,0,0,0]
[49896.069214999996,0,0,0,0,0,40.9026,0,0,0]
[49907.031214999995,0,0,0,0,0,40.9026,0,0,0]
[49907.031214999995,0,0,0,0,40.910299999999999,0,0,0,0]
[50034.456214999998,0,0,0,0,40.910299999999999,0,0,0,0]
[50034.456214999998,0,0,0,0,0,41.012,0,0,0]
[50658.420214999998,0,0,0,0,0,41.012,0,0,0]
[50658.420214999998,0,0,0,41.072099999999999,0,0,0,0,0]
[51169.980214999996,0,0,0,41.072099999999999,0,0,0,0,0]
[51169.980214999996,0,0,0,0,0,0,41.078800000000001,0,0]
[51196.689214999999,0,0,0,0,0,0,41.078800000000001,0,0]
[51196.689214999999,0,0,0,0,41.159399999999998,0,0,0,0]
[51605.064214999999,0,0,0,0,41.159399999999998,0,0,0,0]
[51605.064214999999,0,0,0,0,0,41.232799999999997,0,0,0]
[51615.939214999999,0,0,0,0,0,41.232799999999997,0,0,0]
[51615.939214999999,0,0,0,0,0,41.344099999999997,0,0,0]
[51716.859214999997,0,0,0,0,0,41.344099999999997,0,0,0]
[51716.859214999997,0,0,0,0,41.411700000000003,0,0,0,0]
[52251.984214999997,0,0,0,0,41.411700000000003,0,0,0,0]
[52251.984214999997,0,0,0,0,0,41.456000000000003,0,0,0]
[52273.747264999998,0,0,0,0,0,41.456000000000003,0,0,0]
[52273.747264999998,0,0,0,0,0,41.5685,0,0,0]
[52377.607864999998,0,0,0,0,0,41.5685,0,0,0]
[52377.607864999998,0,0,0,0,41.667200000000001,0,0,0,0]
[53245.357864999998,0,0,0,0,41.667200000000001,0,0,0,0]
[53245.357864999998,0,0,0,0,0,41.681699999999999,0,0,0]
[53328.877865000002,0,0,0,0,0,41.681699999999999,0,0,0]
[53328.877865000002,0,0,0,0,0,41.795499999999997,0,0,0]
[53335.350665000005,0,0,0,0,0,41.795499999999997,0,0,0]
[53335.350665000005,0,0,0,0,0,41.91,0,0,0]
[53443.665665000008,0,0,0,0,0,41.91,0,0,0]
[53443.665665000008,0,0,0,0,0,42.025100000000002,0,0,0]
[53510.742665000005,0,0,0,0,0,42.025100000000002,0,0,0]
[53510.742665000005,0,0,0,0,0,42.140900000000002,0,0,0]
[53556.591665000014,0,0,0,0,0,42.140900000000002,0,0,0]
[53556.591665000014,0,0,0,0,0,0,42.175699999999999,0,0]
[53681.871665000013,0,0,0,0,0,0,42.175699999999999,0,0]
[53681.871665000013,0,0,0,0,42.188099999999999,0,0,0,0]
[53942.121665000013,0,0,0,0,42.188099999999999,0,0,0,0]
[53942.121665000013,0,0,0,42.241599999999998,0,0,0,0,0]
[54200.511665000013,0,0,0,42.241599999999998,0,0,0,0,0]
[54200.511665000013,0,0,0,0,0,42.257399999999997,0,0,0]
[54242.793665000012,0,0,0,0,0,42.257399999999997,0,0,0]
[54242.793665000012,0,0,0,0,0,42.374499999999998,0,0,0]
[54288.990665000012,0,0,0,0,0,42.374499999999998,0,0,0]
[54288.990665000012,0,0,0,0,42.453600000000002,0,0,0,0]
[54322.740665000012,0,0,0,0,42.453600000000002,0,0,0,0]
[54322.740665000012,0,0,0,0,0,0,42.459400000000002,0,0]
[54331.440665000009,0,0,0,0,0,0,42.459400000000002,0,0]
[54331.440665000009,0,0,0,0,0,42.4923,0,0,0]
[54413.847065000009,0,0,0,0,0,42.4923,0,0,0]
[54413.847065000009,0,0,0,42.544899999999998,0,0,0,0,0]
[54693.117065000006,0,0,0,42.544899999999998,0,0,0,0,0]
[54693.117065000006,0,0,0,0,0,42.610799999999998,0,0,0]
[54874.077065000005,0,0,0,0,0,42.610799999999998,0,0,0]
[54874.077065000005,0,0,0,0,0,42.729900000000001,0,0,0]
[54926.712065000007,0,0,0,0,0,42.729900000000001,0,0,0]
[54926.712065000007,0,0,0,0,0,42.849800000000002,0,0,0]
[55129.074065000001,0,0,0,0,0,42.849800000000002,0,0,0]
[55129.074065000001,0,0,0,0,0,42.970300000000002,0,0,0]
[55241.826065000001,0,0,0,0,0,42.970300000000002,0,0,0]
[55241.826065000001,0,0,0,0,42.995100000000001,0,0,0,0]
[55741.626065000004,0,0,0,0,42.995100000000001,0,0,0,0]
[55741.626065000004,0,0,0,0,0,0,43.038600000000002,0,0]
[55798.176065000007,0,0,0,0,0,0,43.038600000000002,0,0]
[55798.176065000007,0,0,0,0,0,43.0916,0,0,0]
[55814.600795000006,0,0,0,0,0,43.0916,0,0,0]
[55814.600795000006,0,0,0,43.165300000000002,0,0,0,0,0]
[56350.520795000004,0,0,0,43.165300000000002,0,0,0,0,0]
[56350.520795000004,0,0,0,0,0,43.2136,0,0,0]
[56360.525795000001,0,0,0,0,0,43.2136,0,0,0]
[56360.525795000001,0,0,0,0,43.2712,0,0,0,0]
[56898.275795000001,0,0,0,0,43.2712,0,0,0,0]
[56898.275795000001,0,0,0,0,0,0,43.334299999999999,0,0]
[56922.809795000001,0,0,0,0,0,0,43.334299999999999,0,0]
[56922.809795000001,0,0,0,0,0,43.336300000000001,0,0,0]
[56931.770795000004,0,0,0,0,0,43.336300000000001,0,0,0]
[56931.770795000004,0,0,0,0,0,43.459699999999998,0,0,0]
[56992.409795,0,0,0,0,0,43.459699999999998,0,0,0]
[56992.409795,0,0,0,43.482700000000001,0,0,0,0,0]
[57033.299794999999,0,0,0,43.482700000000001,0,0,0,0,0]
[57033.299794999999,0,0,0,0,43.551000000000002,0,0,0,0]
[57061.981294999998,0,0,0,0,43.551000000000002,0,0,0,0]
[57061.981294999998,0,0,0,0,0,43.583799999999997,0,0,0]
[57114.608464999998,0,0,0,0,0,43.583799999999997,0,0,0]
[57114.608464999998,0,0,0,0,0,0,43.6342,0,0]
[57119.045464999996,0,0,0,0,0,0,43.6342,0,0]
[57119.045464999996,0,0,0,0,43.834600000000002,0,0,0,0]
[57346.295464999996,0,0,0,0,43.834600000000002,0,0,0,0]
[57346.295464999996,0,0,0,0,0,0,43.938400000000001,0,0]
[57350.732464999994,0,0,0,0,0,0,43.938400000000001,0,0]
[57350.732464999994,0,0,0,0,0,44.087800000000001,0,0,0]
[57382.922464999996,0,0,0,0,0,44.087800000000001,0,0,0]
[57382.922464999996,0,0,0,0,0,0,44.247,0,0]
[57390.230465000001,0,0,0,0,0,0,44.247,0,0]
[57390.230465000001,0,0,0,0,0,44.3444,0,0,0]
[57396.738064999998,0,0,0,0,0,44.3444,0,0,0]
[57396.738064999998,0,0,0,0,0,44.473799999999997,0,0,0]
[57418.488064999998,0,0,0,0,0,44.473799999999997,0,0,0]
[57418.488064999998,0,0,0,0,0,0,44.56,0,0]
[57459.378064999997,0,0,0,0,0,0,44.56,0,0]
[57459.378064999997,0,0,0,0,0,44.603999999999999,0,0,0]
[57473.385064999995,0,0,0,0,0,44.603999999999999,0,0,0]
[57473.385064999995,0,0,0,0,44.708500000000001,0,0,0,0]
[58041.135064999995,0,0,0,0,44.708500000000001,0,0,0,0]
[58041.135064999995,0,0,0,0,0,44.734999999999999,0,0,0]
[58098.276664999998,0,0,0,0,0,44.734999999999999,0,0,0]
[58098.276664999998,0,0,0,0,0,0,44.877600000000001,0,0]
[58107.150665000001,0,0,0,0,0,0,44.877600000000001,0,0]
[58107.150665000001,0,0,0,0,0,44.999499999999998,0,0,0]
[58130.640665000006,0,0,0,0,0,44.999499999999998,0,0,0]
[58130.640665000006,0,0,0,0,0,45.132899999999999,0,0,0]
[58148.388665000006,0,0,0,0,0,45.132899999999999,0,0,0]
[58148.388665000006,0,0,0,0,0,0,45.1999,0,0]
[61253.96385124333,0,0,0,0,0,0,45.1999,0,0]
[61253.96385124333,0,0,0,0,0,45.402200000000001,0,0,0]
[61263.53385124333,0,0,0,0,0,45.402200000000001,0,0,0]
[61263.53385124333,0,0,0,0,45.619199999999999,0,0,0,0]
[61322.78385124333,0,0,0,0,45.619199999999999,0,0,0,0]
[61322.78385124333,0,0,0,0,0,45.674900000000001,0,0,0]
[61335.833851243333,0,0,0,0,0,45.674900000000001,0,0,0]
[61335.833851243333,0,0,0,0,0,45.8125,0,0,0]
[61355.930851243334,0,0,0,0,0,45.8125,0,0,0]
[61355.930851243334,0,0,0,0,0,45.951000000000001,0,0,0]
[61583.000851243334,0,0,0,0,0,45.951000000000001,0,0,0]
[61583.000851243334,0,0,0,0,0,46.090400000000002,0,0,0]
[61603.957150243332,0,0,0,0,0,46.090400000000002,0,0,0]
[61603.957150243332,0,0,0,0,0,46.230600000000003,0,0,0]
[61614.48310624333,0,0,0,0,0,46.230600000000003,0,0,0]
[61614.48310624333,0,0,0,0,46.247900000000001,0,0,0,0]
[61696.98310624333,0,0,0,0,46.247900000000001,0,0,0,0]
[61696.98310624333,0,0,0,0,46.568899999999999,0,0,0,0]
[61715.575606243328,0,0,0,0,46.568899999999999,0,0,0,0]
[61715.575606243328,0,0,0,0,46.894599999999997,0,0,0,0]
[61974.325606243328,0,0,0,0,46.894599999999997,0,0,0,0]
[61974.325606243328,0,0,0,0,47.225000000000001,0,0,0,0]
[62233.075606243328,0,0,0,0,47.225000000000001,0,0,0,0]
[62233.075606243328,0,0,0,0,0,47.237400000000001,0,0,0]
[62259.175606243327,0,0,0,0,0,47.237400000000001,0,0,0]
[62259.175606243327,0,0,0,0,0,0,47.237499999999997,0,0]
[62356.615606243329,0,0,0,0,0,0,47.237499999999997,0,0]
[62356.615606243329,0,0,0,0,0,47.384900000000002,0,0,0]
[62623.270606243335,0,0,0,0,0,47.384900000000002,0,0,0]
[62623.270606243335,0,0,0,0,0,48.914400000000001,0,0,0]
[62799.010606243333,0,0,0,0,0,48.914400000000001,0,0,0]
[62799.010606243333,0,0,0,0,0,49.232599999999998,0,0,0]
[62872.090606243335,0,0,0,0,0,49.232599999999998,0,0,0]
[62872.090606243335,0,0,0,0,49.3125,0,0,0,0]
[62949.340606243335,0,0,0,0,49.3125,0,0,0,0]
[62949.340606243335,0,0,0,0,0,49.3934,0,0,0]
[62958.910606243335,0,0,0,0,0,49.3934,0,0,0]
[62958.910606243335,0,0,0,0,0,50.549399999999999,0,0,0]
[62971.090606243335,0,0,0,0,0,50.549399999999999,0,0,0]
[62971.090606243335,0,0,0,0,0,0,50.6723,0,0]
[63097.849606243333,0,0,0,0,0,0,50.6723,0,0]
[63097.849606243333,0,0,0,0,0,0,51.085700000000003,0,0]
[63155.878606243336,0,0,0,0,0,0,51.085700000000003,0,0]
[63155.878606243336,0,0,0,0,51.2027,0,0,0,0]
[63175.378606243336,0,0,0,0,51.2027,0,0,0,0]
[63175.378606243336,0,0,0,0,0,51.235399999999998,0,0,0]
[63198.433606243336,0,0,0,0,0,51.235399999999998,0,0,0]
[63198.433606243336,0,0,0,0,0,0,51.506,0,0]
[63344.593606243332,0,0,0,0,0,0,51.506,0,0]
[63344.593606243332,0,0,0,0,0,0,52.368200000000002,0,0]
[63388.093606243332,0,0,0,0,0,0,52.368200000000002,0,0]
[63388.093606243332,0,0,0,53.368099999999998,0,0,0,0,0]
[63401.143606243335,0,0,0,53.368099999999998,0,0,0,0,0]
[63401.143606243335,0,0,0,54.877899999999997,0,0,0,0,0]
[63459.433606243336,0,0,0,54.877899999999997,0,0,0,0,0]
[63459.433606243336,0,0,0,0,0,0,55.140999999999998,0,0]
[63481.183606243336,0,0,0,0,0,0,55.140999999999998,0,0]
[63481.183606243336,0,0,0,0,0,0,57.691200000000002,0,0]
[63563.137606243341,0,0,0,0,0,0,57.691200000000002,0,0]
[63563.137606243341,0,0,0,66.9542,0,0,0,0,0]
[63648.397606243343,0,0,0,66.9542,0,0,0,0,0]
[63648.397606243343,0,0,0,0,69.446799999999996,0,0,0,0]
[63662.640106243343,0,0,0,0,69.446799999999996,0,0,0,0]
[63662.640106243343,0,0,0,0,0,0,0,76.882099999999994,0]
[63733.878606243343,0,0,0,0,0,0,0,76.882099999999994,0]
[63733.878606243343,0,0,0,0,0,0,0,79.716800000000006,0]
[63914.07860624334,0,0,0,0,0,0,0,79.716800000000006,0]
[63914.07860624334,0,0,0,0,0,0,0,79.943700000000007,0]
[63918.158606243342,0,0,0,0,0,0,0,79.943700000000007,0]
[63918.158606243342,0,0,0,0,0,0,0,80.296800000000005,0]
[64206.818606243345,0,0,0,0,0,0,0,80.296800000000005,0]
[64206.818606243345,0,0,0,0,0,0,0,80.401300000000006,0]
[64281.414606243343,0,0,0,0,0,0,0,80.401300000000006,0]
[64281.414606243343,0,0,0,0,0,0,0,80.632099999999994,0]
[64310.73960624334,0,0,0,0,0,0,0,80.632099999999994,0]
[64310.73960624334,0,0,0,0,0,0,0,81.332700000000003,0]
[64311.181606243343,0,0,0,0,0,0,0,81.332700000000003,0]
[64311.181606243343,0,0,0,0,0,0,0,81.569000000000003,0]
[64738.161109317101,0,0,0,0,0,0,0,81.569000000000003,0]
[64738.161109317101,0,0,0,0,0,0,0,82.045699999999997,0]
[64747.851109317104,0,0,0,0,0,0,0,82.045699999999997,0]
[64747.851109317104,0,0,0,0,0,0,0,83.691500000000005,0]
[64849.851109317104,0,0,0,0,0,0,0,83.691500000000005,0]
[64849.851109317104,0,0,0,0,0,0,0,84.516599999999997,0]
[64868.466109317109,0,0,0,0,0,0,0,84.516599999999997,0]
[64868.466109317109,0,0,0,0,0,0,0,84.772000000000006,0]
[65024.86610931711,0,0,0,0,0,0,0,84.772000000000006,0]
[65024.86610931711,0,0,0,0,0,0,0,85.8095,0]
[65098.816109317107,0,0,0,0,0,0,0,85.8095,0]
[65098.816109317107,0,0,0,0,0,0,0,86.072800000000001,0]
[65197.416109317113,0,0,0,0,0,0,0,86.072800000000001,0]
[65197.416109317113,0,0,0,0,0,0,0,0,86.450400000000002]
[65683.112577817112,0,0,0,0,0,0,0,0,86.450400000000002]
[65683.112577817112,0,0,0,0,0,0,0,87.389899999999997,0]
[65703.512577817106,0,0,0,0,0,0,0,87.389899999999997,0]
[65703.512577817106,0,0,0,0,0,88.426400000000001,0,0,0]
[65738.312577817109,0,0,0,0,0,88.426400000000001,0,0,0]
[65738.312577817109,0,0,0,0,0,0,0,88.799499999999995,0]
[65776.137577817106,0,0,0,0,0,0,0,88.799499999999995,0]
[65776.137577817106,0,0,0,0,0,0,0,91.434600000000003,0]
[65855.629577817133,0,0,0,0,0,0,0,91.434600000000003,0]
[65855.629577817133,0,0,0,0,0,0,0,92.145799999999994,0]
[65971.229577817139,0,0,0,0,0,0,0,92.145799999999994,0]
[65971.229577817139,0,0,0,0,0,0,0,95.876599999999996,0]
[66013.729577817139,0,0,0,0,0,0,0,95.876599999999996,0]
[66013.729577817139,0,0,0,0,0,0,0,96.659700000000001,0]
[66086.829577817145,0,0,0,0,0,0,0,96.659700000000001,0]
[66086.829577817145,0,0,0,0,0,0,0,97.455799999999996,0]
[66146.244577817124,0,0,0,0,0,0,0,97.455799999999996,0]
[66146.244577817124,0,0,0,0,0,0,0,98.265299999999996,0]
[66193.84457781713,0,0,0,0,0,0,0,98.265299999999996,0]
[66193.84457781713,0,0,0,0,0,0,0,99.088499999999996,0]
[66352.96457781714,0,0,0,0,0,0,0,99.088499999999996,0]
[66352.96457781714,0,0,0,0,0,0,0,99.925799999999995,0]
[66381.864577817134,0,0,0,0,0,0,0,99.925799999999995,0]
[66381.864577817134,0,0,0,0,0,0,0,0,105.43940000000001]
[66525.78657781714,0,0,0,0,0,0,0,0,105.43940000000001]
[]
[]
[]
[]
[]
[]
[]
[]
[]
[]
[]
[]
[]
[]
[]
[]
[]
[]
[]
[]
[]
[]
[]
[]
[]
[]
[]
[]
[]
[]
[]
[]
[]
[]
[]
[]
[]
[]
[]
[]
[]
[]
[]
[]
[]
[]
[]
[]
[]
[]
[]
[]
[]
[]
[]
[]
[]
[]
[]
[]
[]
[]
[]
[]
[]
[]
[]
[]
[]
[]
[]
[]
[]
[]
[]
[]
[]
[]
[]
[]
[]
[]
[]
[]
[]
[]
[]
[]
[]
[]
[]
[]
[]
[]
[]
[]
[]
[]
[]
[]
[]
[]
[]
[]
[]
[]
[]
[]
[]
[]
[]
[]
[]
[]
[]
[]
[]
[]
[]
[]
[]
[]
[]
[]
[]
[]
[]
[]
[]
[]
[]
[]
[]
[]
[]
[]
[]
[]
[]
[]
[]
[]
[]
[]
[]
[]
[]
[]
[]
[]
[]
[]
[]
[]
[]
[]
[]
[]
[]
[]
[]
[]
[]
[]
[]
[]
[]
[]
[]
[]
[]
[]
[]
[]
[]
[]
[]
[]
[]
[]
[]
[]
[]
[]
[]
[]
[]
[]
[]
[]
[]
[]
[]
[]
[]
[]
[]
[]
[]
[]
[]
[]
[]
[]
[]
[]
[]
[]
[]
[]
[]
[]
[]
[]
[]
[]
[]
[]
[]
[]
[]
[]
[]
[]
[]
[]
[]
[]
[]
[]
[]
[]
[]
[]
[]
[]
[]
[]
[]
[]
[]
[]
[]
[]
[]
[]
[]
[]
[]
[]
[]
[]
[]
[]
[]
[]
[]
[]
[]
[]
[]
[]
[]
[]
[]
[]
[]
[]
[]
[]
[]
[]
[]
[]
[]
[]
[]
[]
[]
[]
[]
[]
[]
[]
[]
[]
[]
[]
[]
[]
[]
[]
[]
[]
[]
[]
[]
[]
[]
[]
[]
[]
[]
[]
[]
[]
[]
[]
[]
[]
[]
[]
[]
[]
[]
[]
[]
[]
[]
[]
[]
[]
[]
[]
[]
[]
[]
[]
[]
[]
[]
[]
[]
[]
[]
[]
[]
[]
[]
[]
[]
[]
[]
[]
[]
[]
[]
[]
[]
[]
[]
[]
[]
[]
[]
[]
[]
[]
[]
[]
[]
[]
[]
[]
[]
[]
[]
[]
[]
[]
[]
[]
[]
[]
[]
[]
[]
[]
[]
[]
[]
[]
[]
[]
[]
[]
[]
[]
[]
[]
[]
[]
[]
[]
[]
[]
[]
[]
[]
[]
[]
[]
[]
[]
[]
[]
[]
[]
[]
[]
[]
[]
[]
[]
[]
[]
[]
[]
[]
[]
[]
[]
[]
[]
[]
[]
[]
[]
[]
[]
[]
[]
[]
[]
[]
[]
[]
[]
[]
[]
[]
[]
[]
[]
[]
[]
[]
[]
[]
[]
[]
[]
[]
[]
[]
[]
[]
[]
[]
[]
[]
[]
[]
[]
[]
[]
[]
[]
[]
[]
[]
[]
[]
[]
[]
[]
[]
[]
[]
[]
[]
[]
[]
[]
[]
[]
[]
[]
[]
[]
[]
[]
[]
[]
[]
[]
[]
[]
[]
[]
[]
[]
[]
[]
[]
[]
[]
[]
[]
[]
[]
[]
[]
[]
[]
[]
[]
[]
[]
[]
[]
[]
[]
[]
[]
[]
[]
[]
[]
[]
[]
[]
[]
[]
[]
[]
[]
[]
[]
[]
[]
[]
[]
[]
[]
[]
[]
[]
[]
[]
[]
[]
[]
[]
[]
[]
[]
[]
[]
[]
[]
[]
[]
[]
[]
[]
[]
[]
[]
[]
[]
[]
[]
[213.88529999999969,0,0,0,0,0,0,0,0,34]
[213.88529999999969,0,0,0,0,0,0,0,0,169.32]
[214.1552999999997,0,0,0,0,0,0,0,0,169.32]
[214.1552999999997,0,0,0,0,0,0,0,0,36]

{"sheet":"Power Plant List Backend","index":9,"n_rows":555,"n_cols":12,"rows_kept":555,"cut":false,"hidden":true,"merged":[]}
[]
[]
[null,null," EWI Merit-Order Tool 2021"]
[]
[null,null,"Power-Plant List",null,null,null,null,null,null,null,null,{"$f":"Imprint!F5","v":"Version 2021.4_en "}]
[]
[null,null,"Brief explanation of the list and basic data sources"]
[]
[]
[null,null,{"$f":"'Power Plant List'!C10","v":"Included in the Merit Order?"},{"$f":"'Power Plant List'!D10","v":"Power Plant Identification Number of the Federal Network Agency"},{"$f":"'Power Plant List'!E10","v":"Company"},{"$f":"'Power Plant List'!F10","v":"Name of the Power Plant"},{"$f":"'Power Plant List'!K10","v":"Unit Name"},{"$f":"'Power Plant List'!L10","v":"Begin of Commercial Electricity Generation"},"Assigned Power Plant Type","Efficiency",{"$f":"'Power Plant List'!U10","v":"Mean Available Net Nominal Capacity [MW]"},{"$f":"'Power Plant List'!W10","v":"Marginal Costs [EUR/MWhel]"}]
[null,null,"No","(optional)","(optional)","(optional)","(optional)","(optional)","(required)","(required)",0,0]
[null,null,"No","(optional)","(optional)","(optional)","(optional)","(optional)","(required)","(required)",0,0]
[null,null,"No","(optional)","(optional)","(optional)","(optional)","(optional)","(required)","(required)",0,0]
[null,null,"No","(optional)","(optional)","(optional)","(optional)","(optional)","(required)","(required)",0,0]
[null,null,"No","(optional)","(optional)","(optional)","(optional)","(optional)","(required)","(required)",0,0]
[null,null,"No","(optional)","(optional)","(optional)","(optional)","(optional)","(required)","(required)",0,0]
[null,null,"No","(optional)","(optional)","(optional)","(optional)","(optional)","(required)","(required)",0,0]
[null,null,"No","(optional)","(optional)","(optional)","(optional)","(optional)","(required)","(required)",0,0]
[null,null,"No","(optional)","(optional)","(optional)","(optional)","(optional)","(required)","(required)",0,0]
[null,null,"Yes","BNA0084","Vattenfall Wärme Berlin AG","Reuter","Reuter M","30.10.1998","Waste",0.33,30.599999999999998,1]
[null,null,"Yes","BNA0088b","Solvay Chemicals GmbH","Dampfturbinenanlage der EBS-Kessel",null,"16.10.2009","Waste",0.33,29.75,1]
[null,null,"Yes","BNA0097","MVA Bielefeld-Herford GmbH","MVA Bielefeld","Linien 1 - 3","01.07.1981","Waste",0.33,28.9,1]
[null,null,"Yes","BNA0117a","Energie- und Wasserversorgung Bonn/Rhein-Sieg GmbH","Heizkraftwerk Karlstraße","Heizkraftwerk Karlstraße","01.07.1990","Waste",0.33,10.199999999999999,1]
[null,null,"Yes","BNA0139","swb Entsorgung GmbH & Co. KG","KW Hafen","MKK","7/1/1905","Waste",0.33,28.05,1]
[null,null,"Yes","BNA0223b","Stadtwerke Düsseldorf AG","DT","Flingern T1","17.04.2000","Waste",0.33,45.645000000000003,1]
[null,null,"Yes","BNA0237","Progroup Power 1 GmbH","EBS-Heizkraftwerk",null,"10.02.2011","Waste",0.33,19.974999999999998,1]
[null,null,"Yes","BNA0287a","Mainova AG","MHKW Frankfurt","T 3 (nur alleiniger Betrieb, kein gemeinsamer Betrieb mit T 7 möglich)","01.01.1969","Waste",0.33,22.099999999999998,1]
[null,null,"Yes","BNA0287b","Mainova AG","MHKW Frankfurt","T 7 (nur alleiniger Betrieb, kein gemeinsamer Betrieb mit T 3 möglich)","01.01.2006","Waste",0.33,39.524999999999999,1]
[null,null,"Yes","BNA0380","EEW Energy from Waste Großräschen GmbH","EEW Großräschen",null,"01.12.2007","Waste",0.33,19.805,1]
[null,null,"Yes","BNA0398","MVR Müllverwertung Rugenberger Damm GmbH & Co. KG","MVR Müllverwertung Rugenberger Damm GmbH & Co. KG",null,"12.08.1999","Waste",0.33,20.399999999999999,1]
[null,null,"Yes","BNA0407","Enertec Hameln GmbH","Enertec Hameln","Linien 1,3,4","07.10.1913","Waste",0.33,11.219999999999999,1]
[null,null,"Yes","BNA0417","EEW Energy from Waste Hannover GmbH","EEW Energy from Waste Hannover GmbH","Hannover","01.06.2005","Waste",0.33,19.125,1]
[null,null,"Yes","BNA0438","EEW Energy from Waste Helmstedt GmbH","TRV Buschhaus","Linie 1-3","31.03.1999","Waste",0.33,31.875,1]
[null,null,"Yes","BNA0519","RWE Generation SE","Karnap","B","16.03.1987","Waste",0.33,32.299999999999997,1]
[null,null,"Yes","BNA0590","MVV Energie AG","TREA Leuna","Linie 1","26.08.2005","Waste",0.33,13.8125,1]
[null,null,"Yes","BNA0591","MVV Energie AG","TREA Leuna","Linie 2","19.06.2007","Waste",0.33,13.8125,1]
[null,null,"Yes","BNA0599","AVEA Entsorgungsbetriebe GmbH & Co. KG",null,"entfällt","03.05.2011","Waste",0.33,9.86,1]
[null,null,"Yes","BNA0622","Müllheizkraftwerk Rothensee GmbH","MHKW Rothensee","Block 1","17.07.2005","Waste",0.33,24.82,1]
[null,null,"Yes","BNA0623","Müllheizkraftwerk Rothensee GmbH","MHKW Rothensee","Block 2","08.09.2006","Waste",0.33,24.82,1]
[null,null,"Yes","BNA0640","MVV Energie AG","HKW Mannheim","Turbine 3","13.10.2006","Waste",0.33,7.3525,1]
[null,null,"Yes","BNA0641a","MVV Energie AG","HKW Mannheim","Turbine 60","07.01.2010","Waste",0.33,18.785,1]
[null,null,"Yes","BNA0641b","MVV Energie AG","HKW Mannheim","Turbine D.0","13.08.2012","Waste",0.33,4.5644999999999998,1]
[null,null,"Yes","BNA0641c","MVV Energie AG","HKW Mannheim","Turbine E.0","14.06.2012","Waste",0.33,3.298,1]
[null,null,"Yes","BNA0693","SWN Stadtwerke Neumünster GmbH","Heizkraftwerk NMS",null,"03.05.1974","Waste",0.33,45.56,1]
[null,null,"Yes","BNA0746","N-ERGIE AG","HKW Sandreuth",null,"01.09.1996","Waste",0.33,15.299999999999999,1]
[null,null,"Yes","BNA0750","GMVA Gemeinschafts-Müll-Verbrennungsanlage Niederrhein GmbH","GMVA Niederrhein","Ausspeisung 10/110kV (Turbine 2)","17.10.1991","Waste",0.33,34.339999999999996,1]
[null,null,"Yes","BNA0751","GMVA Gemeinschafts-Müll-Verbrennungsanlage Niederrhein GmbH","GMVA Niederrhein","Ausspeisung 10/25kV (Turbine 1)","06.04.2006","Waste",0.33,17.935000000000002,1]
[null,null,"Yes","BNA0845","Stadtwerke Rosenheim GmbH & Co. KG","MHKW, WKW","T1a/b, T2","01.01.1988","Waste",0.33,7.6499999999999995,1]
[null,null,"Yes","BNA0855","Steag GmbH","IKW Rüdersdorf",null,"15.12.2009","Waste",0.33,25.5,1]
[null,null,"Yes","BNA0895","GKS Gemeinschaftskraftwerk Schweinfurt GmbH","GKS","entfällt","01.06.1990","Waste",0.33,20.74,1]
[null,null,"Yes","BNA0939a","EnBW Energie Baden-Württemberg AG","Restmüll-Heizkraftwerk Stuttgart-Münster","MÜN DT19 neu","01.01.2009","Waste",0.33,16.574999999999999,1]
[null,null,"Yes","BNA0969a","SWM Services GmbH","Nord 1",1,"15.09.1991","Waste",0.33,15.299999999999999,1]
[null,null,"Yes","BNA0969c","SWM Services GmbH","Nord 3",3,"17.05.1984","Waste",0.33,18.7,1]
[null,null,"Yes","BNA1020","RWE Power AG","MVA Weisweiler","MVA","22.10.1996","Waste",0.33,22.95,1]
[null,null,"Yes","BNA1108","PD energy GmbH","PD energy GmbH",null,"01.01.2010","Waste",0.33,8.4150000000000009,1]
[null,null,"Yes","BNA1110","Zweckverband Restmüllheizkraftwerk Böblingen","Restmüllheizkraftwerk Böblingen","Müllverbrennung","03.05.1999","Waste",0.33,8.0749999999999993,1]
[null,null,"Yes","BNA1114","swb Entsorgung GmbH & Co. KG","MHKW","MHKW","1969 / 2012","Waste",0.33,37.4,1]
[null,null,"Yes","BNA1116","Bremerhavener Entsorgungsgesellschaft mbH","BEG",null,"18.03.1977","Waste",0.33,11.9,1]
[null,null,"Yes","BNA1119","Zweckverband Abfallverwertung Südostbayern","MHKW Burgkirchen",null,"15.01.1994","Waste",0.33,10.625,1]
[null,null,"Yes","BNA1139","EEW Energy from Waste Saarbrücken GmbH","TREA Breisgau",null,"15.07.2005","Waste",0.33,11.559999999999999,1]
[null,null,"Yes","BNA1144","EEW Energy from Waste Göppingen GmbH","EEW Göppingen","Turb. Neu","01.07.1975","Waste",0.33,9.35,1]
[null,null,"Yes","BNA1148","MHB Hamm Betriebsführungsgesellschaft mbH","MVA Hamm",null,"13.02.1986","Waste",0.33,12.392999999999999,1]
[null,null,"Yes","BNA1154","AGR Abfallentsorgungsgesellschaft Ruhrgebiet mbH","RZR Herten I","RZR I","06.01.1982","Waste",0.33,13.174999999999999,1]
[null,null,"Yes","BNA1155","AGR Abfallentsorgungsgesellschaft Ruhrgebiet mbH","RZR Herten II","RZR II","07.01.2009","Waste",0.33,9.9449999999999985,1]
[null,null,"Yes","BNA1161","Zweckverband Müllverwertungsanlage Ingolstadt (MVA Ingolstadt)","MVA Ingolstadt","Müllheizkraftwerk (MHKW)","26.10.1984","Waste",0.33,21.675000000000001,1]
[null,null,"Yes","BNA1167","Kreis Weseler Abfallgesellschaft mbH & Co. KG (KWA)","Abfallentsorgungszentrum Asdonkshof","MVA","01.04.1997","Waste",0.33,13.6,1]
[null,null,"Yes","BNA1168","Müllheizkraftwerk Kassel GmbH","Müllheizkraftwerk",null,"17.12.1985","Waste",0.33,12.494999999999999,1]
[null,null,"Yes","BNA1184","AVG Köln mbH","RMVA Köln","RMVA Köln","01.02.1998","Waste",0.33,38.335000000000001,1]
[null,null,"Yes","BNA1186b","EGK Entsorgungsgesellschaft Krefeld GmbH & Co.KG","MKVA Krefeld","Turbine 4","01.01.2002","Waste",0.33,11.73,1]
[null,null,"Yes","BNA1186c","EGK Entsorgungsgesellschaft Krefeld GmbH & Co.KG","MKVA Krefeld","Turbine 2","01.01.1976","Waste",0.33,1.2749999999999999,1]
[null,null,"Yes","BNA1186d","EGK Entsorgungsgesellschaft Krefeld GmbH & Co.KG","MKVA Krefeld","Turbine 5","01.01.1997","Waste",0.33,2.38,1]
[null,null,"Yes","BNA1186e","EGK Entsorgungsgesellschaft Krefeld GmbH & Co.KG","MKVA Krefeld","Turbine 1","01.01.1976","Waste",0.33,1.2749999999999999,1]
[null,null,"Yes","BNA1190","Steag GmbH","Thermische Abfallbehandlung Lauta GmbH & Co. oHG",null,"21.07.2004","Waste",0.33,13.344999999999999,1]
[null,null,"Yes","BNA1197","Technische Werke Ludwigshafen AG","FHKW Ludwigshafen","FHKW","01.08.1967","Waste",0.33,23.8,1]
[null,null,"Yes","BNA1198","SUEZ Energie und Verwertung GmbH","SITA Abfallverwertung GmbH ",null,"22.06.2005","Waste",0.33,19.55,1]
[null,null,"Yes","BNA1199","Entsorgungsgesellschaft Mainz mbH","MHKW Mainz",null,"01.12.2009","Waste",0.33,13.26,1]
[null,null,"Yes","BNA1222","Energieversorgung Offenbach AG","Müllheizkraftwerk Offenbach",null,"01.01.1972","Waste",0.33,12.324999999999999,1]
[null,null,"Yes","BNA1229","EEW Energy from Waste Saarbrücken GmbH","MHKW Pirmasens",null,"01.01.1999","Waste",0.33,12.75,1]
[null,null,"Yes","BNA1232","EEW Energy from Waste Premnitz GmbH","ZWSF","ZWSF","08.01.2004","Waste",0.33,2.125,1]
[null,null,"Yes","BNA1233","EEW Energy from Waste Premnitz GmbH","EVE","EVE","09.06.2009","Waste",0.33,12.324999999999999,1]
[null,null,"Yes","BNA1243","Vattenfall Europe New Energy Ecopower GmbH","EBS-HKW Rostock",null,"7/1/1905","Waste",0.33,14.45,1]
[null,null,"Yes","BNA1244","AVA Velsen GmbH","AVA Velsen",null,"07.08.1997","Waste",0.33,13.6,1]
[null,null,"Yes","BNA1254","Zweckverband Müllverwertung Schwandorf","Müllkraftwerk Schwandorf",null,"31.08.1982","Waste",0.33,45.9,1]
[null,null,"Yes","BNA1255","Kraftwerk Schwedt GmbH & Co. KG","Kraftwerk Schwedt GmbH & Co.KG",null,"01.04.2011","Waste",0.33,24.564999999999998,1]
[null,null,"Yes","BNA1261","EEW Energy from Waste Stapelfeld GmbH",null,null,"01.10.1979","Waste",0.33,13.939999999999998,1]
[null,null,"Yes","BNA1262","REMONDIS Thermische Abfallverwertung GmbH","REMONDIS Thermische Abfallverwertung GmbH",null,"21.04.2008","Waste",0.33,20.399999999999999,1]
[null,null,"Yes","BNA1286","Zweckverband für Abfallwirtschaft Südwestthüringen (ZASt)","Restabfallbehandlungsanlage",1,"13.11.2007","Waste",0.33,10.285,1]
[null,null,"Yes","BNA1289","AMK - Abfallentsorgungsgesellschaft des Märkischen Kreises mbH","AMK - Abfallentsorgungsgesellschaft des Märkischen Kreises mbH",null,"01.04.1981","Waste",0.33,10.718499999999999,1]
[null,null,"Yes","BNA1291","IHKW Industrieheizkraftwerk Andernach GmbH","IHKW Andernach",null,"14.01.2008","Waste",0.33,10.625,1]
[null,null,"Yes","BNA1295","AVA Abfallverwertung Augsburg GmbH","AVA GmbH","AHKW","16.09.1994","Waste",0.33,8.5,1]
[null,null,"Yes","BNA1316","EKOCity GmbH","Müllheizkraftwerk",null,"01.01.1976","Waste",0.33,25.5,1]
[null,null,"Yes","BNA1330","Steinbeis Energie GmbH","Steinbeis Energie",null,"27.09.2010","Waste",0.33,14.45,1]
[null,null,"Yes","BNA1447a","Evonik Röhm GmbH",null,"G2","20.11.1990","Waste",0.33,10.115,1]
[null,null,"Yes","BNA1447b","Evonik Röhm GmbH",null,"G3/Kontu","12.03.2012","Waste",0.33,5.8650000000000002,1]
[null,null,"Yes","BNA1448","EEW Energy from Waste Saarbrücken GmbH","AHKW Neunkirchen","Linie 3 + 4","02.06.1977","Waste",0.33,9.86,1]
[null,null,"Yes","BNA1449a","Zweckverband Abfallwirtschaft Raum Würzburg","Turbosatz 1",null,"04.06.1984","Waste",0.33,7.3949999999999996,1]
[null,null,"Yes","BNA1449b","Zweckverband Abfallwirtschaft Raum Würzburg","Turbosatz 2",null,"09.11.1998","Waste",0.33,10.199999999999999,1]
[null,null,"Yes","BNA1465a","B+T Energie GmbH","EBS-Kraftwerk Witzenhausen",null,"24.06.2009","Waste",0.33,23.8,1]
[null,null,"Yes","BNA1490","EBS - Kraftwerk GmbH","EBKW Knapsack",null,"01.01.2009","Waste",0.33,28.389999999999997,1]
[null,null,"Yes","BNA1510","Spreestromerzeugungs GmbH","Hamburger Rieger",null,"01.01.2013","Waste",0.33,15.895,1]
[null,null,"Yes","BNA1520","ESWE BioEnergie GmbH","Biomasseheizkraftwerk Wiesbaden",null,"01.01.2014","Waste",0.33,8.9249999999999989,1]
[null,null,"Yes","BNA1864","KÄMMERER Energie GmbH","Turbine 4",null,"5/15/1905","Waste",0.33,8.0749999999999993,1]
[null,null,"Yes","BNA1865","KÄMMERER Energie GmbH","Turbine 5",null,"5/25/1905","Waste",0.33,8.33,1]
[null,null,"Yes","BNA1867","AVG Köln mbH","AVG Köln","Turbosatz 2","01.05.2017","Waste",0.33,15.299999999999999,1]
[null,null,"Yes",null,"Nicht-EEG-Anlagen < 10 MW",null,null,null,"Waste",0.33,120.22442499999998,1]
[null,null,"Yes","BNA0157","Preussen Elektra GmbH","Brokdorf","KBR","22.12.1986","Nuclear",0.33,1311.3,17.866666666666664]
[null,null,"Yes","BNA0251","Preussen Elektra GmbH","Grohnde","KWG","01.02.1985","Nuclear",0.33,1264.8,17.866666666666664]
[null,null,"Yes","BNA0263","Preussen Elektra GmbH","Isar 2","KKI 2","09.04.1988","Nuclear",0.33,1311.3,17.866666666666664]
[null,null,"Yes","BNA0382","RWE Power AG","Kernkraft Gundremmingen ","C","02.11.1984","Nuclear",0.33,1197.8399999999999,17.866666666666664]
[null,null,"Yes","BNA0607","RWE Power AG","Kernkraftwerk Emsland","KKE","19.04.1988","Nuclear",0.33,1242.48,17.866666666666664]
[null,null,"Yes","BNA0686","EnBW Energie Baden-Württemberg AG","Gemeinschaftskernkraftwerk Neckarwestheim II","GKN II","15.04.1989","Nuclear",0.33,1218.3,17.866666666666664]
[null,null,"Yes","BNA1817","Stadtwerke Düsseldorf AG","GuD","GuD F","22.01.2016","CCGT",0.61199999999999999,517.65,27.066601307189543]
[null,null,"Yes","BNA1819","Stadtwerke Flensburg GmbH","Heizkraftwerk FL","Block 12","01.10.2016","CCGT",0.61199999999999999,67.86,27.066601307189543]
[null,null,"Yes","BNA1820","Gemeinschaftskraftwerk Bremen GmbH und Co. KG","KW Mittelsbüren","GuD MiBÜ","01.10.2016","CCGT",0.61199999999999999,386.71499999999997,27.066601307189543]
[null,null,"Yes","BNA0918b","Dow Deutschland Anlagengesellschaft mbH","Dow Stade","Cogen Dow Stade","01.01.2015","CCGT",0.60750000000000004,136.59,27.25598353909465]
[null,null,"Yes","BNA0922","CIECH Energy Deutschland GmbH","GuD-Ikw Staßfurt",null,"01.10.2015","CCGT",0.60750000000000004,87,27.25598353909465]
[null,null,"Yes","BNA0256b","SWE Energie GmbH","HKW Erfurt-Ost","GT2","2014","CCGT",0.60299999999999998,28.362000000000002,27.448192371475955]
[null,null,"Yes","BNA0261c","Erlanger Stadtwerke AG","HKW Erlangen","GuD 2","10.02.2014","CCGT",0.60299999999999998,5.8289999999999997,27.448192371475955]
[null,null,"Yes","BNA0392b","Heizkraftwerk Halle-Trotha GmbH","HKW Halle Trotha","GuD","30.01.2013","CCGT",0.59850000000000003,48.841799999999999,27.643291562238929]
[null,null,"Yes","BNA0418","enercity AG","GKL","GKL","05.11.1998","CCGT",0.59850000000000003,200.1,27.643291562238929]
[null,null,"Yes","BNA0548b","Statkraft Markets GmbH","Knapsack Gas II",null,"01.07.2013","CCGT",0.59850000000000003,374.1,27.643291562238929]
[null,null,"Yes","BNA1337e","DS Smith Paper Deutschland GmbH","GuD-Anlage","GuD-Anlage","28.01.2013","CCGT",0.59850000000000003,40.89,27.643291562238929]
[null,null,"Yes","BNA1523b","Moritz J. Weig GmbH & Co KG","Gemeinschaftskraftwerk Weig","Block 2 (Kessel 6, GT 2, DT 3)","01.01.2013","CCGT",0.59850000000000003,23.837999999999997,27.643291562238929]
[null,null,"Yes","BNA0059b","Volkswagen AG","GuD Baunatal, VW Werksgelände",null,"29.12.2011","CCGT",0.58950000000000002,67.86,28.042425784563193]
[null,null,"Yes","BNA0136","Braunschweiger Versorgungs-AG & Co. KG","HKW-Mitte","GuD","30.12.2010","CCGT",0.58499999999999996,64.38,28.246598290598293]
[null,null,"Yes","BNA0588","Stadtwerke Leipzig GmbH","Heizkraftwerk Leipzig-Nord",null,"15.02.1996","CCGT",0.58499999999999996,145.29,28.246598290598293]
[null,null,"Yes","BNA0598b","InfraLeuna GmbH","ILK-GuD","KT1","30.04.2010","CCGT",0.58499999999999996,17.399999999999999,28.246598290598293]
[null,null,"Yes","BNA0606","RWE Generation SE","Emsland","D","07.09.2010","CCGT",0.58499999999999996,771.68999999999994,28.246598290598293]
[null,null,"Yes","BNA0805","Kraftwerk Platting GmbH","Kraftwerk Plattling",null,"20.04.2010","CCGT",0.58499999999999996,103.095,28.246598290598293]
[null,null,"Yes","BNA0400","Wärme Hamburg GmbH","GuD Tiefstack","GuD Tiefstack","02.11.2009","CCGT",0.58050000000000002,110.49,28.453936261843239]
[null,null,"Yes","BNA0444","K+S AG","Wintershall","Wintershall","20.05.2009","CCGT",0.58050000000000002,60.03,28.453936261843239]
[null,null,"Yes","BNA1087","Heizkraftwerk Würzburg GmbH","Heizkraftwerke an der Friedensbrücke","GTII","01.01.2009","CCGT",0.58050000000000002,25.664999999999999,28.453936261843239]
[null,null,"Yes","BNA0410","Trianel Gaskraftwerk Hamm GmbH & Co. KG ","Trianel Gaskraftwerk ","Block 10","01.03.2008","CCGT",0.57599999999999996,354.09,28.664513888888891]
[null,null,"Yes","BNA0411","Trianel Gaskraftwerk Hamm GmbH & Co. KG ","Trianel Gaskraftwerk ","Block 20","01.03.2008","CCGT",0.57599999999999996,356.7,28.664513888888891]
[null,null,"Yes","BNA0545","RheinEnergie AG","HKW Niehl 2","GuD","26.03.2005","CCGT",0.57599999999999996,359.31,28.664513888888891]
[null,null,"Yes","BNA0442","Mark-E AG / Statkraft Markets","Cuno Heizkraftwerk Herdecke","H6","01.01.2007","CCGT",0.57150000000000001,362.79,28.878407699037624]
[null,null,"Yes","BNA0548a","Knapsack Power GmbH & Co. KG","Knapsack Gas I",null,"01.01.2006","CCGT",0.56699999999999995,696,29.095696649029986]
[null,null,"Yes","BNA0100","Stadtwerke Bielefeld GmbH","GuD Kraftwerk Hillegossen","GuD","02.01.2005","CCGT",0.5625,32.581500000000005,29.316462222222221]
[null,null,"Yes","BNA0214","Stadtwerke Duisburg AG","HKW III/B","HKW III/B","24.10.2005","CCGT",0.5625,203.58,29.316462222222221]
[null,null,"Yes","BNA0261a","Erlanger Stadtwerke AG","HKW Erlangen","GuD I","14.09.2005","CCGT",0.5625,18.792000000000002,29.316462222222221]
[null,null,"Yes","BNA0614b","BASF SE","Kraftwerk Mitte","GUD A 800 \nGT 11, GT 12, DT 10","12.05.2005","CCGT",0.5625,432.82499999999999,29.316462222222221]
[null,null,"Yes","BNA0685","Stadtwerke Münster GmbH","Heizkraftwerk Hafen","GuD","14.12.2005","CCGT",0.5625,90.601799999999997,29.316462222222221]
[null,null,"Yes","BNA0742","N-ERGIE AG","HKW Sandreuth","GuD 1","05.01.2005","CCGT",0.5625,65.25,29.316462222222221]
[null,null,"Yes","BNA0743","N-ERGIE AG","HKW Sandreuth","GuD 2","05.01.2005","CCGT",0.5625,65.25,29.316462222222221]
[null,null,"Yes","BNA0861a","Energie SaarLorLux AG","HKW Römerbrücke","GuD-Anlage","01.06.2005","CCGT",0.5625,65.25,29.316462222222221]
[null,null,"Yes","BNA1082","WSW Energie & Wasser AG","HKW Barmen","Block 1","12/30/2005","CCGT",0.5625,76.576530000000005,29.316462222222221]
[null,null,"Yes","BNA1088","Heizkraftwerk Würzburg GmbH","Heizkraftwerke an der Friedensbrücke","GTI","01.01.2005","CCGT",0.5625,38.714999999999996,29.316462222222221]
[null,null,"Yes","BNA0546","RheinEnergie AG","HKW Merkenich","GuD","27.01.2004","CCGT",0.55800000000000005,93.96,29.540788530465946]
[null,null,"Yes","BNA0684a","SWM Services GmbH","Süd GT 61",2,"30.09.2004","CCGT",0.55800000000000005,108.66300000000001,29.540788530465946]
[null,null,"Yes","BNA0684b","SWM Services GmbH","Süd GT 62",2,"30.09.2004","CCGT",0.55800000000000005,107.79300000000001,29.540788530465946]
[null,null,"Yes","BNA0684c","SWM Services GmbH","Süd DT60",2,"30.09.2004","CCGT",0.55800000000000005,111.012,29.540788530465946]
[null,null,"Yes","BNA0499","Infraserv GmbH & Co. Höchst KG","Heizkraftwerk","Block A","26.11.2003","CCGT",0.55349999999999999,74.819999999999993,29.768762420957543]
[null,null,"Yes","BNA0658","Evonik Degussa GmbH","Kraftwerk III","Block 311","22.11.1973","CCGT",0.55349999999999999,53.183100000000003,29.768762420957543]
[null,null,"Yes","BNA1196b","MVV Energie AG","Industriekraftwerk Ludwigshafen","GuD","01.03.2003","CCGT",0.55349999999999999,10.405200000000001,29.768762420957543]
[null,null,"Yes","BNA1334","CR3-Kaffeeveredelung M. Hermsen GmbH","KWK-Anlage","GT 1-3, DT","1993 und 2002","CCGT",0.54900000000000004,12.876000000000001,30.000473588342441]
[null,null,"Yes","BNA0172a","Wacker Chemie AG","Burghausen 01 - GT",null,"27.07.2001","CCGT",0.54449999999999998,104.4,30.236014692378326]
[null,null,"Yes","BNA1183","RheinEnergie AG","HKW Merheim","GuD","08.03.2001","CCGT",0.54449999999999998,13.746,30.236014692378326]
[null,null,"Yes","BNA0105","envia THERM GmbH","GuD Bitterfeld",null,"04.08.2000","CCGT",0.54,92.22,30.475481481481481]
[null,null,"Yes","BNA0199","RWE Generation SE","Dormagen","GuD","01.07.2000","CCGT",0.54,509.82,30.475481481481481]
[null,null,"Yes","BNA0220","Stadtwerke Düsseldorf AG","GuD","AGuD","28.07.2000","CCGT",0.54,87,30.475481481481481]
[null,null,"Yes","BNA0397","ThyssenKrupp Steel Europe AG","Duisburg Hamborn 5","Block 5","01.01.2003","CCGT",0.54,195.75,30.475481481481481]
[null,null,"Yes","BNA0626","Kraftwerke Mainz-Wiesbaden AG","Kraftwerk Mainz","KW3","23.05.2000","CCGT",0.54,377.75399999999996,30.475481481481481]
[null,null,"Yes","BNA1450","DREWSEN SPEZIALPAPIERE GmbH & Co. KG","GUD-Anlage DREWSEN",null,"01.09.2000","CCGT",0.54,11.31,30.475481481481481]
[null,null,"Yes","BNA0256a","SWE Energie GmbH","HKW Erfurt-Ost","GT1","17.12.1999","CCGT",0.53549999999999998,66.554999999999993,30.718972922502338]
[null,null,"Yes","BNA0857","Opel Automobile GmbH ","GuD-Anlage Rüsselsheim","M120","10.09.1999","CCGT",0.53549999999999998,97.527000000000001,30.718972922502338]
[null,null,"Yes","BNA0592","InfraLeuna GmbH","GuD Leuna",null,"01.10.1998","CCGT",0.53100000000000003,33.93,30.96659133709981]
[null,null,"Yes","BNA0615","BASF SE","Kraftwerk Süd","GUD C 200\nGT 1, GT 2, DT 1","14.07.1997","CCGT",0.52649999999999997,356.7,31.218442545109212]
[null,null,"Yes","BNA0688","Neubrandenburger Stadtwerke GmbH","GuD-HKW Neubrandenburg",null,"16.05.1997","CCGT",0.52649999999999997,65.25,31.218442545109212]
[null,null,"Yes","BNA0073","Vattenfall Wärme Berlin AG","Mitte","GuD Mitte","30.12.1996","CCGT",0.52200000000000002,386.28,31.474636015325672]
[null,null,"Yes","BNA0504","TEAG Thüringer Energie AG","HKW Jena","HKW Jena","26.09.1996","CCGT",0.52200000000000002,158.34,31.474636015325672]
[null,null,"Yes","BNA0848","Stadtwerke Rostock AG","GuD Marienehe",null,"13.06.1996","CCGT",0.52200000000000002,93.96,31.474636015325672]
[null,null,"Yes","BNA1279","Basell Polyolefine GmbH","Gasturbine","D290","03.07.1996","CCGT",0.52200000000000002,45.152999999999999,31.474636015325672]
[null,null,"Yes","BNA0207","DREWAG Stadtwerke Dresden GmbH","HKW Dresden-Nossener Brücke","HKW Dresden-Nossener Brücke \n(3 GT + 1 DT, Sammelschiene)","28.09.1995","CCGT",0.51749999999999996,226.2,31.735285024154592]
[null,null,"Yes","BNA0755b","Kraftwerk Obernburg GmbH","Obernburg",1,"01.01.1995","CCGT",0.51749999999999996,52.2,31.735285024154592]
[null,null,"Yes","BNA1185","Pfeifer & Langen GmbH & Co. KG","P&L Werk Könnern","Kessel 1 und 2","31.03.2014","Lignite",0.43359999999999999,17.661000000000001,31.919188191881918]
[null,null,"Yes","BNA0088a","Solvay Chemicals GmbH","Industriekraftwerk Bernburg (IKB)",null,"30.12.1994","CCGT",0.51300000000000001,122.235,32.000506822612081]
[null,null,"Yes","BNA0130","Uniper Kraftwerke GmbH ","Kirchmöser",null,"01.01.1994","CCGT",0.51300000000000001,139.19999999999999,32.000506822612081]
[null,null,"Yes","BNA0593","InfraLeuna GmbH","ILK-GuD","GT1","01.07.1994","CCGT",0.51300000000000001,30.45,32.000506822612081]
[null,null,"Yes","BNA0594","TOTAL Raffinerie Mitteldeutschland GmbH","ILK-GuD","GT2","01.07.1994","CCGT",0.51300000000000001,30.45,32.000506822612081]
[null,null,"Yes","BNA0595","InfraLeuna GmbH","ILK-GuD","GT3","01.07.1994","CCGT",0.51300000000000001,32.19,32.000506822612081]
[null,null,"Yes","BNA0893","BASF Schwarzheide GmbH","GuD Schwarzheide",null,"01.10.1994","CCGT",0.51300000000000001,106.14,32.000506822612081]
[null,null,"Yes","BNA1164","Pfeifer & Langen GmbH & Co. KG","P&L Werk Jülich","Kessel 5","15.09.2013","Lignite",0.43120000000000003,20.2014,32.0873840445269]
[null,null,"Yes","BNA1401a","RWE Power AG","BoA 2","Neurath F","08.07.2012","Lignite",0.42880000000000001,922.2,32.257462686567173]
[null,null,"Yes","BNA1401b","RWE Power AG","BoA 3","Neurath G","03.08.2012","Lignite",0.42880000000000001,922.2,32.257462686567173]
[null,null,"Yes","BNA1404","Lausitz Energie Kraftwerke AG","Boxberg","R","06.11.2012","Lignite",0.42880000000000001,556.79999999999995,32.257462686567173]
[null,null,"Yes","BNA1086","Heizkraftwerk Würzburg GmbH","Heizkraftwerke an der Friedensbrücke","TSII","01.01.1993","CCGT",0.50849999999999995,21.75,32.270422812192727]
[null,null,"Yes","BNA1329","Kübler & Niethammer Papierfabrik Kriebstein AG","K&N PFK AG EV","GT / GDT","02.04.1993","CCGT",0.50849999999999995,11.4057,32.270422812192727]
[null,null,"Yes","BNA1523a","Moritz J. Weig GmbH & Co KG","Gemeinschaftskraftwerk Weig","Block 1 (Kessel2, GT 1, DT 2)","01.01.1992","CCGT",0.504,9.918000000000001,32.545158730158732]
[null,null,"Yes","BNA0179","eins - energie in sachsen GmbH & Co. KG","HKW Chemnitz  Nord II","Block C","15.06.1990","Lignite",0.42399999999999999,78.995999999999995,32.6033962264151]
[null,null,"Yes","BNA0543","RheinEnergie AG","HKW Merkenich","Block 6","16.12.2010","Lignite",0.42399999999999999,65.510999999999996,32.6033962264151]
[null,null,"Yes","BNA0270","Stadtwerke Flensburg GmbH","Heizkraftwerk FL","Block 11","02.06.1992","Coal",0.504,23.25,32.73674603174603]
[null,null,"Yes","BNA0707","RWE Power AG","Niederaußem","H","16.09.1974","Lignite",0.42159999999999997,563.76,32.77931688804555]
[null,null,"Yes","BNA0708","RWE Power AG","Niederaußem","G","23.10.1974","Lignite",0.41920000000000002,546.36,32.957251908396948]
[null,null,"Yes","BNA0597","InfraLeuna GmbH","ILK-GuD","DT1","01.07.1994","CCGT",0.495,7.5689999999999991,33.109616161616167]
[null,null,"Yes","BNA0271","Stadtwerke Flensburg GmbH","Heizkraftwerk FL","Block 10","23.01.1989","Coal",0.49049999999999999,24.75,33.601977573904179]
[null,null,"Yes","BNA0498","Infraserv GmbH & Co. Höchst KG","Heizkraftwerk","Block B","21.08.1989","Coal",0.49049999999999999,49.5,33.601977573904179]
[null,null,"Yes","BNA0709","RWE Power AG","Niederaußem","K","30.08.2002","Lignite",0.40479999999999999,821.28,34.069169960474319]
[null,null,"Yes","BNA0115","Lausitz Energie Kraftwerke AG","Lippendorf","R","20.06.2000","Lignite",0.4,761.25,34.457599999999999]
[null,null,"Yes","BNA0124","Lausitz Energie Kraftwerke AG","Boxberg","Q","01.10.2000","Lignite",0.4,745.59,34.457599999999999]
[null,null,"Yes","BNA1461","CropEnergies Bioethanol GmbH Zeitz",null,null,"15.01.2005","Lignite",0.4,15.225,34.457599999999999]
[null,null,"Yes","BNA0116","EnBW Energie Baden-Württemberg AG","Braunkohlekraftwerk Lippendorf","LIP S","01.12.1999","Lignite",0.39760000000000001,761.25,34.655331991951719]
[null,null,"Yes","BNA0183","Stadtwerke Cottbus mbH","HKW Cottbus",1,"16.12.1999","Lignite",0.39760000000000001,64.38,34.655331991951719]
[null,null,"Yes","BNA0284","Stadtwerke Frankfurt (Oder) GmbH","Heizkraftwerk FFO","Block1-GuD-EK","30.09.1997","CCGT",0.47,41.76,34.790978723404258]
[null,null,"Yes","BNA0272","Stadtwerke Flensburg GmbH","Heizkraftwerk FL","Block 9","01.10.1985","Coal",0.47249999999999998,24.75,34.832529100529101]
[null,null,"Yes","BNA0915","Lausitz Energie Kraftwerke AG","Schwarze Pumpe","B","25.05.1998","Lignite",0.3952,652.5,34.855465587044542]
[null,null,"Yes","BNA0914","Lausitz Energie Kraftwerke AG","Schwarze Pumpe","A","15.12.1997","Lignite",0.39279999999999998,652.5,35.058044806517316]
[null,null,"Yes","BNA0138","Braunschweiger Versorgungs-AG & Co. KG","HKW-Mitte","Block 1 ","10.07.1984","Coal",0.46800000000000003,32.474999999999994,35.154957264957261]
[null,null,"Yes","BNA0785","Lausitz Energie Kraftwerke AG","KW Jänschwalde","A","01.10.1981","Lignite",0.39040000000000002,404.55,35.263114754098368]
[null,null,"Yes","BNA0786","Lausitz Energie Kraftwerke AG","KW Jänschwalde","B","29.11.1982","Lignite",0.39040000000000002,404.55,35.263114754098368]
[null,null,"Yes","BNA0787","Lausitz Energie Kraftwerke AG","KW Jänschwalde","C","01.02.1984","Lignite",0.39040000000000002,404.55,35.263114754098368]
[null,null,"Yes","BNA0788","Lausitz Energie Kraftwerke AG","KW Jänschwalde","D","06.10.1985","Lignite",0.39040000000000002,404.55,35.263114754098368]
[null,null,"Yes","BNA0878","Uniper Kraftwerke GmbH ","Schkopau","A","01.01.1996","Lignite",0.39040000000000002,391.5,35.263114754098368]
[null,null,"Yes","BNA0879","Uniper Kraftwerke GmbH ","Schkopau","B","01.01.1996","Lignite",0.39040000000000002,391.5,35.263114754098368]
[null,null,"Yes","BNA1293a","Martinswerk GmbH","Kraftwerk","K1/TG1","01.02.1995","Lignite",0.38800000000000001,8.6999999999999993,35.470721649484545]
[null,null,"Yes","BNA1293b","Martinswerk GmbH","Kraftwerk","K2/TG2","01.02.1995","Lignite",0.38800000000000001,8.6999999999999993,35.470721649484545]
[null,null,"Yes","BNA0662a","Evonik Degussa GmbH","Kraftwerk I ","Block 5 ","15.10.1983","Coal",0.46350000000000002,51.300000000000004,35.483646170442285]
[null,null,"Yes","BNA0842b","Stadtwerke Rosenheim GmbH & Co. KG","Gasmotor 4","Gasmotor 4","10.04.2013","CCGT",0.4602,8.0039999999999996,35.499913081269014]
[null,null,"Yes","BNA0646b","Grosskraftwerk Mannheim AG","GKM ","Block 9","02.05.2015","Coal",0.46250000000000002,632.25,35.557556756756753]
[null,null,"Yes","BNA1558","Vattenfall Heizkraftwerk Moorburg GmbH","Moorburg B","B","28.02.2015","Coal",0.46250000000000002,600,35.557556756756753]
[null,null,"Yes","BNA1673","Vattenfall Heizkraftwerk Moorburg GmbH","Moorburg A","A","31.08.2015","Coal",0.46250000000000002,600,35.557556756756753]
[null,null,"Yes","BNA1674","ENGIE Deutschland AG","Kraftwerk Wilhelmshaven","Kraftwerk Wilhelmshaven","30.10.2015","Coal",0.46250000000000002,548.25,35.557556756756753]
[null,null,"Yes","BNA0843","Stadtwerke Rosenheim GmbH & Co. KG","Gasmotor 5","Gasmotor 5","20.12.2012","CCGT",0.45879999999999999,3.7409999999999997,35.603661726242372]
[null,null,"Yes","BNA0123","Lausitz Energie Kraftwerke AG","Boxberg","P","01.07.1980","Lignite",0.3856,404.55,35.680912863070546]
[null,null,"Yes","BNA1002","Mitteldeutsche Braunkohlengesellschaft mbH","Wählitz",null,"25.08.1994","Lignite",0.3856,26.97,35.680912863070546]
[null,null,"Yes","BNA0832","FairEnergie GmbH","BHKW-Hauffstraße","Motorenanlage","21.02.2011","CCGT",0.45739999999999997,8.5608000000000004,35.708045474420643]
[null,null,"Yes","BNA0842a","Stadtwerke Rosenheim GmbH & Co. KG","Gasmotore","Gasmotore 1-3","01.08.2011","CCGT",0.45739999999999997,8.5347000000000008,35.708045474420643]
[null,null,"Yes","BNA0144","swb Erzeugung AG & Co. KG","KW Hastedt","Block 15","01.03.2014","Coal",0.46,89.25,35.743739130434783]
[null,null,"Yes","BNA0413c","RWE Generation SE","Westfalen","E","02.07.2014","Coal",0.46,572.77500000000009,35.743739130434783]
[null,null,"Yes","BNA0518b","EnBW Energie Baden-Württemberg AG","Rheinhafen-Dampfkraftwerk","RDK 8","01.07.2014","Coal",0.46,625.5,35.743739130434783]
[null,null,"Yes","BNA1553","Gunvor Raffinerie Ingolstadt GmbH",null,null,"24.08.2012","CCGT",0.45600000000000002,20.271000000000001,35.813070175438597]
[null,null,"Yes","BNA1556","Sachsenmilch Leppersdorf GmbH",null,null,"09.05.2014","CCGT",0.45600000000000002,31.32,35.813070175438597]
[null,null,"Yes","BNA1557","Volkswagen Sachsen GmbH ",null,null,"13.02.2014","CCGT",0.45600000000000002,11.223000000000001,35.813070175438597]
[null,null,"Yes","BNA1671","Kronos Titan GmbH",null,null,"03.03.2014","CCGT",0.45600000000000002,14.877000000000001,35.813070175438597]
[null,null,"Yes","BNA1810","Exxon Mobil Production Deutschland GmbH",null,null,"31.07.2014","CCGT",0.45600000000000002,26.274000000000001,35.813070175438597]
[null,null,"Yes","BNA1911","DREWAG Stadtwerke Dresden GmbH","HKW Dresden-Nord","HKW Dresden-Nord","07.12.2018","CCGT",0.45600000000000002,10.005000000000001,35.813070175438597]
[null,null,"Yes","BNA1925","ENGIE Deutschland GmbH","HKW Lusan",null,"18.12.2018","CCGT",0.45600000000000002,15.051,35.813070175438597]
[null,null,"Yes","BNA1926","ENGIE Deutschland GmbH","HKW Tinz",null,"18.12.2018","CCGT",0.45600000000000002,19.183500000000002,35.813070175438597]
[null,null,"Yes","BNA1927","TEAG Thüringer Energie AG","GM","GM","04.12.2018","CCGT",0.45600000000000002,8.6999999999999993,35.813070175438597]
[null,null,"Yes","BNA1934","BMW AG","KWK Landshut","KWK Landshut","09.01.2019","CCGT",0.45600000000000002,15.312000000000001,35.813070175438597]
[null,null,"Yes","BNA1944","BMW AG","Dingolfing BA2","BA2","3/31/2019","CCGT",0.45600000000000002,11.744999999999999,35.813070175438597]
[null,null,"Yes","BNA1945","Stadtwerke Kiel AG","Küstenkraftwerk K.I.E.L.","BHKW Modul 1-20","11/28/2019","CCGT",0.45600000000000002,163.56,35.813070175438597]
[null,null,"Yes","BNA1946","BMW AG","Werk 1.1","KWK 1-3","10/1/2019","CCGT",0.45600000000000002,11.744999999999999,35.813070175438597]
[null,null,"Yes","BNA1947","BMW AG","Werk 1.5","KWK 1-4","10/1/2019","CCGT",0.45600000000000002,11.831999999999999,35.813070175438597]
[null,null,"Yes","BNA0122","Lausitz Energie Kraftwerke AG","Boxberg","N","01.01.1979","Lignite",0.38319999999999999,404.55,35.8937369519833]
[null,null,"Yes","BNA1400a","Südzucker AG, Werk Zeitz","EZ1","WSK","01.09.1993","Lignite",0.38319999999999999,20.271000000000001,35.8937369519833]
[null,null,"Yes","BNA0531","Energieservice Westfalen Weser GmbH","KW Kirchlengern",null,"16.01.1981","CCGT",0.45450000000000002,108.75,35.926314631463143]
[null,null,"Yes","BNA0216b","STEAG-EVN Walsum 10 Kraftwerksgesellsellschaft mbH","KW Walsum","Walsum 10","20.12.2013","Coal",0.45750000000000002,543.75,35.931956284153003]
[null,null,"Yes","BNA0450","Steag GmbH","KW Herne","Herne 4","25.07.1989","Coal",0.45750000000000002,336.75,35.931956284153003]
[null,null,"Yes","BNA1508","Trianel Kohlekraftwerk Lünen GmbH & Co. KG","Trianel Kohlekraftwerk Lünen",null,"01.01.2013","Coal",0.45750000000000002,551.25,35.931956284153003]
[null,null,"Yes","BNA0485","Hüttenwerke Krupp Mannesmann GmbH","Huckingen","A","17.01.1976","CCGT",0.45,263.61,36.270577777777781]
[null,null,"Yes","BNA0486","Hüttenwerke Krupp Mannesmann GmbH","Huckingen","B","27.03.1977","CCGT",0.45,263.61,36.270577777777781]
[null,null,"Yes","BNA0616b","BASF SE","Kraftwerk Nord","S 300\nVT 1, VT 2, NT 7","11.05.1964","CCGT",0.45,76.125,36.270577777777781]
[null,null,"Yes","BNA0683a","SWM Services GmbH","Süd DT1",1,"08.10.1980","CCGT",0.45,69.338999999999999,36.270577777777781]
[null,null,"Yes","BNA0683b","SWM Services GmbH","Süd GT3",1,"20.08.1980","CCGT",0.45,85.173000000000002,36.270577777777781]
[null,null,"Yes","BNA0683c","SWM Services GmbH","Süd GT2",1,"22.07.1980","CCGT",0.45,85.173000000000002,36.270577777777781]
[null,null,"Yes","BNA0800","Heizkraftwerk Pforzheim GmbH","Heizkraftwerk Pforzheim GmbH","Kombiblock/GuD","14.11.1980","CCGT",0.45,35.844000000000001,36.270577777777781]
[null,null,"Yes","BNA1093","ENGIE Deutschland AG","Zolling","Zolling Block 5","01.01.1985","Coal",0.45250000000000001,354,36.314629834254148]
[null,null,"Yes","BNA1141","Pfeifer & Langen GmbH & Co. KG","P&L Werk Euskirchen","Kessel 4 / 6","01.12.1991","Lignite",0.37840000000000001,12.615,36.327484143763222]
[null,null,"No","(optional)","Uniper Kraftwerke GmbH","Datteln ","Datteln 4",2020,"Coal",0.45,789,36.509155555555552]
[null,null,"Yes",null,"Nicht-EEG-Anlagen < 10 MW",null,null,null,"Lignite",0.376,19.343580000000003,36.548510638297877]
[null,null,"Yes","BNA0434","EnBW Energie Baden-Württemberg AG","Heizkraftwerk Heilbronn","HLB 7","01.12.1985","Coal",0.44750000000000001,583.5,36.70585474860335]
[null,null,"Yes","BNA0493","RWE Generation SE","Ibbenbüren","B","19.06.1985","Coal",0.44750000000000001,595.5,36.70585474860335]
[null,null,"Yes","BNA0523","Städtische Werke Energie + Wärme GmbH","FKK",null,"21.12.1989","Lignite",0.37359999999999999,29.145,36.772376873661678]
[null,null,"Yes","BNA1507","Michelin Reifenwerke AG & Co. KGaA \nStandort Bad Kreuznach",null,null,"2006","CCGT",0.442,9.3089999999999993,36.899909502262446]
[null,null,"Yes","BNA1866","Zweite Energieversorgungscenter Dresden-Wilschdorf GmbH & Co. KG",null,null,"01.04.2005","CCGT",0.442,29.492999999999999,36.899909502262446]
[null,null,"Yes","BNA0177","eins - energie in sachsen GmbH & Co. KG","HKW Chemnitz  Nord II","Block B","01.09.1988","Lignite",0.37119999999999997,49.415999999999997,36.99913793103449]
[null,null,"Yes","BNA0292","RWE Power AG","Frechen/Wachtberg","Frechen/Wachtberg","01.01.1959","Lignite",0.37119999999999997,153.12,36.99913793103449]
[null,null,"Yes","BNA0556b","Cargill Deutschland GmbH","KWK-Anlage Krefeld VM","Gasmotor (Dieselgenerator)","01.07.1999","CCGT",0.44059999999999999,12.18,37.012392192464823]
[null,null,"Yes","BNA0147","ENGIE Deutschland AG","Farge","Farge","01.01.1969","Coal",0.4425,262.5,37.105920903954804]
[null,null,"Yes","BNA0019","EnBW Energie Baden-Württemberg AG","Heizkraftwerk Altbach/Deizisau","ALT HKW 2 (DT Solobetrieb)","01.01.1997","Coal",0.44,252,37.309363636363642]
[null,null,"Yes","BNA0518a","EnBW Energie Baden-Württemberg AG","Rheinhafen-Dampfkraftwerk","RDK 7","21.06.1985","Coal",0.4375,387.75,37.515131428571429]
[null,null,"Yes","BNA0644","Grosskraftwerk Mannheim AG","GKM ","Block 6","26.12.2005","Coal",0.4375,191.25,37.515131428571429]
[null,null,"Yes","BNA0861b","Energie SaarLorLux AG","HKW Römerbrücke","Kohleanlage","01.07.1989","Coal",0.4375,37.5,37.515131428571429]
[null,null,"Yes","BNA0745","Uniper Kraftwerke GmbH ","Franken 1",2,"01.01.1976","CCGT",0.432,382.8,37.719351851851854]
[null,null,"Yes","BNA0464","Kraftwerk Mehrum GmbH","KWM","Block3","01.06.1979","Coal",0.4325,517.5,37.93380346820809]
[null,null,"Yes","BNA1528","Stadtwerke Kempen GmbH",null,null,"01.01.1990","CCGT",0.42799999999999999,11.484,38.057850467289718]
[null,null,"Yes","BNA1511a","Papierfabrik Schoellershammer H. A. Schoeller Söhne GmbH & Co KG","Kessel 4",null,"25.03.1983","Lignite",0.35920000000000002,8.0910000000000011,38.178396436525617]
[null,null,"Yes","BNA0602","RWE Generation SE","Emsland","C1","01.01.1974","CCGT",0.42299999999999999,100.92,38.489976359338065]
[null,null,"Yes","BNA0605","RWE Generation SE","Emsland","C2","01.01.1974","CCGT",0.42299999999999999,312.33,38.489976359338065]
[null,null,"Yes","BNA1863","Fresenius Medical Care Deutschland GmbH","Gasturbinen-HKW St. Wendel",null,"21.01.2014","OCGT",0.41639999999999999,16.965,38.576272814601346]
[null,null,"Yes","BNA1075a","Volkswagen AG","HKW Nord","Generator A","01.05.2000","Coal",0.42499999999999999,46.125,38.580282352941175]
[null,null,"Yes","BNA1075b","Volkswagen AG","HKW Nord","Generator B","01.05.2000","Coal",0.42499999999999999,46.125,38.580282352941175]
[null,null,"Yes","BNA0603","RWE Generation SE","Emsland","B1","01.01.1973","CCGT",0.41849999999999998,100.92,38.887718040621266]
[null,null,"Yes","BNA0604","RWE Generation SE","Emsland","B2","01.01.1973","CCGT",0.41849999999999998,312.33,38.887718040621266]
[null,null,"Yes","BNA0744","Uniper Kraftwerke GmbH ","Franken 1",1,"01.01.1973","CCGT",0.41849999999999998,333.21,38.887718040621266]
[null,null,"Yes","BNA1039","RWE Generation SE","Gersteinwerk","F1","01.01.1973","CCGT",0.41849999999999998,47.85,38.887718040621266]
[null,null,"Yes","BNA1040","RWE Generation SE","Gersteinwerk","G1","01.01.1973","CCGT",0.41849999999999998,47.85,38.887718040621266]
[null,null,"Yes","BNA1045","RWE Generation SE","Gersteinwerk","G2","01.01.1973","CCGT",0.41849999999999998,308.85000000000002,38.887718040621266]
[null,null,"Yes","BNA0497","Infraserv GmbH & Co. Höchst KG","ADS-Anlage",null,"01.11.2012","OCGT",0.41120000000000001,83.954999999999998,39.05145914396887]
[null,null,"Yes","BNA1437","Aluminium Oxid Stade GmbH","KWK AOS GmbH","GT 1/2","01.05.2012","OCGT",0.41120000000000001,26.726399999999998,39.05145914396887]
[null,null,"Yes","BNA1486","ROMONTA GmbH","Grubenheizkraftwerk",null,"01.07.1979","Lignite",0.34960000000000002,39.15,39.180091533180786]
[null,null,"Yes","BNA1488","KG Deutsche Gasrußwerke GmbH & Co.",null,null,"1984 / 1989","CCGT",0.41399999999999998,13.92,39.29410628019324]
[null,null,"Yes","BNA0510b","SWK Stadtwerke Kaiserslautern, Versorgungs-AG","HKW Karcherstr.",20,"26.11.1996","Coal",0.41499999999999998,10.050000000000001,39.478602409638555]
[null,null,"Yes","BNA1044","RWE Generation SE","Gersteinwerk","F2","1/1/1973","CCGT",0.41,308.85000000000002,39.66282926829269]
[null,null,"Yes","BNA0135","Braunschweiger Versorgungs-AG & Co. KG","HKW-Mitte","Block 12","15.07.1971","CCGT",0.40949999999999998,17.399999999999999,39.709426129426134]
[null,null,"Yes","BNA1085","Heizkraftwerk Würzburg GmbH","Heizkraftwerke an der Friedensbrücke","TSIII","01.01.1971","CCGT",0.40949999999999998,20.010000000000002,39.709426129426134]
[null,null,"Yes","BNA0849","EnBW Energie Baden-Württemberg AG","KNG Kraftwerk Rostock","Rostock","01.10.1994","Coal",0.41,385.5,39.944195121951225]
[null,null,"Yes","BNA0700","RWE Power AG","Neurath","E","22.02.1976","Lignite",0.34239999999999998,525.48,39.968224299065426]
[null,null,"Yes","BNA0660","Evonik Degussa GmbH","Kraftwerk I  ","Block 4 ","01.06.1971","Coal",0.40949999999999998,41.67,39.991379731379737]
[null,null,"Yes","BNA1868","Mainova AG","HKW West M5","M5","01.01.2018","CCGT",0.40479999999999999,33.669000000000004,40.153063241106722]
[null,null,"Yes","BNA1909","EnBW Energie Baden-Württemberg AG","HKW 3 Stuttgart-Gaisburg","HKW3","29.08.2018","CCGT",0.40479999999999999,25.361370000000001,40.153063241106722]
[null,null,"Yes","BNA0402","Wärme Hamburg GmbH","Tiefstack","Tiefstack","01.03.1993","Coal",0.40749999999999997,145.5,40.181276073619628]
[null,null,"Yes","BNA0403","Wärme Hamburg GmbH","Wedel","Wedel 2","23.07.1962","Coal",0.40749999999999997,92.25,40.181276073619628]
[null,null,"Yes","BNA0404","Wärme Hamburg GmbH","Wedel","Wedel 1","01.01.1961","Coal",0.40749999999999997,102.75,40.181276073619628]
[null,null,"Yes","BNA0646a","Grosskraftwerk Mannheim AG","GKM ","Block 8","05.04.1993","Coal",0.40749999999999997,326.25,40.181276073619628]
[null,null,"Yes","BNA0699","RWE Power AG","Neurath","D","24.06.1975","Lignite",0.34,528.09,40.238352941176473]
[null,null,"Yes","BNA1028","RWE Power AG","Weisweiler","H","18.01.1975","Lignite",0.34,570.72,40.238352941176473]
[null,null,"Yes","BNA0081","Vattenfall Wärme Berlin AG","Klingenberg","Klingenberg","13.08.1981","CCGT",0.4037,142.68,40.25838493931137]
[null,null,"Yes","BNA0361","KGW - Kraftwerk Grenzach-Wyhlen GmbH","Kraftwerk Grenzach-Wyhlen",null,"20.12.2017","CCGT",0.4037,26.1,40.25838493931137]
[null,null,"Yes","BNA1187","Pfeifer & Langen GmbH & Co. KG","P&L Werk Lage","Kessel 1/2/3","12.09.2017","CCGT",0.4037,8.8739999999999988,40.25838493931137]
[null,null,"Yes","BNA1873","BMW AG","KWK Dingolfing BA 1","KWK Dingolfing BA1","15.11.2017","CCGT",0.4037,13.92,40.25838493931137]
[null,null,"Yes","BNA1676","Evonik Degussa GmbH","Kraftwerk IV",1,"13.02.2016","CCGT",0.40260000000000001,52.861199999999997,40.364282165921509]
[null,null,"Yes","BNA1818","RheinEnergie AG","Niehl 3","Niehl 31","29.04.2016","CCGT",0.40260000000000001,400.113,40.364282165921509]
[null,null,"Yes","BNA1859","Ford-Werke GmbH","Ford Saarlouis",null,"2016","CCGT",0.40260000000000001,19.14,40.364282165921509]
[null,null,"Yes","BNA1862","BMW AG","Regensburg",null,"20.08.2016","CCGT",0.40260000000000001,2.3054999999999999,40.364282165921509]
[null,null,"Yes","BNA1904","Stadtwerke Flensburg GmbH","K5/T7",null,"01.10.2016","CCGT",0.40260000000000001,25.23,40.364282165921509]
[null,null,"Yes","BNA0377","Uniper Kraftwerke GmbH ","Staudinger",5,"01.01.1992","Coal",0.40500000000000003,382.5,40.42128395061728]
[null,null,"Yes","BNA1405a","Fernwärme Ulm GmbH","Heizkraftwerk Magirusstraße",null,"17.11.1992","Coal",0.40500000000000003,15.524999999999999,40.42128395061728]
[null,null,"Yes","BNA1027","RWE Power AG","Weisweiler","G","14.02.1974","Lignite",0.33760000000000001,576.80999999999995,40.512322274881519]
[null,null,"Yes","BNA0239","Uniper Kraftwerke GmbH ","Huntorf",null,"01.01.1978","OCGT",0.39560000000000001,279.27,40.551971688574319]
[null,null,"Yes","BNA1023","RWE Power AG","Weisweiler","G_VGT","04.08.2006","OCGT",0.39560000000000001,174,40.551971688574319]
[null,null,"Yes","BNA1024","RWE Power AG","Weisweiler","H_VGT","19.12.2006","OCGT",0.39560000000000001,174,40.551971688574319]
[null,null,"Yes","BNA1248b","UPM GmbH","HKW3 UPM Schongau","HKW 3","20.12.2014","CCGT",0.40039999999999998,66.12,40.577822177822185]
[null,null,"Yes","BNA1292b","Sales & Solutions GmbH","IHKW Heidenheim","BHKW-Anlage","06.11.2014","CCGT",0.40039999999999998,16.442999999999998,40.577822177822185]
[null,null,"Yes","BNA1677","Volkswagen AG","BHKW Braunschweig",null,"27.07.2014","CCGT",0.40039999999999998,9.048,40.577822177822185]
[null,null,"Yes","BNA1678","Flughafen München GmbH","Energiezentrale 2016",null,"09.12.2014","CCGT",0.40039999999999998,14.616,40.577822177822185]
[null,null,"Yes","BNA0863","Salzgitter Flachstahl GmbH","Kraftwerk Salzgitter","AB","01.07.1939","CCGT",0.4,82.215000000000003,40.616899999999994]
[null,null,"Yes","BNA1458",null,null,null,"15.01.1976","CCGT",0.4,24.316499999999998,40.616899999999994]
[null,null,"Yes","BNA1463","Smurfit Kappa Herzberger Papierfabrik GmbH",null,null,"01.01.1978","CCGT",0.4,16.965,40.616899999999994]
[null,null,"Yes","BNA0969b","SWM Services GmbH","Nord 2",2,"15.12.1991","Coal",0.40250000000000002,249.52499999999998,40.664273291925468]
[null,null,"Yes","BNA0111","Stadtwerke Bochum Holding GmbH","HKW Hiltrop",null,"01.12.2013","CCGT",0.39929999999999999,38.28,40.685474580515901]
[null,null,"Yes","BNA0117b","Energie- und Wasserversorgung Bonn/Rhein-Sieg GmbH","Heizkraftwerk Karlstraße","Heizkraftwerk Karlstraße","01.11.2013","CCGT",0.39929999999999999,82.65,40.685474580515901]
[null,null,"Yes","BNA0804","K+S AG","Hattorf","Hattorf","01.01.2013","CCGT",0.39929999999999999,45.24,40.685474580515901]
[null,null,"Yes","BNA1260","Daimler AG","Heizkraftwerk Sindelfingen","Sammelschienen-HKW","21.11.2013","CCGT",0.39929999999999999,82.65,40.685474580515901]
[null,null,"Yes","BNA1504","Daimler AG","BHKW",null,"20.02.2013","CCGT",0.39929999999999999,11.344799999999999,40.685474580515901]
[null,null,"Yes","BNA1531","Industriekraftwerk Greifswald GmbH","Industriekraftwerk Greifswald",null,"01.12.2013","CCGT",0.39929999999999999,33.06,40.685474580515901]
[null,null,"Yes","BNA1541","Freiberger Erdgas GmbH","HKW Freiberg",null,"25.09.2013","CCGT",0.39929999999999999,11.64321,40.685474580515901]
[null,null,"Yes","BNA1464","ZF Friedrichshafen AG","Gas- u. Dampfturbinenanlage Südraum",null,"01.04.2012","CCGT",0.3982,33.590699999999998,40.793721747865398]
[null,null,"Yes","BNA1492a","Papierfabrik Adolf Jass GmbH & Co. KG","Kraftwerk 3",null,"01.09.2012","CCGT",0.3982,22.794,40.793721747865398]
[null,null,"Yes","BNA1503","Daimler AG","BHKW H.120",null,"31.10.2012","CCGT",0.3982,18.357000000000003,40.793721747865398]
[null,null,"Yes","BNA1861","BMW AG","Regensburg",null,"29.10.2012","CCGT",0.3982,9.2219999999999995,40.793721747865398]
[null,null,"Yes","BNA1502","SWK ENERGIE GmbH","Heizkraftwerk Krefeld",null,"01.03.2011","CCGT",0.39710000000000001,10.962,40.902568622513222]
[null,null,"Yes","BNA0085a","Vattenfall Wärme Berlin AG","Moabit","Moabit A","24.11.1989","Coal",0.4,66.75,40.910299999999999]
[null,null,"Yes","BNA0758","Energieversorgung Offenbach AG","Heizkraftwerk Offenbach",null,"15.02.1990","Coal",0.4,40.5,40.910299999999999]
[null,null,"Yes","BNA0801","Heizkraftwerk Pforzheim GmbH","Heizkraftwerk Pforzheim GmbH","Wirbelschichtblock","18.01.1990","Coal",0.4,20.174999999999997,40.910299999999999]
[null,null,"Yes","BNA0194","Fernwärmeversorgungs-GmbH Dessau","Kraftwerk Dessau",null,"01.01.1996","CCGT",0.39600000000000002,33.93,41.012020202020203]
[null,null,"Yes","BNA0238b","ArcelorMittal Eisenhüttenstadt GmbH","IKW","Block 7","2013","CCGT",0.39600000000000002,48.72,41.012020202020203]
[null,null,"Yes","BNA0864","Salzgitter Flachstahl GmbH","Kraftwerk Salzgitter","Block 1","15.06.2010","CCGT",0.39600000000000002,84.39,41.012020202020203]
[null,null,"Yes","BNA0865b","Salzgitter Flachstahl GmbH","Kraftwerk Salzgitter","Block 2","15.08.2010","CCGT",0.39600000000000002,84.39,41.012020202020203]
[null,null,"Yes","BNA1115","Aktien-Gesellschaft der Dillinger Hüttenwerke, ROGESA Roheisengesellschaft Saar mbH und Zentralkokerei Saar GmbH, als Bruchteilsgemeinschaft","Gichtgaskraftwerk Dillingen",null,"20.10.2010","CCGT",0.39600000000000002,73.95,41.012020202020203]
[null,null,"Yes","BNA1182","RheinEnergie AG","HKW Merkenich","Block 4","12.10.2010","CCGT",0.39600000000000002,13.484999999999999,41.012020202020203]
[null,null,"Yes","BNA1935","Vattenfall Wärme Berlin AG","Lichterfelde",null,"4/11/2019","CCGT",0.39600000000000002,251.43,41.012020202020203]
[null,null,"Yes","BNA1937","Mainova AG","Dampfturbine 5","DT 5","2018-01-01","CCGT",0.39600000000000002,33.669000000000004,41.012020202020203]
[null,null,"Yes","BNA0696","RWE Power AG","Neurath","A","14.10.1972","Lignite",0.33279999999999998,255.78,41.072115384615401]
[null,null,"Yes","BNA0697","RWE Power AG","Neurath","B","30.06.1972","Lignite",0.33279999999999998,255.78,41.072115384615401]
[null,null,"Yes","BNA0033","Stadtwerke Augsburg Energie GmbH","Gasturbine","GT","15.01.2004","OCGT",0.39040000000000002,26.709,41.078790983606552]
[null,null,"Yes","BNA0290","Mainova AG","HKW West","Block 3","01.01.1989","Coal",0.39750000000000002,46.125,41.159421383647796]
[null,null,"Yes","BNA0420","enercity AG","GKH","Block1","26.01.1989","Coal",0.39750000000000002,102,41.159421383647796]
[null,null,"Yes","BNA0421","enercity AG","GKH","Block2","21.06.1989","Coal",0.39750000000000002,102,41.159421383647796]
[null,null,"Yes","BNA0999","Steag GmbH","Heizkraftwerk","HKV","30.11.1989","Coal",0.39750000000000002,158.25,41.159421383647796]
[null,null,"Yes","BNA1196a","MVV Energie AG","BHKW Ludwigshafen","BHKW ","12.06.2008","CCGT",0.39379999999999998,10.875,41.232757745048254]
[null,null,"Yes","BNA0243","Palm Power GmbH & Co. KG","HKW Eltmann",null,"28.12.2007","CCGT",0.39269999999999999,49.589999999999996,41.34405398523046]
[null,null,"Yes","BNA1078","Palm Power GmbH & Co. KG","HKW Wörth",null,"30.11.2007","CCGT",0.39269999999999999,51.33,41.34405398523046]
[null,null,"Yes","BNA0087","Vattenfall Wärme Berlin AG","Reuter West","Reuter West E","04.08.1988","Coal",0.39500000000000002,211.5,41.411696202531644]
[null,null,"Yes","BNA0216a","Steag GmbH","KW Walsum","Walsum 9","01.06.1988","Coal",0.39500000000000002,277.5,41.411696202531644]
[null,null,"Yes","BNA0289b","Mainova AG","HKW West","Block 2","01.01.1988","Coal",0.39500000000000002,46.125,41.411696202531644]
[null,null,"Yes","BNA1056","InfraServ GmbH & Co. Wiesbaden KG","Wi-Biebrich","Block 1","26.06.2006","CCGT",0.3916,21.76305,41.455975485188972]
[null,null,"Yes","BNA0392a","EVH GmbH","HKW Halle Trotha","Block A und B","27.08.2005","CCGT",0.39050000000000001,84.39,41.56852752880922]
[null,null,"Yes","BNA0527","Stadtwerke Kiel AG","HKW Humboldtstr.",null,"27.04.2005","CCGT",0.39050000000000001,18.704999999999998,41.56852752880922]
[null,null,"Yes","BNA1121","RÜTGERS Germany GmbH","Energiezentrale","Energiecenter","09.01.2005","CCGT",0.39050000000000001,0.76559999999999995,41.56852752880922]
[null,null,"Yes","BNA0086","Vattenfall Wärme Berlin AG","Reuter West","Reuter West D","14.12.1987","Coal",0.39250000000000002,211.5,41.667184713375789]
[null,null,"Yes","BNA0793","Uniper Kraftwerke GmbH ","Heyden",4,"01.01.1987","Coal",0.39250000000000002,656.25,41.667184713375789]
[null,null,"Yes","BNA0202","RWE Generation SE","Dortmund","KDO","22.03.2004","CCGT",0.38940000000000002,22.62,41.681715459681563]
[null,null,"Yes","BNA0285","Mainova AG","HKW Niederrad","Block 1","01.01.2004","CCGT",0.38940000000000002,60.9,41.681715459681563]
[null,null,"Yes","BNA1327b","Terminal 2 Gesellschaft mbH & Co oHG","Erweiterung Energiezentrale 2003","AGG8 - AGG9","2003","CCGT",0.38829999999999998,6.4728000000000003,41.79554468194695]
[null,null,"Yes","BNA0174","InfraServ GmbH & Co. Gendorf KG","Industriepark Werk Gendorf",null,"19.07.2002","CCGT",0.38719999999999999,63.596999999999994,41.910020661157027]
[null,null,"Yes","BNA0213","Stadtwerke Duisburg AG","HKW III/A","HKW III/A","01.01.2002","CCGT",0.38719999999999999,34.799999999999997,41.910020661157027]
[null,null,"Yes","BNA1165","Pfeifer & Langen GmbH & Co. KG","P&L Werk Appeldorn","Lentjes-Kessel","23.09.2002","CCGT",0.38719999999999999,9.918000000000001,41.910020661157027]
[null,null,"Yes","BNA1151","innogy SE","KWKK Heidelberg",null,"21.12.2001","CCGT",0.3861,11.744999999999999,42.025148925148926]
[null,null,"Yes","BNA1193","Stadtwerke Lemgo GmbH","HKW-West",null,"01.10.2001","CCGT",0.3861,10.962,42.025148925148926]
[null,null,"Yes","BNA1315","Universitätsklinikum Freiburg AdöR","HKW","HKW","01.01.2001","CCGT",0.3861,23.49,42.025148925148926]
[null,null,"Yes","BNA1328","HBB Heizkraftwerk Bauernfeind Betreibergesellschaft mbh","HBB","GUD","01.02.2001","CCGT",0.3861,20.88,42.025148925148926]
[null,null,"Yes","BNA0598a","InfraLeuna GmbH","ILK-EKT","EKT","14.02.2000","CCGT",0.38500000000000001,12.18,42.140935064935064]
[null,null,"Yes","BNA0957","Stadtwerke Tübingen GmbH","BHKW Obere Viehweide"," -","18.04.2000","CCGT",0.38500000000000001,11.657999999999999,42.140935064935064]
[null,null,"Yes","BNA1138","Stadtwerke Erkrath GmbH","BHKW an Klinkerweg","Module 1, 2 und 3","01.04.2000","CCGT",0.38500000000000001,8.8739999999999988,42.140935064935064]
[null,null,"Yes","BNA1238","Molkerei MEGGLE Wasserburg GmbH & Co. KG","Kraftwerk Meggle",null,"01.06.2000","CCGT",0.38500000000000001,13.137,42.140935064935064]
[null,null,"Yes","BNA0074","Vattenfall Wärme Berlin AG","Charlottenburg","Charlottenburg","01.01.1975","OCGT",0.38,125.28,42.175684210526313]
[null,null,"Yes","BNA0336","Uniper Kraftwerke GmbH ","FWK Buer",null,"01.01.1985","Coal",0.38750000000000001,52.5,42.188051612903223]
[null,null,"Yes","BNA1076a","Volkswagen AG","HKW West","Block 1","01.11.1985","Coal",0.38750000000000001,103.875,42.188051612903223]
[null,null,"Yes","BNA1076b","Volkswagen AG","HKW West","Block 2","01.11.1985","Coal",0.38750000000000001,103.875,42.188051612903223]
[null,null,"Yes","BNA0705","RWE Power AG","Niederaußem","D","31.05.1968","Lignite",0.32319999999999999,258.39,42.241584158415847]
[null,null,"Yes","BNA0556a","Cargill Deutschland GmbH","KWK-Anlage Krefeld DT","Dampfturbine","01.07.1999","CCGT",0.38390000000000002,22.446000000000002,42.257384735608234]
[null,null,"Yes","BNA1117","Pirelli Deutschland GmbH","Industriekraftwerk Breuberg",null,"01.08.1999","CCGT",0.38390000000000002,9.918000000000001,42.257384735608234]
[null,null,"Yes","BNA1403","Neptune Energy Deutschland GmbH","Steinitz","GUD","01.01.1999","CCGT",0.38390000000000002,9.918000000000001,42.257384735608234]
[null,null,"Yes","BNA0354","Georg-August-Universität Göttingen Stiftung Öffentlichen Rechts","HKW Göttingen",null,"01.01.1998","CCGT",0.38279999999999997,16.356000000000002,42.374503657262281]
[null,null,"Yes","BNA1396","Energieversorgungscenter Dresden-Wilschdorf GmbH & Co. KG","EVC / GLOBALFOUNDRIES","EVC I","01.10.1998","CCGT",0.38279999999999997,29.840999999999998,42.374503657262281]
[null,null,"Yes","BNA0936","EnBW Energie Baden-Württemberg AG","Restmüll-Heizkraftwerk Stuttgart-Münster","MÜN DT15","01.01.1984","Coal",0.38500000000000001,33.75,42.453558441558442]
[null,null,"Yes","BNA1125","Merck KGaA","Heizkraftwerk","GT","20.12.1999","OCGT",0.37740000000000001,8.6999999999999993,42.459353471118177]
[null,null,"Yes","BNA0129","StWB Stadtwerke Brandenburg an der Havel GmbH & Co. KG","HKW",null,"1997","CCGT",0.38169999999999998,31.32,42.492297615928749]
[null,null,"Yes","BNA1074","envia THERM GmbH","Spitzenlastkraftwerk Wolfen",null,"25.03.1997","CCGT",0.38169999999999998,34.799999999999997,42.492297615928749]
[null,null,"Yes","BNA1407","Schoeller Technocell GmbH & Co. KG","STW",null,"14.05.1997","CCGT",0.38169999999999998,16.2864,42.492297615928749]
[null,null,"Yes","BNA1026","RWE Power AG","Weisweiler","F","04.09.1967","Lignite",0.32079999999999997,279.27,42.544887780548642]
[null,null,"Yes","BNA0814","Energie und Wasser Potsdam GmbH","HKW Potsdam-Süd","Gesamtanlage","01.01.1996","CCGT",0.38059999999999999,71.165999999999997,42.610772464529688]
[null,null,"Yes","BNA1089","K+S AG","Zielitz","Zielitz","01.01.1996","CCGT",0.38059999999999999,23.49,42.610772464529688]
[null,null,"Yes","BNA1094","Smurfit Kappa Zülpich Papier GmbH","Gaskraftwerk","GKW","01.04.1996","CCGT",0.38059999999999999,13.137,42.610772464529688]
[null,null,"Yes","BNA1402","Delkeskamp Verpackungswerke GmbH","Heizkraftwerk zur Papierfabrik",null,"24.01.1996","CCGT",0.38059999999999999,15.747000000000002,42.610772464529688]
[null,null,"Yes","BNA1509","BP Europa SE","BP Werk Lingen",null,"01.01.1996","CCGT",0.38059999999999999,57.42,42.610772464529688]
[null,null,"Yes","BNA1264","Stadtwerke Suhl/Zella-Mehlis GmbH","HKW Bohrhügel",null,"02.12.1995","CCGT",0.3795,11.744999999999999,42.729934123847173]
[null,null,"Yes","BNA1271","K+S AG","Unterbreizbach","Unterbreizbach","01.01.1995","CCGT",0.3795,17.399999999999999,42.729934123847173]
[null,null,"Yes","BNA1293c","Martinswerk GmbH","Kraftwerk","K3+4/TG4","01.02.1995","CCGT",0.3795,2.61,42.729934123847173]
[null,null,"Yes","BNA1332","INEOS Solvents Germany GmbH","INEOS Kraftwerk","TG7/8","1995","CCGT",0.3795,20.88,42.729934123847173]
[null,null,"Yes","BNA0051","Cargill Deutschland GmbH","KWK-Anlage Barby","-","01.05.1994","CCGT",0.37840000000000001,15.486000000000001,42.849788583509508]
[null,null,"Yes","BNA0286","Mainova AG","HKW West","Block 4","01.01.1994","CCGT",0.37840000000000001,86.13,42.849788583509508]
[null,null,"Yes","BNA0386","Mohn Media Mohndruck GmbH","Energiezentrum Mohn Media",null,"28.03.1994","CCGT",0.37840000000000001,21.75,42.849788583509508]
[null,null,"Yes","BNA0896","Energieversorgung Schwerin GmbH & Co. Erzeugung KG","HKW Schwerin Süd",null,"01.12.1994","CCGT",0.37840000000000001,39.062999999999995,42.849788583509508]
[null,null,"Yes","BNA0897","Energieversorgung Schwerin GmbH & Co. Erzeugung KG","HKW Schwerin Lankow",null,"01.12.1994","CCGT",0.37840000000000001,20.010000000000002,42.849788583509508]
[null,null,"Yes","BNA1105","TEAG Thüringer Energie AG","HKW Bad Salzungen","HKW Bad Salzungen","01.10.1994","CCGT",0.37840000000000001,8.4390000000000001,42.849788583509508]
[null,null,"Yes","BNA1489","Stadtwerke - Altmärkische Gas-, Wasser- u. E-Werke Stendal GmbH","Heizkraftwerk Stendal",null,"04.10.1994","CCGT",0.37840000000000001,11.484,42.849788583509508]
[null,null,"Yes","BNA0025","Suiker Unie GmbH & Co. KG","Kesselhaus Zuckerfabrik",null,"26.09.1993","CCGT",0.37730000000000002,13.137,42.97034190299496]
[null,null,"Yes","BNA0233","Stora Enso Sachsen GmbH","Kombikraftwerk",null,"01.09.1993","CCGT",0.37730000000000002,40.542000000000002,42.97034190299496]
[null,null,"Yes","BNA0401","ADM Hamburg Aktiengesellschaft","Heizkraftwerk","HKW","01.07.1993","CCGT",0.37730000000000002,19.574999999999999,42.97034190299496]
[null,null,"Yes","BNA1400b","Südzucker AG, Werk Zeitz","EZ1","DTI","01.09.1993","CCGT",0.37730000000000002,20.271000000000001,42.97034190299496]
[null,null,"Yes","BNA1505","Opel Automobile GmbH","HKW Wiesengrund",null,"12.10.1993","CCGT",0.37730000000000002,19.227,42.97034190299496]
[null,null,"Yes","BNA0261b","Erlanger Stadtwerke AG","HKW Erlangen","K6 DT2","04.03.1982","Coal",0.38,13.049999999999999,42.995052631578943]
[null,null,"Yes","BNA0645","Grosskraftwerk Mannheim AG","GKM ","Block 7","01.11.1982","Coal",0.38,318.75,42.995052631578943]
[null,null,"Yes","BNA0935","EnBW Energie Baden-Württemberg AG","Restmüll-Heizkraftwerk Stuttgart-Münster","MÜN DT12","01.01.1982","Coal",0.38,33.75,42.995052631578943]
[null,null,"Yes","BNA0998","Steag GmbH","Modellkraftwerk","MKV","15.08.1982","Coal",0.38,134.25,42.995052631578943]
[null,null,"Yes","BNA0015","EnBW Energie Baden-Württemberg AG","Heizkraftwerk Altbach/Deizisau","ALT GT E (solo)","01.01.1997","OCGT",0.37219999999999998,56.55,43.03858140784525]
[null,null,"Yes","BNA1406","FS-Karton GmbH","FS-Karton",null,"1992","CCGT",0.37619999999999998,16.42473,43.09160021265285]
[null,null,"Yes","BNA0712","RWE Power AG","Niederaußem","C","27.06.1965","Lignite",0.316,256.64999999999998,43.165316455696214]
[null,null,"Yes","BNA1025","RWE Power AG","Weisweiler","E","02.12.1965","Lignite",0.316,279.27,43.165316455696214]
[null,null,"Yes","BNA1284","Grace GmbH","Co-Generation","-","27.08.1991","CCGT",0.37509999999999999,10.005000000000001,43.213569714742739]
[null,null,"Yes","BNA0067","STEAG GmbH","Bergkamen","A","02.07.1981","Coal",0.3775,537.75,43.271178807947024]
[null,null,"Yes","BNA0156b","Egger Holzwerkstoffe Brilon GmbH & Co. KG","Egger Kraftwerk Brilon","Gasturbinen - KWK - Anlage","01.05.1996","OCGT",0.36959999999999998,11.744999999999999,43.33430735930736]
[null,null,"Yes","BNA0360","Stadtwerke Greifswald GmbH","HKW \"Helmshäger Berg\"","Gasturbine","01.01.1996","OCGT",0.36959999999999998,12.789,43.33430735930736]
[null,null,"Yes","BNA1523c","Moritz J. Weig GmbH & Co KG","Gemeinschaftskraftwerk Weig","Block 3 (Kessel 3 und 4, DT 2 und 3 anteilig)","01.01.1992","CCGT",0.374,8.9610000000000003,43.336256684491978]
[null,null,"Yes","BNA0510a","SWK Stadtwerke Kaiserslautern, Versorgungs-AG","HKW Karcherstr.",10,"18.09.1989","CCGT",0.37290000000000001,10.092000000000001,43.459667471171898]
[null,null,"Yes","BNA1335a","Papier- u. Kartonfabrik Varel GmbH & Co. KG","PKV Kraftwerk","KWK-Blöcke","1989","CCGT",0.37290000000000001,50.547000000000004,43.459667471171898]
[null,null,"Yes","BNA1097","Smurfit Kappa Zülpich Papier GmbH","Kohlekraftwerk","K06","30.06.1964","Lignite",0.31359999999999999,16.965,43.482653061224497]
[null,null,"Yes","BNA1451","Venator Germany GmbH","HKW Sachtleben",null,"30.06.1964","Lignite",0.31359999999999999,23.925000000000001,43.482653061224497]
[null,null,"Yes","BNA1467","Koehler SE",null,null,"01.12.1986","Coal",0.375,13.875,43.550986666666667]
[null,null,"Yes",null,"Nicht-EEG-Anlagen < 10 MW",null,null,null,"Coal",0.375,14.8065,43.550986666666667]
[null,null,"Yes","BNA0521","Städtische Werke Energie + Wärme GmbH","Kombi-HKW",null,"18.07.1988","CCGT",0.37180000000000002,42.029699999999998,43.583808499193111]
[null,null,"Yes","BNA1333a","Universität Stuttgart","HKW Pfaffenwald","Anlage 40","01.07.1988","CCGT",0.37180000000000002,10.597470000000001,43.583808499193111]
[null,null,"Yes","BNA1444d","Prinovis GmbH & Co. KG","GT4 ",null,"01.01.1995","OCGT",0.36699999999999999,4.4369999999999994,43.634223433242511]
[null,null,"Yes","BNA0146","swb Erzeugung AG & Co. KG","KW Hafen","Block 6","01.12.1979","Coal",0.3725,227.25,43.834550335570469]
[null,null,"Yes","BNA1444c","Prinovis GmbH & Co. KG","GT3 ",null,"01.01.1994","OCGT",0.3644,4.4369999999999994,43.938419319429201]
[null,null,"Yes","BNA0515","Stadtwerke Karlsruhe GmbH","Heizkraftwerk West","T3","01.01.1984","CCGT",0.3674,32.19,44.087806205770278]
[null,null,"Yes","BNA1444a","Prinovis GmbH & Co. KG","GT1 ",null,"01.01.1993","OCGT",0.36180000000000001,3.6539999999999999,44.246987285793253]
[null,null,"Yes","BNA1444b","Prinovis GmbH & Co. KG","GT2 ",null,"01.01.1993","OCGT",0.36180000000000001,3.6539999999999999,44.246987285793253]
[null,null,"Yes","BNA1492b","Papierfabrik Adolf Jass GmbH & Co. KG","Kraftwerk 2",null,"30.03.1982","CCGT",0.36520000000000002,6.5076000000000001,44.344359255202633]
[null,null,"Yes","BNA0600a","Currenta GmbH & Co. OHG","X-Kraftwerk",null,"01.01.1981","CCGT",0.36409999999999998,21.75,44.47379840703104]
[null,null,"Yes","BNA0614a","BASF SE","KW Mitte","GT 1","29.02.1992","OCGT",0.35920000000000002,40.89,44.560022271714928]
[null,null,"Yes","BNA1249","UPM GmbH","UPM Schongau","Heizkraftwerk 2","21.01.1989","CCGT",0.36299999999999999,5.22,44.604022038567493]
[null,null,"Yes","BNA1658","Stadtwerke Lemgo GmbH","HKW-Mitte",null,"01.04.1980","CCGT",0.36299999999999999,8.786999999999999,44.604022038567493]
[null,null,"Yes","BNA1061","Uniper Kraftwerke GmbH ","Wilhelmshaven",1,"01.01.1976","Coal",0.36499999999999999,567.75,44.708547945205481]
[null,null,"Yes","BNA0172b","Wacker Chemie AG","Burghausen 01 - DT",null,"14.05.1979","CCGT",0.3619,43.5,44.735037303122411]
[null,null,"Yes","BNA1408","Evonik Degussa GmbH","Heizkraftwerk Evonik Rheinfelden",null,"13.08.1979","CCGT",0.3619,13.6416,44.735037303122411]
[null,null,"Yes","BNA1120","RÜTGERS Germany GmbH","Energiezentrale","Gasturbine","01.06.1991","OCGT",0.35659999999999997,8.8739999999999988,44.877621985417839]
[null,null,"Yes","BNA0232c","Sappi Ehingen GmbH","Werkskraftwerk Sappi Ehingen",null,"07.07.1977","CCGT",0.35970000000000002,3.48,44.999471782040587]
[null,null,"Yes","BNA0098","Stadtwerke Bielefeld GmbH","HKW Schildescher Straße",null,"5/20/1977","CCGT",0.35970000000000002,20.010000000000002,44.999471782040587]
[null,null,"Yes","BNA1104","Stadtwerke Augsburg Energie GmbH","Heizkraftwerk","T2","15.12.1976","CCGT",0.35859999999999997,17.747999999999998,45.132905744562194]
[null,null,"Yes",null,"Nicht-EEG-Anlagen < 10 MW",null,null,null,"OCGT",0.35399999999999998,3105.5751862433272,45.199887005649721]
[null,null,"Yes","BNA1285","K+S AG","Sigmundshall","Sigmundshall","01.01.1974","CCGT",0.35639999999999999,9.57,45.402244668911337]
[null,null,"Yes","BNA0834","Solvay Chemicals GmbH","Solvay Kraftwerk Rheinberg",null,"1975","Coal",0.35749999999999998,59.25,45.619216783216785]
[null,null,"Yes","BNA1821","Bayer AG","Energieversogung Wedding",null,"25.05.1972","CCGT",0.35420000000000001,13.05,45.674929418407679]
[null,null,"Yes","BNA0752","Energieversorgung Oberhausen AG","HKW 1","HKW 1","20.01.1971","CCGT",0.35310000000000002,20.097000000000001,45.812546020957235]
[null,null,"Yes","BNA0142","ArcelorMittal Bremen GmbH","KW Mittelsbüren","Block 4","1975","CCGT",0.35199999999999998,139.19999999999999,45.951022727272729]
[null,null,"Yes","BNA0396","ThyssenKrupp Steel Europe AG","Duisburg Hamborn 4","Block 4","01.01.1976","CCGT",0.35199999999999998,87.87,45.951022727272729]
[null,null,"Yes","BNA1333b","Universität Stuttgart","HKW Pfaffenwald","Block 50","01.07.1969","CCGT",0.35089999999999999,9.8637990000000002,46.09036762610431]
[null,null,"Yes","BNA1524","Sales & Solutions GmbH","Heizkraftwerk Bomlitz",null,"01.06.1969","CCGT",0.35089999999999999,11.092499999999999,46.09036762610431]
[null,null,"Yes","BNA1333c","Universität Stuttgart","HKW Pfaffenwald","Block 60","01.07.1968","CCGT",0.3498,10.108356000000001,46.2305889079474]
[null,null,"Yes","BNA1335b","Papier- u. Kartonfabrik Varel GmbH & Co. KG","PKV Kraftwerk","Kondensationsturbine","1968","CCGT",0.3498,0.41759999999999997,46.2305889079474]
[null,null,"Yes","BNA0557b","Currenta GmbH & Co. OHG","Kraftwerk N 230",null,"01.01.1971","Coal",0.35249999999999998,82.5,46.247858156028371]
[null,null,"Yes","BNA0926b","Sappi Stockstadt GmbH","Heizkraftwerk der Sappi Stockstadt GmbH","Konventionelles Sammelschienenkraftwerk Turbine 7","01.01.1970","Coal",0.35,18.592500000000001,46.568914285714285]
[null,null,"Yes","BNA0331","Uniper Kraftwerke GmbH ","Scholven","C","01.01.1969","Coal",0.34749999999999998,258.75,46.894589928057556]
[null,null,"Yes","BNA0332","Uniper Kraftwerke GmbH ","Scholven","B","01.01.1968","Coal",0.34499999999999997,258.75,47.22498550724638]
[null,null,"Yes","BNA1516","Südzucker AG Mannheim","HKW 1 Werk Offstein",null,"01.08.1961","CCGT",0.34210000000000002,26.1,47.237386729026596]
[null,null,"Yes","BNA1046b","RWE Generation SE","Gersteinwerk","K1 ","01.06.1984","OCGT",0.33839999999999998,97.44,47.237470449172584]
[null,null,"Yes","BNA0218","ThyssenKrupp Steel Europe AG","Duisburg Ruhrort 3","Block 3","01.01.1963","CCGT",0.34100000000000003,82.65,47.384926686217007]
[null,null,"Yes","BNA0219","ThyssenKrupp Steel Europe AG","Duisburg Ruhrort 4","Block 4","01.01.1968","CCGT",0.34100000000000003,147.9,47.384926686217007]
[null,null,"Yes","BNA1870","Orion Engineered Carbons GmbH","Werk Kalscheuren",null,"01.01.1967","CCGT",0.34100000000000003,23.055,47.384926686217007]
[null,null,"Yes","BNA1938","Papierfabrik Palm GmbH & Co. KG","KWK-Anlage Neukochen","Neukochen 10","1/1/1960","CCGT",0.34100000000000003,13.05,47.384926686217007]
[null,null,"Yes","BNA0217","ThyssenKrupp Steel Europe AG","Duisburg Ruhrort 2","Block 2","01.01.1955","CCGT",0.33,52.2,48.914424242424239]
[null,null,"Yes","BNA0238a","ArcelorMittal Eisenhüttenstadt GmbH","IKW",null,"01.01.1954","CCGT",0.33,39.15,48.914424242424239]
[null,null,"Yes","BNA0395","ThyssenKrupp Steel Europe AG","Duisburg Hamborn 3","Block 3","01.01.1958","CCGT",0.33,51.33,48.914424242424239]
[null,null,"Yes","BNA1399","OXEA Produktion GmbH & Co.KG","Oxea GmbH",null,"01.01.1929","CCGT",0.33,33.06,48.914424242424239]
[null,null,"Yes","BNA1336","Henkel AG & Co. KGaA","Holthausen",null,"01.01.1948","CCGT",0.32779999999999998,73.08,49.232641854789506]
[null,null,"Yes","BNA0600b","Currenta GmbH & Co. OHG","G-Kraftwerk",null,"01.01.1962","Coal",0.33,77.25,49.312484848484843]
[null,null,"Yes","BNA0012b","Sappi Alfeld GmbH","Werkskraftwerk Sappi Alfeld","Gaskraftwerk","1947","CCGT",0.32669999999999999,9.57,49.393357820630548]
[null,null,"Yes","BNA1131","Metsä Tissue GmbH (Werk Düren)","MT, Düren",null,"01.01.1940","CCGT",0.31900000000000001,12.18,50.549404388714741]
[null,null,"Yes","BNA0018","EnBW Energie Baden-Württemberg AG","Heizkraftwerk Altbach/Deizisau","ALT GT C","01.01.1975","OCGT",0.315,70.47,50.672253968253969]
[null,null,"Yes","BNA0221a","Stadtwerke Düsseldorf AG","GT","Block E GTE2","21.02.1975","OCGT",0.315,56.289000000000001,50.672253968253969]
[null,null,"Yes","BNA0221b","Stadtwerke Düsseldorf AG","GT","Block E GTE1","19.11.1974","OCGT",0.31240000000000001,58.029000000000003,51.08565941101152]
[null,null,"Yes","BNA0557a","Currenta GmbH & Co. OHG","Kraftwerk L 57",null,"01.01.1957","Coal",0.3175,19.5,51.202740157480321]
[null,null,"Yes","BNA0856","TWS Thüringer Wärme Service GmbH","HKW Schwarza",null,"01.08.1936","CCGT",0.31459999999999999,23.055,51.235410044500959]
[null,null,"Yes","BNA0017","EnBW Energie Baden-Württemberg AG","Heizkraftwerk Altbach/Deizisau","ALT GT B","01.01.1973","OCGT",0.30980000000000002,49.589999999999996,51.506003873466753]
[null,null,"Yes","BNA0574a","Statkraft Markets GmbH","Landesbergen Gas","Gasturbine","01.01.1973","OCGT",0.30980000000000002,48.72,51.506003873466753]
[null,null,"Yes","BNA1042","RWE Generation SE","Gersteinwerk","I1","01.01.1973","OCGT",0.30980000000000002,47.85,51.506003873466753]
[null,null,"Yes","BNA0016","EnBW Energie Baden-Württemberg AG","Heizkraftwerk Altbach/Deizisau","ALT GT A (Solo)","01.01.1971","OCGT",0.30459999999999998,43.5,52.368220617202894]
[null,null,"Yes","BNA0714","RWE Power AG","Fortuna Nord","Fortuna Nord","01.01.1939","Lignite",0.25359999999999999,13.05,53.368138801261843]
[null,null,"Yes","BNA0196","Mitteldeutsche Braunkohlengesellschaft mbH","Deuben",null,"09.10.1936","Lignite",0.24640000000000001,58.29,54.877922077922086]
[null,null,"Yes","BNA0137","Braunschweiger Versorgungs-AG & Co. KG","HKW-Nord","GT","10.05.1965","OCGT",0.28899999999999998,21.75,55.141038062283741]
[null,null,"Yes","BNA1397a","Ineos Manufacturing Deutschland GmbH","O10","T21","15.01.1964","OCGT",0.27600000000000002,13.484999999999999,57.69115942028985]
[null,null,"Yes","BNA1397b","Ineos Manufacturing Deutschland GmbH","O10","T22","14.04.1964","OCGT",0.27600000000000002,16.704000000000001,57.69115942028985]
[null,null,"Yes","BNA1397c","Ineos Manufacturing Deutschland GmbH","O10","T23","30.10.1963","OCGT",0.27600000000000002,13.484999999999999,57.69115942028985]
[null,null,"Yes","BNA1397d","Ineos Manufacturing Deutschland GmbH","O10","T24","15.06.1966","OCGT",0.27600000000000002,9.048,57.69115942028985]
[null,null,"Yes","BNA1397e","Ineos Manufacturing Deutschland GmbH","O10","T31","21.03.1967","OCGT",0.27600000000000002,29.231999999999999,57.69115942028985]
[null,null,"Yes","BNA0491","RWE Power AG","Ville/Berrenrath","Ville/Berrenrath","01.01.1917","Lignite",0.20080000000000001,85.26,66.954183266932276]
[null,null,"Yes","BNA1331","R.D.M. Arnsberg GmbH","Reno De Medici","HD - Kraftwerk","01.01.1923","Coal",0.23250000000000001,14.2425,69.44675268817204]
[null,null,"Yes","BNA0318","RhönEnergie Fulda GmbH","Kraftwerk Fulda",null,"01.01.2011","Oil",0.39710000000000001,21.0885,76.882145555275741]
[null,null,"Yes","BNA0894e","PCK Raffinerie GmbH","IKS PCK Schwedt","SE 4","04.09.2011","Oil",0.39710000000000001,50.15,76.882145555275741]
[null,null,"Yes","BNA0894c","PCK Raffinerie GmbH","IKS PCK Schwedt","Block 1 SE 1","04.06.1998","Oil",0.38279999999999997,90.1,79.716823406478582]
[null,null,"Yes","BNA0894d","PCK Raffinerie GmbH","IKS PCK Schwedt","Block 2 SE 2","23.07.1998","Oil",0.38279999999999997,90.1,79.716823406478582]
[null,null,"Yes","BNA1166","Kreis Weseler Abfallgesellschaft mbH & Co. KG (KWA)","Abfallentsorgungszentrum Asdonkshof","Notstromdiesel","01.04.1997","Oil",0.38169999999999998,4.08,79.943673041655757]
[null,null,"Yes","BNA0547","Shell Deutschland Oil GmbH","Shell Deutschland Oil GmbH",null,"2004","Oil",0.38,82.534999999999997,80.296842105263153]
[null,null,"Yes","BNA0596","TOTAL Raffinerie Mitteldeutschland GmbH","Raffineriekraftwerk",null,"01.01.1997","Oil",0.38,78.625,80.296842105263153]
[null,null,"Yes","BNA1083","WSW Energie & Wasser AG","Spitzenlastanlage Barmen","Block 2","2008","Oil",0.38,51,80.296842105263153]
[null,null,"Yes","BNA1280","Basell Polyolefine GmbH","Kraftwerk","D210","03.07.1962","Oil",0.38,76.5,80.296842105263153]
[null,null,"Yes","BNA0369","envia THERM GmbH","Spitzenlastkraftwerk Sermuth",null,"16.10.1995","Oil",0.3795,14.45,80.401317523056662]
[null,null,"Yes","BNA0516","MiRO Mineraloelraffinerie Oberrhein GmbH & Co. KG","MiRO","Kesselhaus Werk 1","17.06.1995","Oil",0.3795,38.25,80.401317523056662]
[null,null,"Yes","BNA0517","MiRO Mineraloelraffinerie Oberrhein GmbH & Co. KG","MiRO","Kesselhaus Werk 2","17.06.1995","Oil",0.3795,21.25,80.401317523056662]
[null,null,"Yes","BNA1293d","Martinswerk GmbH","Kraftwerk","Diesel/G5","01.02.1995","Oil",0.3795,0.64600000000000002,80.401317523056662]
[null,null,"Yes","BNA0894b","PCK Raffinerie GmbH","IKS PCK Schwedt","Block 6 SE 6","10.01.1994","Oil",0.37840000000000001,29.324999999999999,80.632135306553906]
[null,null,"Yes","BNA1337d","DS Smith Paper Deutschland GmbH","Notstromdiesel","Notstromdiesel","1991","Oil",0.37509999999999999,0.442,81.332711276992796]
[null,null,"Yes",null,"Nicht-EEG-Anlagen < 10 MW",null,null,null,"Oil",0.374,426.97950307376175,81.56898395721926]
[null,null,"Yes","BNA1212","Vereinigte Wertach-Elektrizitätswerke GmbH","DKW Nord",null,"17.11.1988","Oil",0.37180000000000002,9.69,82.045723507261968]
[null,null,"Yes","BNA0373","envia THERM GmbH","Spitzenlastkraftwerk Großkayna",null,"03.01.1994","Oil",0.3644,102,83.691547749725572]
[null,null,"Yes","BNA1007b","Allgäuer Überlandwerk GmbH","SKW Diesel","SKW Diesel","01.09.1978","Oil",0.36080000000000001,8.9249999999999989,84.516629711751662]
[null,null,"Yes","BNA1227","Vereinigte Wertach-Elektrizitätswerke GmbH","DKW Leinau",null,"05.12.1978","Oil",0.36080000000000001,9.69,84.516629711751662]
[null,null,"Yes","BNA0083","Vattenfall Wärme Berlin AG","Wilmersdorf","Wilmersdorf GT2 und GT3","01.01.1977","Oil",0.35970000000000002,156.4,84.772032249096469]
[null,null,"Yes","BNA0766","Uniper Kraftwerke GmbH ","Audorf",null,"01.01.1973","Oil",0.3553,73.95,85.809456797072897]
[null,null,"Yes","BNA0759","Uniper Kraftwerke GmbH ","Itzehoe",null,"01.01.1972","Oil",0.35420000000000001,74.8,86.072840203274978]
[null,null,"Yes","BNA0894a","PCK Raffinerie GmbH","IKS PCK Schwedt","Block 5 SE 5","27.01.1972","Oil",0.35420000000000001,23.8,86.072840203274978]
[null,null,"Yes","BNA1894","Holcim (Süddeutschland) GmbH",null,null,"20.03.2007","Other",0.33,8.6019999999999985,86.450424242424248]
[null,null,"Yes",null,"Nicht-EEG-Anlagen < 10 MW",null,null,null,"Other",0.33,477.09446849999995,86.450424242424248]
[null,null,"Yes","BNA1007a","Allgäuer Überlandwerk GmbH","SKW Gasturbine","SKW Gasturbine","17.07.1988","Oil",0.3488,20.399999999999999,87.389908256880744]
[null,null,"Yes","BNA0755a","Kraftwerk Obernburg GmbH","Obernburg",2,"01.10.1920","CCGT",0.18,34.799999999999997,88.426444444444456]
[null,null,"Yes","BNA1526","Raffinerie Heide GmbH","Kraftwerk Raffinerie Heide",null,"23.09.1962","Oil",0.34320000000000001,37.824999999999996,88.799533799533805]
[null,null,"Yes","BNA0427","Peissenberger Kraftwerksgesellschaft mbH","Kraftwerk Hausham","GT 1","01.11.1982","Oil",0.3332,19.872999999999998,91.434573829531814]
[null,null,"Yes","BNA0428","Peissenberger Kraftwerksgesellschaft mbH","Kraftwerk Hausham","GT 2","01.11.1982","Oil",0.3332,19.872999999999998,91.434573829531814]
[null,null,"Yes","BNA0429","Peissenberger Kraftwerksgesellschaft mbH","Kraftwerk Hausham","GT 3","01.11.1982","Oil",0.3332,19.872999999999998,91.434573829531814]
[null,null,"Yes","BNA0430","Peissenberger Kraftwerksgesellschaft mbH","Kraftwerk Hausham","GT 4","01.11.1982","Oil",0.3332,19.872999999999998,91.434573829531814]
[null,null,"Yes","BNA1004","EnBW Energie Baden-Württemberg AG","Kraftwerk Walheim","WAL GT D","01.01.1981","Oil",0.3306,115.6,92.145795523290985]
[null,null,"Yes","BNA1092","ENGIE Deutschland AG","Zolling","GT1 & GT2","01.01.1976","Oil",0.31759999999999999,42.5,95.876574307304793]
[null,null,"Yes","BNA0141","swb Erzeugung AG & Co. KG","KW Mittelsbüren","GT 3","01.01.1975","Oil",0.315,73.099999999999994,96.659682539682535]
[null,null,"Yes","BNA0937","EnBW Energie Baden-Württemberg AG","Restmüll-Heizkraftwerk Stuttgart-Münster","MÜN GT16","01.01.1974","Oil",0.31240000000000001,19.805,97.455825864276562]
[null,null,"Yes","BNA0938","EnBW Energie Baden-Württemberg AG","Restmüll-Heizkraftwerk Stuttgart-Münster","MÜN GT17","01.01.1974","Oil",0.31240000000000001,19.805,97.455825864276562]
[null,null,"Yes","BNA0939b","EnBW Energie Baden-Württemberg AG","Restmüll-Heizkraftwerk Stuttgart-Münster","MÜN GT18","01.01.1974","Oil",0.31240000000000001,19.805,97.455825864276562]
[null,null,"Yes","BNA1060","Uniper Kraftwerke GmbH ","Wilhelmshaven","GT","01.01.1973","Oil",0.30980000000000002,47.6,98.265332472562932]
[null,null,"Yes","BNA0222","Stadtwerke Düsseldorf AG","GT","GTKW","03.08.1972","Oil",0.30719999999999997,73.27,99.088541666666686]
[null,null,"Yes","BNA1015","Vattenfall Hamburg Wärme GmbH","Wedel","GT A","1972","Oil",0.30719999999999997,42.924999999999997,99.088541666666686]
[null,null,"Yes","BNA1016","Vattenfall Hamburg Wärme GmbH","Wedel","GT B","1972","Oil",0.30719999999999997,42.924999999999997,99.088541666666686]
[null,null,"Yes","BNA0085b","Vattenfall Wärme Berlin AG","Moabit","Moabit GT 7","30.09.1971","Oil",0.30459999999999998,28.9,99.925804333552207]
[null,null,"Yes","BNA0662b","Evonik Degussa GmbH","Kraftwerk I","Dampfwirtschaft (6 Einzelturbinen)","12.08.1940","Other",0.27,143.922,105.4394074074074]

{"sheet":"Hilfssheet Abbildung","index":10,"n_rows":26,"n_cols":9,"rows_kept":26,"cut":false,"hidden":true,"merged":[]}
[]
[null,null,"Waste","Nuclear","Lignite","Coal","CCGT","OCGT","Oil"]
[null,"Minimalwert",{"$f":"MIN(IF('Power Plant List'!$O$11:$O$555='Hilfssheet Abbildung'!C2,'Power Plant List'!$W$11:$W$555,\"fail\"))","v":1},{"$f":"MIN(IF('Power Plant List'!$O$11:$O$555='Hilfssheet Abbildung'!D2,'Power Plant List'!$W$11:$W$555,\"fail\"))","v":17.866666666666664},{"$f":"MIN(IF('Power Plant List'!$O$11:$O$555='Hilfssheet Abbildung'!E2,'Power Plant List'!$W$11:$W$555,\"fail\"))","v":31.919188191881918},{"$f":"MIN(IF('Power Plant List'!$O$11:$O$555='Hilfssheet Abbildung'!F2,'Power Plant List'!$W$11:$W$555,\"fail\"))","v":32.73674603174603},{"$f":"MIN(IF('Power Plant List'!$O$11:$O$555='Hilfssheet Abbildung'!G2,'Power Plant List'!$W$11:$W$555,\"fail\"))","v":27.066601307189543},{"$f":"MIN(IF('Power Plant List'!$O$11:$O$555='Hilfssheet Abbildung'!H2,'Power Plant List'!$W$11:$W$555,\"fail\"))","v":38.576272814601346},{"$f":"MIN(IF('Power Plant List'!$O$11:$O$555='Hilfssheet Abbildung'!I2,'Power Plant List'!$W$11:$W$555,\"fail\"))","v":76.882145555275741}]
[null,"erstes Quartil",{"$f":"_xlfn.QUARTILE.INC(IF('Power Plant List'!$O$11:$O$555='Hilfssheet Abbildung'!C2,'Power Plant List'!$W$11:$W$555,\"fail\"),1)","v":1},{"$f":"_xlfn.QUARTILE.INC(IF('Power Plant List'!$O$11:$O$555='Hilfssheet Abbildung'!D2,'Power Plant List'!$W$11:$W$555,\"fail\"),1)","v":17.866666666666664},{"$f":"_xlfn.QUARTILE.INC(IF('Power Plant List'!$O$11:$O$555='Hilfssheet Abbildung'!E2,'Power Plant List'!$W$11:$W$555,\"fail\"),1)","v":34.556465995975856},{"$f":"_xlfn.QUARTILE.INC(IF('Power Plant List'!$O$11:$O$555='Hilfssheet Abbildung'!F2,'Power Plant List'!$W$11:$W$555,\"fail\"),1)","v":36.607505152079455},{"$f":"_xlfn.QUARTILE.INC(IF('Power Plant List'!$O$11:$O$555='Hilfssheet Abbildung'!G2,'Power Plant List'!$W$11:$W$555,\"fail\"),1)","v":31.735285024154592},{"$f":"_xlfn.QUARTILE.INC(IF('Power Plant List'!$O$11:$O$555='Hilfssheet Abbildung'!H2,'Power Plant List'!$W$11:$W$555,\"fail\"),1)","v":42.459353471118177},{"$f":"_xlfn.QUARTILE.INC(IF('Power Plant List'!$O$11:$O$555='Hilfssheet Abbildung'!I2,'Power Plant List'!$W$11:$W$555,\"fail\"),1)","v":80.401317523056662}]
[null,"Median",{"$f":"_xlfn.QUARTILE.INC(IF('Power Plant List'!$O$11:$O$555='Hilfssheet Abbildung'!C2,'Power Plant List'!$W$11:$W$555,\"fail\"),2)","v":1},{"$f":"_xlfn.QUARTILE.INC(IF('Power Plant List'!$O$11:$O$555='Hilfssheet Abbildung'!D2,'Power Plant List'!$W$11:$W$555,\"fail\"),2)","v":17.866666666666664},{"$f":"_xlfn.QUARTILE.INC(IF('Power Plant List'!$O$11:$O$555='Hilfssheet Abbildung'!E2,'Power Plant List'!$W$11:$W$555,\"fail\"),2)","v":35.680912863070546},{"$f":"_xlfn.QUARTILE.INC(IF('Power Plant List'!$O$11:$O$555='Hilfssheet Abbildung'!F2,'Power Plant List'!$W$11:$W$555,\"fail\"),2)","v":40.42128395061728},{"$f":"_xlfn.QUARTILE.INC(IF('Power Plant List'!$O$11:$O$555='Hilfssheet Abbildung'!G2,'Power Plant List'!$W$11:$W$555,\"fail\"),2)","v":40.25838493931137},{"$f":"_xlfn.QUARTILE.INC(IF('Power Plant List'!$O$11:$O$555='Hilfssheet Abbildung'!H2,'Power Plant List'!$W$11:$W$555,\"fail\"),2)","v":44.560022271714928},{"$f":"_xlfn.QUARTILE.INC(IF('Power Plant List'!$O$11:$O$555='Hilfssheet Abbildung'!I2,'Power Plant List'!$W$11:$W$555,\"fail\"),2)","v":84.772032249096469}]
[null,"Drittes Quartil",{"$f":"_xlfn.QUARTILE.INC(IF('Power Plant List'!$O$11:$O$555='Hilfssheet Abbildung'!C2,'Power Plant List'!$W$11:$W$555,\"fail\"),3)","v":1},{"$f":"_xlfn.QUARTILE.INC(IF('Power Plant List'!$O$11:$O$555='Hilfssheet Abbildung'!D2,'Power Plant List'!$W$11:$W$555,\"fail\"),3)","v":17.866666666666664},{"$f":"_xlfn.QUARTILE.INC(IF('Power Plant List'!$O$11:$O$555='Hilfssheet Abbildung'!E2,'Power Plant List'!$W$11:$W$555,\"fail\"),3)","v":40.238352941176473},{"$f":"_xlfn.QUARTILE.INC(IF('Power Plant List'!$O$11:$O$555='Hilfssheet Abbildung'!F2,'Power Plant List'!$W$11:$W$555,\"fail\"),3)","v":42.320805027230833},{"$f":"_xlfn.QUARTILE.INC(IF('Power Plant List'!$O$11:$O$555='Hilfssheet Abbildung'!G2,'Power Plant List'!$W$11:$W$555,\"fail\"),3)","v":42.492297615928749},{"$f":"_xlfn.QUARTILE.INC(IF('Power Plant List'!$O$11:$O$555='Hilfssheet Abbildung'!H2,'Power Plant List'!$W$11:$W$555,\"fail\"),3)","v":51.506003873466753},{"$f":"_xlfn.QUARTILE.INC(IF('Power Plant List'!$O$11:$O$555='Hilfssheet Abbildung'!I2,'Power Plant List'!$W$11:$W$555,\"fail\"),3)","v":92.145795523290985}]
[null,"Maximalwert",{"$f":"MAX(IF('Power Plant List'!$O$11:$O$555='Hilfssheet Abbildung'!C2,'Power Plant List'!$W$11:$W$555,\"fail\"))","v":1},{"$f":"MAX(IF('Power Plant List'!$O$11:$O$555='Hilfssheet Abbildung'!D2,'Power Plant List'!$W$11:$W$555,\"fail\"))","v":17.866666666666664},{"$f":"MAX(IF('Power Plant List'!$O$11:$O$555='Hilfssheet Abbildung'!E2,'Power Plant List'!$W$11:$W$555,\"fail\"))","v":66.954183266932276},{"$f":"MAX(IF('Power Plant List'!$O$11:$O$555='Hilfssheet Abbildung'!F2,'Power Plant List'!$W$11:$W$555,\"fail\"))","v":69.44675268817204},{"$f":"MAX(IF('Power Plant List'!$O$11:$O$555='Hilfssheet Abbildung'!G2,'Power Plant List'!$W$11:$W$555,\"fail\"))","v":88.426444444444456},{"$f":"MAX(IF('Power Plant List'!$O$11:$O$555='Hilfssheet Abbildung'!H2,'Power Plant List'!$W$11:$W$555,\"fail\"))","v":57.69115942028985},{"$f":"MAX(IF('Power Plant List'!$O$11:$O$555='Hilfssheet Abbildung'!I2,'Power Plant List'!$W$11:$W$555,\"fail\"))","v":99.925804333552207}]
[]
[]
[null,null,"Waste","Nuclear","Lignite","Coal","CCGT","OCGT","Oil"]
[null,"Q1-Minimum",null,null,{"$f":"E4-E3","v":2.6372778040939373},{"$f":"F4-F3","v":3.8707591203334246},{"$f":"G4-G3","v":4.6686837169650488},{"$f":"H4-H3","v":3.8830806565168317},{"$f":"I4-I3","v":3.5191719677809203}]
[null,"Q1",{"$f":"C4","v":1},17.866666666666664,34.556465995975856,36.607505152079455,31.735285024154592,42.459353471118177,80.401317523056662]
[null,"Median-Q1",{"$f":"C5-C4+0.1","v":0.1},{"$f":"D5-D4+0.1","v":0.1},{"$f":"E5-E4","v":1.1244468670946901},3.8137787985378253,8.5230999151567772,2.1006688005967504,4.3707147260398074]
[null,"Q3-Median",{"$f":"C6-C5+0.1","v":0.1},{"$f":"D6-D5+0.1","v":0.1},4.5574400781059268,1.8995210766135529,2.2339126766173791,6.945981601751825,7.3737632741945163]
[null,"Maximum-Q3",null,null,26.715830325755803,27.125947660941208,45.934146828515708,6.185155546823097,7.7800088102612222]
[]
[]
[null,{"$f":"'Power Plant List'!C10","v":"Included in the Merit Order?"},{"$f":"'Power Plant List'!N10","v":"Assumed Primary Source of Energy"},{"$f":"'Power Plant List'!O10","v":"Power Plant Type Assignment"}]
[null,"Yes","Waste","Waste"]
[null,"No","Nuclear","Nuclear"]
[null,null,"Lignite","Lignite"]
[null,null,"Coal","Coal"]
[null,null,"Gas","CCGT"]
[null,null,"Oil","OCGT"]
[null,null,"Other","Oil"]
[null,null,null,"Other"]